(3712,8,23,378,4,'replaced divider line with card, fixed some UI issues.',9,'2023-01-01',2023,1,52,'2023-01-01 12:10:11','2023-01-01 12:10:11'),(3713,8,7,978,0.25,'Changed primary color',9,'2022-12-21',2022,12,51,'2023-01-02 04:34:23','2023-01-02 04:34:23'),(3714,8,7,978,1.75,'Resolved applied offers response parsing issues and blocked admin login.',9,'2022-12-21',2022,12,51,'2023-01-02 04:35:18','2023-01-02 04:35:18'),(3715,8,7,978,0.5,'Testing.',10,'2022-12-21',2022,12,51,'2023-01-02 04:35:32','2023-01-02 04:35:32'),(3716,8,7,978,0.5,'Payment schedule text color changes',9,'2022-12-21',2022,12,51,'2023-01-02 04:36:09','2023-01-02 04:36:09'),(3717,8,7,978,0.5,'Add payment button show/hide implementation.',9,'2022-12-21',2022,12,51,'2023-01-02 04:37:04','2023-01-02 04:37:04'),(3718,8,7,978,1.25,'Added text box for city and state if country is not US',9,'2022-12-21',2022,12,51,'2023-01-02 04:37:39','2023-01-02 04:37:39'),(3719,8,7,978,1.25,'Fixed multi role user login bug.',9,'2022-12-22',2022,12,51,'2023-01-02 04:38:15','2023-01-02 04:38:15'),(3720,8,7,978,0.5,'Testing',10,'2022-12-22',2022,12,51,'2023-01-02 04:38:34','2023-01-02 04:38:34'),(3721,8,7,978,2.25,'Add payment file and input bug fixes.',9,'2022-12-22',2022,12,51,'2023-01-02 04:39:56','2023-01-02 04:39:56'),(3722,8,7,978,0.25,'Removed user email row from profile page.',9,'2022-12-22',2022,12,51,'2023-01-02 04:40:29','2023-01-02 04:40:29'),(3723,8,7,978,2.25,'Learning about pie-chart creation using fl_chart package.',11,'2022-12-23',2022,12,51,'2023-01-02 04:41:58','2023-01-02 04:41:58'),(3724,8,7,978,2.25,'Pie chart creation using fl_chart package.',9,'2022-12-23',2022,12,51,'2023-01-02 04:42:25','2023-01-02 04:42:25'),(3725,8,7,978,1,'Added indicators for pie-chart.',9,'2022-12-23',2022,12,51,'2023-01-02 04:43:35','2023-01-02 04:46:27'),(3726,8,7,978,0.5,'Pie-chart radius and on selection ui changes.',9,'2022-12-23',2022,12,51,'2023-01-02 04:44:39','2023-01-02 04:44:39'),(3727,8,7,978,1.25,'Floating overlay creation to show details of selected pie-chart\'s slide.',9,'2022-12-23',2022,12,51,'2023-01-02 04:46:13','2023-01-02 04:46:35'),(3728,8,7,978,1.25,'Added snack-bar to show details of selected pie-chart\'s slide.',9,'2022-12-24',2022,12,51,'2023-01-02 04:47:34','2023-01-02 04:47:34'),(3729,8,7,978,1,'Added extra colors in pie-chart\'s color-list.',9,'2022-12-26',2022,12,52,'2023-01-02 04:48:15','2023-01-02 04:48:15'),(3730,8,7,978,1.25,'Added download payment receipt option for payments.',9,'2022-12-26',2022,12,52,'2023-01-02 04:49:26','2023-01-02 04:49:26'),(3731,8,7,978,2.25,'Added delete option for pending payments and testing.',9,'2022-12-26',2022,12,52,'2023-01-02 04:50:06','2023-01-02 04:50:06'),(3732,8,7,978,1.25,'Created upsert widget for payment add and edit.',9,'2022-12-27',2022,12,52,'2023-01-02 04:51:12','2023-01-02 04:51:12'),(3733,8,7,978,1.25,'Upsert payment data passing for edit option and some data input and validation fixes.',9,'2022-12-27',2022,12,52,'2023-01-02 04:53:26','2023-01-02 04:53:26'),(3734,8,7,978,2.75,'Implemented payment edit option and testing.',9,'2022-12-27',2022,12,52,'2023-01-02 04:53:55','2023-01-02 04:53:55'),(3735,8,7,978,1.75,'Fixed payment data reloading and and auto amount filling changes.',9,'2022-12-28',2022,12,52,'2023-01-02 04:54:28','2023-01-02 04:54:28'),(3736,8,7,978,1.5,'Implemented thousand separator for amount input and some UI changes.',9,'2022-12-28',2022,12,52,'2023-01-02 04:55:49','2023-01-02 04:55:49'),(3737,8,7,978,0.5,'login page UI changes',9,'2022-12-28',2022,12,52,'2023-01-02 04:56:21','2023-01-02 04:56:21'),(3738,8,7,978,2.75,'Fixed unauthorized bug and redirection.',9,'2022-12-28',2022,12,52,'2023-01-02 04:56:52','2023-01-02 04:56:52'),(3739,8,7,978,0.75,'Testing.',10,'2022-12-28',2022,12,52,'2023-01-02 04:57:10','2023-01-02 04:57:10'),(3740,8,7,978,0.75,'Removed colons from labels.',9,'2022-12-28',2022,12,52,'2023-01-02 04:57:39','2023-01-02 04:57:39'),(3741,8,7,978,0.75,'Fixed primary beneficiary legal name update issue.',9,'2022-12-28',2022,12,52,'2023-01-02 04:58:11','2023-01-02 04:58:11'),(3742,8,7,978,1.5,'Resolved document download bug.',9,'2022-12-29',2022,12,52,'2023-01-02 04:58:58','2023-01-02 04:58:58'),(3743,8,7,978,0.5,'Payment detail dialog Ui and deadline exception changes.',9,'2022-12-29',2022,12,52,'2023-01-02 05:00:02','2023-01-02 05:00:02'),(3744,8,7,978,0.75,'Equity increase smart refresher bug fixed.',9,'2022-12-29',2022,12,52,'2023-01-02 05:00:38','2023-01-02 05:00:38'),(3745,8,7,978,1,'Implemented offer reloading after apply.',9,'2022-12-29',2022,12,52,'2023-01-02 05:01:45','2023-01-02 05:01:45'),(3746,8,7,978,2.25,'Document download prefix changes and bug fixes for offer\'s documents.',9,'2022-12-29',2022,12,52,'2023-01-02 05:02:41','2023-01-02 05:02:41'),(3747,8,7,978,1.5,'UI changes and fixed offer apply page bugs.',9,'2022-12-29',2022,12,52,'2023-01-02 05:03:18','2023-01-02 05:03:18'),(3748,8,7,978,2,'Changed card view to container separated with line for list view in dashboard, increase equity and document section.',9,'2022-12-30',2022,12,52,'2023-01-02 05:05:51','2023-01-02 05:05:51'),(3749,8,7,978,2.25,'Added monthly detail page for YTM cash distribution.',9,'2022-12-30',2022,12,52,'2023-01-02 05:06:35','2023-01-02 05:06:35'),(3750,8,7,978,1.75,'Investment page UI changes.',9,'2022-12-30',2022,12,52,'2023-01-02 05:07:18','2023-01-02 05:07:18'),(3751,8,7,978,0.5,'Document page list view UI changes.',9,'2022-12-30',2022,12,52,'2023-01-02 05:07:47','2023-01-02 05:07:47'),(3752,8,7,978,0.5,'Fixed selected country bug in update profile',9,'2022-12-31',2022,12,52,'2023-01-02 05:08:15','2023-01-02 05:08:15'),(3753,8,7,978,1.25,'Re-added state and city text box for other countries in update profile page. and testing.',9,'2022-12-31',2022,12,52,'2023-01-02 05:09:00','2023-01-02 05:09:00'),(3754,4,6,770,1.5,'Code review and bug fixes',9,'2023-01-02',2023,1,1,'2023-01-02 05:41:44','2023-01-02 05:41:44'),(3755,4,6,770,0.5,'Refactored offer controller',9,'2023-01-02',2023,1,1,'2023-01-02 06:48:05','2023-01-02 06:48:05'),(3756,4,13,939,2,'Block email and alert for disabled templates ',9,'2022-12-29',2022,12,52,'2023-01-02 07:44:37','2023-01-02 07:44:37'),(3757,4,13,939,2,'Block email and alert for disabled templates ',9,'2022-12-29',2022,12,52,'2023-01-02 07:44:45','2023-01-02 07:44:45'),(3758,4,13,939,2,'Block email and alert for disabled templates ',9,'2022-12-29',2022,12,52,'2023-01-02 07:44:55','2023-01-02 07:44:55'),(3759,4,13,939,2,'Block email and alert for disabled templates ',9,'2022-12-29',2022,12,52,'2023-01-02 07:45:08','2023-01-02 07:45:08'),(3760,4,13,939,2,'Block email and alert for disabled templates testing',9,'2022-12-30',2022,12,52,'2023-01-02 07:45:52','2023-01-02 07:45:52'),(3761,4,13,939,2,'Block email and alert for disabled templates testing',9,'2022-12-30',2022,12,52,'2023-01-02 07:46:05','2023-01-02 07:46:05'),(3762,4,13,939,2,'Block email and alert for disabled templates testing and solving error ',9,'2022-12-30',2022,12,52,'2023-01-02 07:46:20','2023-01-02 07:46:20'),(3763,4,13,939,2,'Block email and alert for disabled templates testing and error solving',9,'2022-12-30',2022,12,52,'2023-01-02 07:46:39','2023-01-02 07:46:39'),(3764,4,6,766,2,'adding migration and get ownerships api changes',9,'2023-01-02',2023,1,1,'2023-01-02 09:41:15','2023-01-02 09:41:15'),(3765,4,6,766,1,'UI changes related to ownership tab and form',9,'2023-01-02',2023,1,1,'2023-01-02 11:53:04','2023-01-02 11:53:04'),(3766,4,6,979,0.5,'Fixed secondary holder is able to take actions',9,'2023-01-02',2023,1,1,'2023-01-02 11:55:11','2023-01-02 11:55:11'),(3767,4,6,980,0.5,'Fixed joint account name is not updating correctly on reject status',9,'2023-01-02',2023,1,1,'2023-01-02 11:55:57','2023-01-02 11:55:57'),(3768,4,14,787,2,'Changes in applied offer card and carousel',9,'2023-01-02',2023,1,1,'2023-01-02 11:56:45','2023-01-02 11:56:45'),(3769,4,14,787,2,'Changes in offer details page and property cards',9,'2023-01-02',2023,1,1,'2023-01-02 11:57:19','2023-01-02 11:57:19'),(3770,4,14,787,2,'Changes in documents and investments card and carousel',9,'2023-01-02',2023,1,1,'2023-01-02 11:57:59','2023-01-02 11:57:59'),(3771,4,6,981,1,'Fixed marketplace seller is not able to sell',9,'2023-01-02',2023,1,1,'2023-01-02 13:12:46','2023-01-02 13:12:46'),(3772,4,6,979,0.5,'Front end code cleanup',9,'2023-01-02',2023,1,1,'2023-01-02 13:13:24','2023-01-02 13:13:24'),(3773,4,6,770,0.5,'Code fixes',9,'2023-01-02',2023,1,1,'2023-01-02 13:13:53','2023-01-02 13:13:53'),(3774,4,8,968,2,'Adjusted the width of tenant and cam table',9,'2023-01-02',2023,1,1,'2023-01-03 04:30:39','2023-01-03 04:30:39'),(3775,4,8,968,1,'Added lease to tenant model',9,'2023-01-02',2023,1,1,'2023-01-03 04:31:19','2023-01-03 04:31:19'),(3776,4,8,968,1.5,'Showed tenant and cam in tab form',9,'2023-01-02',2023,1,1,'2023-01-03 04:32:27','2023-01-03 04:32:56'),(3777,4,6,868,0.75,'Discussing ownership percentage cases with QA team',11,'2023-01-03',2023,1,1,'2023-01-03 04:41:23','2023-01-03 04:41:23'),(3778,4,11,369,0.75,'ownership percenatge ticket discussion',10,'2023-01-03',2023,1,1,'2023-01-03 05:01:50','2023-01-03 05:01:50'),(3779,4,13,984,2,'Add bank name, account number, achrouting number, wire routing number filed on offer detail  ',9,'2023-01-02',2023,1,1,'2023-01-03 06:34:13','2023-01-03 06:35:07'),(3780,4,13,984,2,'Add bank name, account number, achrouting number, wire routing number filed on offer edit detail ',9,'2023-01-02',2023,1,1,'2023-01-03 06:34:34','2023-01-03 06:35:12'),(3781,4,13,984,1,'Add migration & update database ',9,'2023-01-02',2023,1,1,'2023-01-03 06:34:49','2023-01-03 06:35:16'),(3782,4,13,984,2,'Add bank name, account number, achrouting number, wire routing number filed on offer detail on investor side ',9,'2023-01-02',2023,1,1,'2023-01-03 06:35:47','2023-01-03 06:36:32'),(3783,4,13,984,1,'Testing bank name, account number, achrouting number, wire routing number filed on offer detail  ',9,'2023-01-02',2023,1,1,'2023-01-03 06:36:06','2023-01-03 06:36:24'),(3784,4,6,766,1.5,'Worked on update ownership percentage api',9,'2023-01-03',2023,1,1,'2023-01-03 06:46:49','2023-01-03 06:46:49'),(3785,4,6,766,1,'UI changes',9,'2023-01-03',2023,1,1,'2023-01-03 09:23:20','2023-01-03 09:23:20'),(3786,4,6,766,1,'Unit testing and upsert api fixes',9,'2023-01-03',2023,1,1,'2023-01-03 09:24:31','2023-01-03 09:24:31'),(3787,4,6,986,0.5,'Fixed todo status is not getting update',9,'2023-01-03',2023,1,1,'2023-01-03 10:23:54','2023-01-03 10:23:54'),(3788,4,6,985,0.5,'Fixed unable sign the change contract',9,'2023-01-03',2023,1,1,'2023-01-03 10:24:33','2023-01-03 10:24:33'),(3789,4,6,983,0.5,'Fixed document e-sign todo status is not getting updated on rejection',9,'2023-01-03',2023,1,1,'2023-01-03 10:31:50','2023-01-03 10:31:50'),(3790,4,6,982,0.15,'Fixed investor is not able to delete entity',9,'2023-01-03',2023,1,1,'2023-01-03 10:33:02','2023-01-03 10:33:02'),(3791,4,13,987,1,'Add idle time out mobile entity, add configuration & run migration ',9,'2023-01-03',2023,1,1,'2023-01-03 10:44:55','2023-01-03 10:44:55'),(3792,4,13,987,2,'Create idle timeout mobile filed on edit and add for user role ',9,'2023-01-03',2023,1,1,'2023-01-03 10:45:38','2023-01-03 10:45:38'),(3793,4,13,987,1,'Testing ',9,'2023-01-03',2023,1,1,'2023-01-03 10:45:45','2023-01-03 10:45:45'),(3794,16,14,956,2,'Created available and applied offer screen',8,'2023-01-03',2023,1,1,'2023-01-03 11:01:21','2023-01-19 11:25:49'),(3795,16,14,956,2,'Created Offer details and investment screen',8,'2023-01-03',2023,1,1,'2023-01-03 11:01:49','2023-01-19 11:25:43'),(3796,16,14,956,2,'Created Subscription details screen and search some content',8,'2023-01-03',2023,1,1,'2023-01-03 11:02:53','2023-01-19 11:25:38'),(3797,4,8,968,2,'Added respective cam while adding new tenant.',9,'2023-01-03',2023,1,1,'2023-01-03 11:04:44','2023-01-03 11:04:44'),(3798,4,8,968,1,'updated architecture and models',9,'2023-01-03',2023,1,1,'2023-01-03 11:06:33','2023-01-03 11:06:33'),(3799,4,8,968,0.5,'Removed unwanted validations and enabled editing tenant.',9,'2023-01-03',2023,1,1,'2023-01-03 11:08:27','2023-01-03 11:08:27'),(3800,4,8,968,0.5,'Code cleanup',9,'2023-01-03',2023,1,1,'2023-01-03 11:08:44','2023-01-03 11:08:44'),(3801,4,8,968,1,'Enabled adding and deleting leases to tenant model. Updated lease dialog ui.',9,'2023-01-03',2023,1,1,'2023-01-03 11:11:29','2023-01-03 11:11:29'),(3802,16,14,956,2,'Created screen for e sign ',8,'2023-01-03',2023,1,1,'2023-01-03 12:04:40','2023-01-19 11:25:31'),(3803,4,6,766,1.5,'Analyzing dashboard queries to enhance for ownership %',9,'2023-01-03',2023,1,1,'2023-01-03 12:05:04','2023-01-03 12:05:04'),(3804,4,8,968,0.5,'Enabled edit cam & created confirmation dialog for deleting tenant',9,'2023-01-03',2023,1,1,'2023-01-03 12:11:49','2023-01-03 12:11:49'),(3805,4,13,939,1,'New marketplaces sell request error fix ',9,'2023-01-03',2023,1,1,'2023-01-03 12:28:44','2023-01-03 12:28:44'),(3806,15,13,792,2,'Study bootstrap row container & col class',9,'2023-01-03',2023,1,1,'2023-01-03 12:29:26','2023-01-03 12:29:26'),(3807,4,6,766,0.5,'Original equity dashboard tile api changes',9,'2023-01-03',2023,1,1,'2023-01-03 12:47:42','2023-01-03 12:47:58'),(3808,4,11,766,2,'Corporate percentage ownership test case creation',10,'2023-01-03',2023,1,1,'2023-01-03 12:54:12','2023-01-04 04:55:25'),(3809,15,13,792,1,'Study pipes & http client in angular ',9,'2023-01-03',2023,1,1,'2023-01-03 12:55:08','2023-01-03 12:55:08'),(3810,4,11,984,2,'Bank account as per offer creation test cases review and added new cases',10,'2023-01-03',2023,1,1,'2023-01-03 12:55:15','2023-01-04 04:56:17'),(3811,4,11,369,2,'Testing of old cases verified and assigned all the cases',10,'2023-01-03',2023,1,1,'2023-01-03 12:55:45','2023-01-03 12:55:45'),(3812,4,11,939,1,'Testing of To-do and PPM case marketplace enable disable template testing',10,'2023-01-03',2023,1,1,'2023-01-03 12:57:45','2023-01-04 04:58:26'),(3813,8,23,378,1,'Code review and testing',12,'2023-01-02',2023,1,1,'2023-01-03 13:58:44','2023-01-03 13:58:44'),(3814,4,11,984,2,'Testing of bank details on offer creation and reported the issues',10,'2023-01-04',2023,1,1,'2023-01-04 05:52:53','2023-01-04 05:52:53'),(3815,4,6,993,0.5,'Fixed primary investor is not have any actions',9,'2023-01-04',2023,1,1,'2023-01-04 07:35:40','2023-01-04 07:35:40'),(3816,4,6,994,0.5,'Fixed cc and alert is not visible to secondary holder',9,'2023-01-04',2023,1,1,'2023-01-04 07:39:11','2023-01-04 07:39:11'),(3817,4,6,995,0.5,'Fixed not able to select the class',9,'2023-01-04',2023,1,1,'2023-01-04 07:40:29','2023-01-04 07:40:29'),(3818,4,6,996,1.5,'Fixed PPM doc and pdf service that produces blank pages',9,'2023-01-04',2023,1,1,'2023-01-04 07:42:15','2023-01-04 07:42:15'),(3819,16,14,956,2,'Created offers applied and available screen ',8,'2023-01-04',2023,1,1,'2023-01-04 10:26:31','2023-01-19 11:25:03'),(3820,16,14,956,2,'Created invest and e sign screen',8,'2023-01-04',2023,1,1,'2023-01-04 10:27:01','2023-01-19 11:24:43'),(3821,16,14,956,2,'Created screens for communication view',8,'2023-01-04',2023,1,1,'2023-01-04 10:27:47','2023-01-19 11:24:34'),(3822,4,6,766,1.5,'Dashboard query optimization for ownership %',9,'2023-01-04',2023,1,1,'2023-01-04 11:32:02','2023-01-04 11:32:02'),(3823,4,6,770,1.5,'Code review and clean up',9,'2023-01-04',2023,1,1,'2023-01-04 11:33:43','2023-01-04 11:33:43'),(3824,4,11,787,2,'Test case creation',10,'2023-01-04',2023,1,1,'2023-01-04 12:16:30','2023-01-04 12:16:30'),(3825,4,11,939,2,'Testing of marketplace enable disable template',10,'2023-01-04',2023,1,1,'2023-01-04 12:32:49','2023-01-04 12:32:49'),(3826,4,11,787,2,'Portal UI testing',10,'2023-01-04',2023,1,1,'2023-01-04 12:34:34','2023-01-04 12:34:34'),(3827,4,13,1004,2,'Bug fix',9,'2023-01-04',2023,1,1,'2023-01-04 12:56:38','2023-01-04 12:56:38'),(3828,4,13,1000,1,'Bug fix ',9,'2023-01-04',2023,1,1,'2023-01-04 12:57:17','2023-01-04 12:57:17'),(3829,4,13,991,0.5,'Add validation & capital achrouting number',9,'2023-01-04',2023,1,1,'2023-01-04 12:58:03','2023-01-04 12:58:03'),(3830,4,13,939,2,'Bug fix ',9,'2023-01-04',2023,1,1,'2023-01-04 12:58:51','2023-01-04 12:58:51'),(3831,4,13,939,1.75,'Marketplace testing ',9,'2023-01-04',2023,1,1,'2023-01-04 12:59:11','2023-01-04 12:59:11'),(3832,4,13,1004,0.75,'marketplace bid available, bid approve, bid reject testing ',9,'2023-01-04',2023,1,1,'2023-01-04 13:00:27','2023-01-04 13:00:27'),(3833,16,14,956,2,'Formatting in all screen',8,'2023-01-04',2023,1,1,'2023-01-04 13:03:45','2023-01-04 13:03:45'),(3834,27,28,1019,2,'Investor code review',12,'2023-01-05',2023,1,1,'2023-01-05 09:04:26','2023-01-05 09:04:26'),(3837,27,28,1023,2,'It is an alternative package to the Shared Preferences package',12,'2023-01-05',2023,1,1,'2023-01-05 10:22:19','2023-01-12 02:00:37'),(3838,27,28,1020,2,'investor login using bloc ',12,'2023-01-05',2023,1,1,'2023-01-05 10:30:07','2023-01-12 02:00:25'),(3839,4,13,1024,1,'Add created by field in notes ',9,'2023-01-05',2023,1,1,'2023-01-05 10:32:26','2023-01-05 10:32:26'),(3840,27,28,1025,2,'Investor- forget password code review using bloc',12,'2023-01-05',2023,1,1,'2023-01-05 10:47:45','2023-01-12 01:59:52'),(3841,4,14,868,2,'Fix some applied offer and offer details ui problems',9,'2023-01-05',2023,1,1,'2023-01-05 10:58:54','2023-01-05 10:58:54'),(3842,4,14,868,2,'Css book review',12,'2023-01-05',2023,1,1,'2023-01-05 11:02:37','2023-01-05 11:02:37'),(3843,4,14,868,2,'Css book review',12,'2023-01-05',2023,1,1,'2023-01-05 11:02:50','2023-01-05 11:02:50'),(3844,27,28,1028,2,'flutter Overlay widget',12,'2023-01-05',2023,1,1,'2023-01-05 11:19:47','2023-01-12 02:00:04'),(3845,8,24,997,2,'Retest Property details on mobile application.',10,'2023-01-05',2023,1,1,'2023-01-05 11:43:06','2023-01-12 11:48:47'),(3846,8,24,1027,2,'Test the offer applied page on mobile application.',10,'2023-01-05',2023,1,1,'2023-01-05 11:57:46','2023-01-10 11:45:09'),(3847,8,11,1015,2,'Mobile app User profile and offer details testing',10,'2023-01-05',2023,1,1,'2023-01-05 11:58:23','2023-01-05 11:58:23'),(3848,4,8,1008,0.75,'If admin approves, reject or delete joint account holder, to-do gets completed.',9,'2023-01-05',2023,1,1,'2023-01-05 12:25:15','2023-01-05 12:25:15'),(3849,4,8,1030,0.5,'Inserted link for \'Click here for next step\' in payment reminder communication',9,'2023-01-05',2023,1,1,'2023-01-05 12:27:07','2023-01-05 12:27:07'),(3850,4,13,1030,1,'Add pop-up for add payment from communication and todo ',9,'2023-01-05',2023,1,1,'2023-01-05 12:27:10','2023-01-05 12:27:10'),(3851,4,13,1030,0.5,'Testing ',9,'2023-01-05',2023,1,1,'2023-01-05 12:27:18','2023-01-05 12:27:18'),(3852,8,24,1001,2,' Verify the Original equity, Current equity, and Properties area(sqft) displaying the decimal value on the dashboard.',10,'2023-01-05',2023,1,1,'2023-01-05 12:27:51','2023-01-12 11:49:43'),(3853,4,13,868,0.5,'Change delete button ',9,'2023-01-05',2023,1,1,'2023-01-05 12:29:02','2023-01-05 12:29:02'),(3854,8,24,1002,2,' Verify the Available and applied Offers details- Pi-chart, offer size, and invested amount Bug.',10,'2023-01-05',2023,1,1,'2023-01-05 12:29:27','2023-01-10 11:46:00'),(3855,15,13,792,2,'Study http client and @view child ',9,'2023-01-05',2023,1,1,'2023-01-05 12:29:46','2023-01-05 12:29:46'),(3856,8,24,1005,2,'Retest investors applied for offer details on a mobile application.',10,'2023-01-06',2023,1,1,'2023-01-05 12:31:48','2023-01-12 11:52:35'),(3857,16,14,956,2,'Watch import and export figma lecture  and practice',8,'2023-01-05',2023,1,1,'2023-01-05 12:32:24','2023-01-05 12:32:24'),(3858,15,13,792,2,'Study http client and @view child ',9,'2023-01-05',2023,1,1,'2023-01-05 12:32:50','2023-01-05 12:32:50'),(3859,4,8,989,2,'Navigation for payment reminder, ppm e-sign pending, ac e-sign pending.',9,'2023-01-05',2023,1,1,'2023-01-05 12:35:09','2023-01-05 12:35:09'),(3860,27,28,1031,2,'Dashboard screen property code review ',12,'2023-01-05',2023,1,1,'2023-01-05 12:59:57','2023-01-12 01:59:33'),(3861,27,28,1019,2,'Investor-Dashboard-property, Original Equity, Current Equity , Cash Distribution  Expansion Panel List code review ',12,'2023-01-05',2023,1,1,'2023-01-05 13:05:18','2023-01-05 13:05:18'),(3862,4,11,1024,2,'Testing of assignment change admin notes and joint account TO-DO',10,'2023-01-05',2023,1,1,'2023-01-06 05:01:34','2023-01-06 05:01:45'),(3863,4,11,989,2,'Test cases creation of alerts emails',10,'2023-01-05',2023,1,1,'2023-01-06 05:05:59','2023-01-06 05:05:59'),(3864,4,11,989,1,'Test case creation of alerts and emails',10,'2023-01-06',2023,1,1,'2023-01-06 05:06:31','2023-01-06 05:06:31'),(3865,8,11,1018,2,'Offer details functionality testing',10,'2023-01-06',2023,1,1,'2023-01-06 05:08:27','2023-01-06 05:08:27'),(3866,27,28,1032,2,'stop unnecessary  circular progress indicator ',9,'2023-01-06',2023,1,1,'2023-01-06 05:30:16','2023-01-06 09:06:02'),(3867,8,7,1012,0.5,'Aligned property name and percent ROI in front of titles.',9,'2023-01-06',2023,1,1,'2023-01-06 06:36:39','2023-01-06 06:36:39'),(3868,27,28,1034,2,'view all Text Button  with keyboard arrow right ',9,'2023-01-06',2023,1,1,'2023-01-06 06:51:07','2023-01-12 01:58:49'),(3869,8,11,1036,2,'Mobile app testing with new account without any details.',10,'2023-01-06',2023,1,1,'2023-01-06 07:47:58','2023-01-06 07:47:58'),(3870,8,7,1033,0.5,'Adjusted investor name inside the box in apply page.',9,'2023-01-06',2023,1,1,'2023-01-06 07:53:22','2023-01-06 07:53:22'),(3871,8,7,1013,0.5,'Fixed decimal values formatting in pie-chart.',9,'2023-01-06',2023,1,1,'2023-01-06 08:06:49','2023-01-06 08:06:49'),(3872,8,7,1016,0.25,'Removed required from secondary phone  number.',9,'2023-01-06',2023,1,1,'2023-01-06 08:48:29','2023-01-06 08:48:29'),(3873,27,28,1038,2,'mobile number with country code ',9,'2023-01-06',2023,1,1,'2023-01-06 09:04:20','2023-01-06 09:04:20'),(3874,8,7,1015,0.5,'Fixed duplicate option bug',9,'2023-01-06',2023,1,1,'2023-01-06 09:53:08','2023-01-06 09:53:08'),(3875,8,7,1036,0.75,'Identified and fixed blank edit profile page bug for new users.',9,'2023-01-06',2023,1,1,'2023-01-06 10:04:54','2023-01-06 10:04:54'),(3876,8,7,1037,1,'Fixed YTM cash distribution detail page view for new account and added no record view.',9,'2023-01-06',2023,1,1,'2023-01-06 11:05:41','2023-01-06 11:05:41'),(3877,4,13,1042,0.5,'Change chip color in marketplace when bid is approved by buyer',9,'2023-01-06',2023,1,1,'2023-01-06 11:06:20','2023-01-06 11:06:20'),(3878,4,13,1041,0.5,'Add buyer and seller name in sell request and buy request',9,'2023-01-06',2023,1,1,'2023-01-06 11:36:50','2023-01-06 11:36:50'),(3879,4,13,1041,2,'Cerate api to show seller and buyer name in sell request and buy request ',9,'2023-01-06',2023,1,1,'2023-01-06 11:37:24','2023-01-06 11:37:24'),(3880,4,13,1041,1.5,'Testing and bug fixing ',9,'2023-01-06',2023,1,1,'2023-01-06 11:38:03','2023-01-06 11:38:03'),(3881,4,13,1042,0.5,'Testing ',9,'2023-01-06',2023,1,1,'2023-01-06 11:38:29','2023-01-06 11:38:29'),(3882,15,13,792,1,'Study validation in angular ',9,'2023-01-05',2023,1,1,'2023-01-06 11:39:18','2023-01-06 11:39:18'),(3883,8,7,1021,1,'Hided apply option for closed offers and testing.',9,'2023-01-06',2023,1,1,'2023-01-06 11:39:39','2023-01-06 11:39:39'),(3884,27,28,1039,2,'Select relationship  Dropdown button',9,'2023-01-06',2023,1,1,'2023-01-06 11:47:03','2023-01-06 11:47:03'),(3885,8,7,1009,0.5,'Added right arrow icon after view all button',9,'2023-01-06',2023,1,1,'2023-01-06 11:52:57','2023-01-06 11:52:57'),(3886,27,28,1045,2,'remove apply  text button form applied offer details screen ',9,'2023-01-06',2023,1,1,'2023-01-06 12:38:24','2023-01-12 01:59:20'),(3887,4,13,1046,0.5,'Show ssn, offer applied & unique code in joint account & ira on investor side ',9,'2023-01-06',2023,1,1,'2023-01-06 12:53:39','2023-01-06 12:53:39'),(3888,4,13,1046,0.5,'Testing ',9,'2023-01-06',2023,1,1,'2023-01-06 12:53:45','2023-01-06 12:53:45'),(3889,4,13,868,2,'Changes testing ',9,'2023-01-06',2023,1,1,'2023-01-06 12:55:00','2023-01-06 12:55:00'),(3890,27,28,1047,2,'number formate ',9,'2023-01-06',2023,1,1,'2023-01-06 12:57:01','2023-01-12 01:59:06'),(3891,8,23,378,2,'Fixed validation issues in Add payment page.',9,'2023-01-07',2023,1,1,'2023-01-07 09:10:57','2023-01-07 09:10:57'),(3892,8,23,378,1,'fixed UI issues in document list, offer\'s document list and available offer\'s apply button',9,'2023-01-08',2023,1,1,'2023-01-08 13:03:57','2023-01-08 13:03:57'),(3893,4,8,1043,0.5,'Removed view and download options for deleted docs.',9,'2023-01-06',2023,1,1,'2023-01-09 04:58:31','2023-01-09 04:58:31'),(3894,4,8,1044,0.75,'IRA account is now visible in admin portal.',9,'2023-01-06',2023,1,1,'2023-01-09 05:00:03','2023-01-09 05:00:03'),(3895,4,8,1041,1,'Marketplace - Seller and buyer name is now visible in offer details page for admin.',9,'2023-01-06',2023,1,1,'2023-01-09 05:02:48','2023-01-09 05:02:48'),(3896,4,8,1048,0.75,'Admin cannot reject last joint account holder.',9,'2023-01-06',2023,1,1,'2023-01-09 05:06:29','2023-01-09 05:06:29'),(3897,8,7,1040,0.75,'Marked canceled check field required.',9,'2023-01-09',2023,1,2,'2023-01-09 05:42:29','2023-01-09 05:42:29'),(3898,27,28,1049,2,'Relationship status ',9,'2023-01-09',2023,1,2,'2023-01-09 06:15:46','2023-01-09 11:34:11'),(3899,4,8,1051,0.5,'Updated offer size to total investment on offer name bar',9,'2023-01-09',2023,1,2,'2023-01-09 06:42:12','2023-01-09 06:42:12'),(3900,8,24,1021,2,'Verify the investor is not able to apply in closed offer.',10,'2023-01-06',2023,1,1,'2023-01-09 07:12:13','2023-01-13 07:18:10'),(3901,8,24,1006,2,'Verify the  Unable to view or add cancelled check in offer apply page Bug',10,'2023-01-06',2023,1,1,'2023-01-09 07:15:57','2023-01-13 07:18:32'),(3902,8,24,1009,2,'Verify the  Add view all icon in dashboard bug.',10,'2023-01-06',2023,1,1,'2023-01-09 07:18:44','2023-01-13 07:18:53'),(3903,8,24,1010,2,'Verify bug no - 1010 and UI functionality.',10,'2023-01-07',2023,1,1,'2023-01-09 07:32:10','2023-01-13 07:20:31'),(3904,8,24,1027,2,'Test investor details page.',10,'2023-01-07',2023,1,1,'2023-01-09 07:34:12','2023-01-13 07:21:45'),(3905,8,11,1029,1,'Retesting of bugs offer details and of mobile app',10,'2023-01-09',2023,1,2,'2023-01-09 07:36:59','2023-01-09 07:36:59'),(3906,8,24,1037,1,'Verify the bug no-1037',10,'2023-01-09',2023,1,2,'2023-01-09 07:38:37','2023-01-13 07:22:10'),(3907,4,11,989,2,'testing alerts and emails',10,'2023-01-09',2023,1,2,'2023-01-09 07:38:48','2023-01-09 07:38:48'),(3908,4,11,772,0.5,'Discussion regarding new changes on portal UI',10,'2023-01-09',2023,1,2,'2023-01-09 07:40:14','2023-01-09 07:40:14'),(3909,8,24,1033,1,'Verify the Bug no-1033',10,'2023-01-09',2023,1,2,'2023-01-09 07:40:24','2023-01-13 07:22:20'),(3910,8,11,823,0.5,'Discussion regarding solved and unsolved bugs',10,'2023-01-09',2023,1,2,'2023-01-09 07:41:55','2023-01-09 07:41:55'),(3911,8,24,823,1,'Review the prior issues and repeat the test.',10,'2023-01-09',2023,1,2,'2023-01-09 07:43:01','2023-01-09 07:43:01'),(3912,8,24,1015,1,'Verify the bug no- 1015',10,'2023-01-09',2023,1,2,'2023-01-09 07:45:36','2023-01-13 07:22:28'),(3913,4,24,369,2,'Review the prior issues and repeat the test.',10,'2022-12-30',2022,12,52,'2023-01-09 07:49:49','2023-01-09 07:49:49'),(3914,4,24,369,2,'Review the schedule part of the documents after the joint account holder\'s signature.',10,'2022-12-29',2022,12,52,'2023-01-09 07:51:54','2023-01-09 07:51:54'),(3915,4,14,1051,2,'Changes in offer applied and offer details screen and fix change requests table problem',9,'2023-01-09',2023,1,2,'2023-01-09 07:52:51','2023-01-09 07:52:51'),(3916,8,7,999,0.5,'Fixed SSN display length issue.',9,'2023-01-09',2023,1,2,'2023-01-09 09:13:49','2023-01-09 09:13:49'),(3917,8,7,1017,1.5,'Fixed SSN, EIN, phone masking issue.',9,'2023-01-09',2023,1,2,'2023-01-09 09:14:49','2023-01-09 09:14:49'),(3918,8,7,1052,0.5,'Removed Check upload as required field if bank details exists.',9,'2023-01-09',2023,1,2,'2023-01-09 09:47:59','2023-01-09 09:47:59'),(3919,8,7,1052,0.25,'Testing.',10,'2023-01-09',2023,1,2,'2023-01-09 09:48:16','2023-01-09 09:48:16'),(3920,4,6,47,2,'Reviewed templates and e-sign code for adding acknowledged template independently',12,'2023-01-06',2023,1,1,'2023-01-09 09:49:19','2023-01-09 09:49:19'),(3921,4,6,47,1.5,'Updated PPM templated for acknowledged content',9,'2023-01-06',2023,1,1,'2023-01-09 09:50:11','2023-01-09 09:50:11'),(3922,4,6,1057,1.5,'Fixed investor change acknowledged template ',9,'2023-01-09',2023,1,2,'2023-01-09 09:50:41','2023-01-10 04:48:32'),(3923,4,6,1057,2,'Updated marketplace and change contract include all acknowledged template',9,'2023-01-09',2023,1,2,'2023-01-09 09:51:12','2023-01-10 04:48:25'),(3924,4,6,1057,1,'Unit testing marketplace e-sign template',10,'2023-01-09',2023,1,2,'2023-01-09 09:51:40','2023-01-10 04:48:17'),(3925,16,14,956,2,'Created marketplace details screen',8,'2023-01-09',2023,1,2,'2023-01-09 09:54:44','2023-01-19 11:24:27'),(3926,8,24,1017,1,'Verify bug no. 1017 and retest all previous issues.',10,'2023-01-09',2023,1,2,'2023-01-09 10:20:48','2023-01-09 10:20:48'),(3927,8,24,999,1,'verify bug no- 999 and retest with new investor.',10,'2023-01-09',2023,1,2,'2023-01-09 10:27:42','2023-01-09 10:27:42'),(3928,8,24,1040,1,'Verify bug no - 1040',10,'2023-01-09',2023,1,2,'2023-01-09 11:01:37','2023-01-09 11:01:37'),(3929,27,28,1050,2,'mobile number masking',9,'2023-01-09',2023,1,2,'2023-01-09 11:33:35','2023-01-09 11:33:35'),(3930,8,7,1053,0.5,'Fixed EIN, SSN length validation issue',9,'2023-01-09',2023,1,2,'2023-01-09 12:16:23','2023-01-09 12:16:23'),(3931,8,24,1053,1,'Verify  Nine digits should be mandatory in the SSN field if a new investor is applying for a new subscription.',10,'2023-01-09',2023,1,2,'2023-01-09 12:37:52','2023-01-09 12:37:52'),(3932,16,14,956,2,'Created valuation properties and sell screen ',8,'2023-01-09',2023,1,2,'2023-01-09 12:42:55','2023-01-19 11:24:15'),(3933,16,14,956,2,'Created valuation properties and buy screen ',8,'2023-01-09',2023,1,2,'2023-01-09 12:43:29','2023-01-19 11:24:01'),(3934,4,6,1057,0.5,'Fixed placholder not replacing',9,'2023-01-09',2023,1,2,'2023-01-09 12:51:50','2023-01-10 04:48:08'),(3935,27,28,1054,2,'flutter footer ',12,'2023-01-09',2023,1,2,'2023-01-09 13:07:01','2023-01-09 13:07:01'),(3936,27,28,1055,2,'original equity, current equity',9,'2023-01-09',2023,1,2,'2023-01-09 13:09:05','2023-01-09 13:12:21'),(3938,4,6,770,0.75,'Code review and fixes',9,'2023-01-09',2023,1,2,'2023-01-09 13:59:22','2023-01-09 13:59:22'),(3939,4,6,1057,1.5,'Fixed joint to individual duplicate signature replacing',9,'2023-01-09',2023,1,2,'2023-01-09 14:00:12','2023-01-10 04:32:57'),(3940,4,6,1057,0.5,'Unit testing',9,'2023-01-09',2023,1,2,'2023-01-09 14:02:12','2023-01-10 04:32:46'),(3941,4,24,1061,1,'Retest joint account functionality.',10,'2023-01-10',2023,1,2,'2023-01-10 05:50:27','2023-01-10 05:50:27'),(3942,4,11,1060,1,'Joint account sanity after migration',10,'2023-01-10',2023,1,2,'2023-01-10 07:38:02','2023-01-10 07:38:02'),(3943,4,11,751,2,'Retesting of secondary signature after migration',10,'2023-01-10',2023,1,2,'2023-01-10 07:41:56','2023-01-10 07:41:56'),(3944,4,24,1046,2,'Verify the ssn, offer applied & unique code in all account.',10,'2023-01-10',2023,1,2,'2023-01-10 07:46:28','2023-01-10 07:46:28'),(3945,4,24,979,1,'Retest Secondary joint account holders and entity partners are able to delete and edit the pending payments.',10,'2023-01-10',2023,1,2,'2023-01-10 07:52:34','2023-01-10 07:52:34'),(3946,4,24,963,2,'Retest the secondary joint account holder and entity partner information retrieval functionality. ',10,'2023-01-02',2023,1,1,'2023-01-10 07:58:11','2023-01-10 07:58:11'),(3947,4,6,1061,1,'Fixed primary investor is not able to add holder',9,'2023-01-10',2023,1,2,'2023-01-10 09:54:01','2023-01-10 09:54:01'),(3948,4,6,1060,0.5,'Fixed relationship is not visible',9,'2023-01-10',2023,1,2,'2023-01-10 09:55:21','2023-01-10 09:55:21'),(3949,4,24,971,2,'Retest bug no- 971',10,'2023-01-02',2023,1,1,'2023-01-10 10:19:36','2023-01-10 10:19:36'),(3950,4,24,1008,2,'Retest bug no- 1008',10,'2023-01-02',2023,1,1,'2023-01-10 10:20:48','2023-01-10 10:20:48'),(3951,4,24,972,2,'Retest bug no- 972',10,'2023-01-02',2023,1,1,'2023-01-10 10:21:54','2023-01-10 10:21:54'),(3952,4,24,970,2,'Verify bug no- 970',10,'2023-01-03',2023,1,1,'2023-01-10 10:25:30','2023-01-10 10:25:30'),(3953,4,24,973,2,'Verify bug no- 973',10,'2023-01-03',2023,1,1,'2023-01-10 10:26:35','2023-01-10 10:26:35'),(3954,4,24,974,2,'verify bug no- 974',10,'2023-01-03',2023,1,1,'2023-01-10 10:29:02','2023-01-10 10:29:02'),(3955,4,24,976,2,'Retest generate to-do for EC/CC/AC for IRA also, only for admin.',10,'2023-01-03',2023,1,1,'2023-01-10 10:32:41','2023-01-10 10:32:41'),(3956,4,6,1062,0.5,'added offer dropdown and default filter',9,'2023-01-10',2023,1,2,'2023-01-10 10:40:48','2023-01-10 10:40:48'),(3957,16,14,956,2,'Created profile personal and change request screen',8,'2023-01-10',2023,1,2,'2023-01-10 11:12:08','2023-01-19 11:23:51'),(3958,16,14,956,2,'Created bank account and assignment screen in profile',8,'2023-01-10',2023,1,2,'2023-01-10 11:13:00','2023-01-19 11:23:42'),(3959,16,14,956,2,'Created agreement screen in offer details',8,'2023-01-10',2023,1,2,'2023-01-10 11:14:48','2023-01-19 11:23:32'),(3960,4,6,1059,1.5,'Code review and bug fixes',9,'2023-01-10',2023,1,2,'2023-01-10 11:25:01','2023-01-10 11:25:01'),(3961,4,6,764,2,'Document upload to-do code review and fixes',9,'2023-01-10',2023,1,2,'2023-01-10 11:28:20','2023-01-11 11:48:29'),(3962,4,24,993,1,'Verify the primary investor is unable to edit or delete the pending payment.',10,'2023-01-04',2023,1,1,'2023-01-10 11:41:09','2023-01-10 11:41:09'),(3963,4,24,996,2,'Retest empty page between SA_OA signature page and Schedule 1 Bug',10,'2023-01-04',2023,1,1,'2023-01-10 11:43:10','2023-01-10 11:43:10'),(3964,4,13,1063,2,'Create bank repository & bank account entity ',9,'2023-01-09',2023,1,2,'2023-01-10 11:53:48','2023-01-10 11:53:48'),(3965,4,13,1063,2,'Add configuration & migration ',9,'2023-01-09',2023,1,2,'2023-01-10 11:54:14','2023-01-10 11:54:14'),(3966,4,13,1063,2,'Create api to show add deatils ',9,'2023-01-09',2023,1,2,'2023-01-10 11:54:26','2023-01-10 11:54:26'),(3967,4,13,1063,2,'Create api to add bank details ',9,'2023-01-09',2023,1,2,'2023-01-10 11:54:49','2023-01-10 11:54:49'),(3968,4,13,1063,2,'Create bank account section on add offer & update offer deatils  ',9,'2023-01-10',2023,1,2,'2023-01-10 11:55:32','2023-01-10 11:55:32'),(3969,4,13,1063,2,'Ui correction to add bank details ',9,'2023-01-10',2023,1,2,'2023-01-10 11:56:18','2023-01-10 11:56:18'),(3970,4,13,1063,2,'Api bug fix ',9,'2023-01-10',2023,1,2,'2023-01-10 11:56:29','2023-01-10 11:56:29'),(3971,4,13,1063,2,'Api bug fix to get details of bank account',9,'2023-01-10',2023,1,2,'2023-01-10 11:57:25','2023-01-10 11:57:25'),(3972,16,14,956,2,'Design add entity details screen with stepper and learn css book',8,'2023-01-10',2023,1,2,'2023-01-10 12:25:05','2023-01-10 12:25:05'),(3973,4,24,1064,2,'Test reduction feature should be compared to subscription not comited amount',10,'2023-01-10',2023,1,2,'2023-01-10 13:13:52','2023-01-10 13:13:52'),(3974,4,24,1058,2,'Test Unable to sign Exit contract and To-Do link is not working for exit contract',10,'2023-01-10',2023,1,2,'2023-01-10 13:16:15','2023-01-10 13:16:15'),(3975,8,23,378,1,'Reviewed code related to communication center.',12,'2023-01-10',2023,1,2,'2023-01-10 13:57:35','2023-01-10 13:57:35'),(3976,4,6,1063,1.75,'Code review and bug fixes related to entity and configuration',9,'2023-01-10',2023,1,2,'2023-01-11 04:29:26','2023-01-11 11:48:43'),(3977,4,8,1064,0.25,'Reduction feature has been updated',9,'2023-01-10',2023,1,2,'2023-01-11 04:40:05','2023-01-11 04:40:05'),(3978,4,11,751,1,'secondary signer retesting for Exit contract and assignmnet change',10,'2023-01-10',2023,1,2,'2023-01-11 05:52:58','2023-01-11 05:52:58'),(3979,4,11,1064,1,'Reduction feature testing admin portal added payment tested the fetaure',10,'2023-01-10',2023,1,2,'2023-01-11 05:54:06','2023-01-11 05:54:06'),(3980,4,11,1061,1.5,'Retesting of joint account issues after deployment',10,'2023-01-10',2023,1,2,'2023-01-11 05:55:00','2023-01-11 05:55:22'),(3981,4,11,989,0.5,'Sanity of the marketplace alert and email',10,'2023-01-10',2023,1,2,'2023-01-11 05:57:05','2023-01-11 05:57:30'),(3982,4,11,989,0.5,'Discussion reagrding new alerts and emails',10,'2023-01-10',2023,1,2,'2023-01-11 06:00:31','2023-01-11 06:00:31'),(3983,4,24,1061,2,'Retest bug no -1061',10,'2023-01-11',2023,1,2,'2023-01-11 06:11:01','2023-01-13 06:42:40'),(3984,4,24,1060,2,'Verify bug no- 1060',10,'2023-01-11',2023,1,2,'2023-01-11 06:36:22','2023-01-13 06:42:52'),(3985,4,11,369,1,'Schedule admin sanity',10,'2023-01-11',2023,1,2,'2023-01-11 07:28:56','2023-01-11 07:28:56'),(3986,4,24,924,2,'Retest bug no - 924',10,'2023-01-11',2023,1,2,'2023-01-11 09:03:41','2023-01-13 06:42:15'),(3987,4,11,944,2,'Subscription reduction testing with all test case execution.',10,'2023-01-11',2023,1,2,'2023-01-11 09:05:03','2023-01-11 09:05:03'),(3988,4,24,1064,2,'Test subscription reduction functionality',10,'2023-01-11',2023,1,2,'2023-01-11 09:52:18','2023-01-11 09:52:18'),(3989,4,6,1063,2,'Fixed queries and add and update methods',9,'2023-01-11',2023,1,2,'2023-01-11 09:54:27','2023-01-11 09:54:27'),(3990,4,6,1063,1,'Fixed front end bugs for forms',9,'2023-01-11',2023,1,2,'2023-01-11 09:54:48','2023-01-11 09:54:48'),(3991,4,14,868,2,'Fix expansion panel problem in investor',9,'2023-01-11',2023,1,2,'2023-01-11 10:59:10','2023-01-11 10:59:10'),(3992,4,14,868,2,'Changes in investor ui',9,'2023-01-11',2023,1,2,'2023-01-11 11:00:15','2023-01-11 11:00:15'),(3993,4,14,868,2,'Trying to fix investment ui in investor',9,'2023-01-11',2023,1,2,'2023-01-11 11:00:52','2023-01-11 11:00:52'),(3994,4,13,924,2,'Remove default archived filter from communication on investor side',9,'2023-01-11',2023,1,2,'2023-01-11 11:45:20','2023-01-11 11:45:20'),(3995,4,13,924,0.75,'bug fix- change status unarchived to archived in sent communication on investor side',9,'2023-01-11',2023,1,2,'2023-01-11 11:46:00','2023-01-11 11:46:00'),(3996,4,13,924,0.25,'Testing ',9,'2023-01-11',2023,1,2,'2023-01-11 11:46:09','2023-01-11 11:46:09'),(3997,4,6,1062,0.75,'Code review',12,'2023-01-10',2023,1,2,'2023-01-11 11:53:43','2023-01-11 11:53:50'),(3998,4,6,1063,1,'unit testing',10,'2023-01-11',2023,1,2,'2023-01-11 11:54:20','2023-01-11 11:54:20'),(3999,4,6,1067,1,'Fixed rejection not is not visible and approved interest grid fixes',9,'2023-01-11',2023,1,2,'2023-01-11 11:55:44','2023-01-11 11:55:44'),(4000,4,8,989,2,'created and assignment change request approved/rejected alert & communication',9,'2023-01-11',2023,1,2,'2023-01-11 12:28:21','2023-01-11 12:28:21'),(4001,4,8,989,2,'Created document signed, ppm & k1 uploaded alert and enabled redirection',9,'2023-01-11',2023,1,2,'2023-01-11 12:29:45','2023-01-11 12:29:45'),(4002,15,13,962,2,'Change Request code review ',9,'2023-01-11',2023,1,2,'2023-01-11 12:30:48','2023-01-11 12:30:48'),(4003,4,8,989,2,'Updated alert messages, fixed redirection ',9,'2023-01-11',2023,1,2,'2023-01-11 12:31:06','2023-01-11 12:31:06'),(4004,27,28,1056,2,'cash  distribution number format bug fixed',9,'2023-01-11',2023,1,2,'2023-01-11 12:37:55','2023-01-11 12:37:55'),(4005,8,23,378,1,'review code ',12,'2023-01-11',2023,1,2,'2023-01-11 15:06:14','2023-01-11 15:06:14'),(4006,27,28,1070,2,'fetch data from API in communication  canter ',9,'2023-01-12',2023,1,2,'2023-01-12 02:02:44','2023-01-12 02:02:44'),(4007,27,28,1070,2,'fetched data successfully ',9,'2023-01-11',2023,1,2,'2023-01-12 02:05:20','2023-01-12 02:05:20'),(4008,4,24,1064,2,'Verify bug no- 1064',10,'2023-01-12',2023,1,2,'2023-01-12 04:55:38','2023-01-13 06:46:18'),(4009,4,24,1072,2,'Test entity account functionality.',10,'2023-01-12',2023,1,2,'2023-01-12 05:40:08','2023-01-13 07:14:13'),(4010,4,14,1069,2,'Change expansion header color and fix expansion problem',9,'2023-01-12',2023,1,2,'2023-01-12 05:40:40','2023-01-12 05:40:40'),(4011,4,11,1068,0.5,'Portal UI retesting after changes',10,'2023-01-11',2023,1,2,'2023-01-12 06:35:27','2023-01-12 06:35:43'),(4012,4,11,989,2,'Testing of all the alert\'s, CC, Emails after deployment.',10,'2023-01-11',2023,1,2,'2023-01-12 06:37:05','2023-01-12 06:37:18'),(4013,4,11,1065,0.5,'verified the resend signed documents for Individual, Entity, Joint account.',10,'2023-01-12',2023,1,2,'2023-01-12 07:05:18','2023-01-12 07:05:18'),(4014,4,11,1063,0.5,'Testing of bank details by creating new offers and editing the offers',10,'2023-01-12',2023,1,2,'2023-01-12 07:07:56','2023-01-12 07:07:56'),(4015,4,11,1067,0.25,'verification of the rejection notes',10,'2023-01-11',2023,1,2,'2023-01-12 07:10:41','2023-01-12 07:16:58'),(4016,4,11,1074,1,'Tested all the secondary Emails, Alerts, CC',10,'2023-01-12',2023,1,2,'2023-01-12 07:16:47','2023-01-12 07:16:47'),(4017,4,11,1075,1,'Tested all possible cases from payment approval to activate investors using to-do link and without using to-do link.',10,'2023-01-12',2023,1,2,'2023-01-12 07:19:06','2023-01-12 07:19:06'),(4018,4,24,1076,1,'Test archived and unarchived functionality.',10,'2023-01-12',2023,1,2,'2023-01-12 07:24:18','2023-01-12 07:24:18'),(4019,4,11,1064,0.5,'Tested verified the subscription reduction feature.',10,'2023-01-12',2023,1,2,'2023-01-12 07:49:22','2023-01-12 07:49:22'),(4020,4,6,1072,1,'Fixed not able add entity partner',9,'2023-01-12',2023,1,2,'2023-01-12 08:36:45','2023-01-12 08:36:45'),(4021,4,24,1077,1,'Retest To-Do functionality.',10,'2023-01-12',2023,1,2,'2023-01-12 09:47:18','2023-01-12 09:47:18'),(4022,4,24,1066,1,'Verify the Bug no- 1066',10,'2023-01-12',2023,1,2,'2023-01-12 10:00:49','2023-01-12 10:00:49'),(4023,4,24,1072,1,'Verify the Admins and investors are  able to add a new entity partner if they use a new email address.',10,'2023-01-12',2023,1,2,'2023-01-12 10:41:59','2023-01-12 10:41:59'),(4024,4,11,1073,0.5,'Verified the navigation issue with including all unit and without using include all units.',10,'2023-01-12',2023,1,2,'2023-01-12 11:51:08','2023-01-12 11:51:08'),(4025,4,11,369,2,'To-do testing sanity ',10,'2023-01-12',2023,1,2,'2023-01-12 11:53:09','2023-01-12 11:53:09'),(4026,8,11,823,0.5,'discussion regarding signatures development of mobile app and testing',10,'2023-01-12',2023,1,2,'2023-01-12 11:57:27','2023-01-12 11:57:27'),(4027,4,13,989,2,'Change seed manager message & testing ',9,'2023-01-11',2023,1,2,'2023-01-12 12:16:55','2023-01-12 12:16:55'),(4028,4,13,989,1,'Testing ',9,'2023-01-11',2023,1,2,'2023-01-12 12:17:03','2023-01-12 12:17:03'),(4029,4,13,868,2,'Bug fix - fix add entity partner with new email account error  ',9,'2023-01-12',2023,1,2,'2023-01-12 12:35:50','2023-01-12 12:35:50'),(4030,4,13,868,2,'bug fix- fix add entity partner with new email ',9,'2023-01-12',2023,1,2,'2023-01-12 12:36:24','2023-01-12 12:36:24'),(4031,4,13,868,1,'bug fix- fix doc sign error ',9,'2023-01-12',2023,1,2,'2023-01-12 12:36:48','2023-01-12 12:36:48'),(4032,15,13,962,1.5,'Revision entity framework',9,'2023-01-12',2023,1,2,'2023-01-12 12:37:36','2023-01-12 12:37:36'),(4033,15,13,962,1.5,'Frontend code review ',9,'2023-01-12',2023,1,2,'2023-01-12 12:37:53','2023-01-12 12:37:53'),(4034,27,28,1079,2,'Investor list',9,'2023-01-12',2023,1,2,'2023-01-12 12:42:53','2023-01-12 12:42:53'),(4035,27,28,1080,2,'Offer List Item ',9,'2023-01-12',2023,1,2,'2023-01-12 12:43:33','2023-01-12 12:43:33'),(4036,27,28,1081,2,'make compose screen page',9,'2023-01-12',2023,1,2,'2023-01-12 12:44:16','2023-01-12 12:44:16'),(4037,8,23,378,1,'code review of communication and signature modules',12,'2023-01-12',2023,1,2,'2023-01-13 03:05:31','2023-01-13 03:05:31'),(4038,4,6,1075,1.5,'Code review and unit testing',9,'2023-01-12',2023,1,2,'2023-01-13 06:11:56','2023-01-13 06:12:04'),(4039,4,6,1074,1.5,'Unit testing',9,'2023-01-12',2023,1,2,'2023-01-13 06:12:41','2023-01-13 06:12:41'),(4040,4,6,1073,1,'Fixed include all investor navigation issue',9,'2023-01-11',2023,1,2,'2023-01-13 06:13:32','2023-01-13 06:13:32'),(4041,4,24,1063,2,'Verify bug no - 1063',10,'2023-01-13',2023,1,2,'2023-01-13 06:24:03','2023-01-13 06:24:03'),(4042,4,24,918,2,'Verify bug no - 918',10,'2023-01-04',2023,1,1,'2023-01-13 06:38:19','2023-01-13 06:38:19'),(4043,4,24,1082,2,'Test forgot password functionality.',10,'2023-01-04',2023,1,1,'2023-01-13 06:41:09','2023-01-13 06:41:09'),(4044,4,24,989,2,'Test alerts and adding new alerts and missing emails',10,'2023-01-13',2023,1,2,'2023-01-13 09:10:38','2023-01-13 09:10:38'),(4045,4,14,787,2,'Implement documents card and carousel view',9,'2023-01-13',2023,1,2,'2023-01-13 10:23:54','2023-01-13 10:23:54'),(4046,4,14,787,2,'Search carousel material and trying to fix',9,'2023-01-13',2023,1,2,'2023-01-13 10:24:32','2023-01-13 10:26:21'),(4047,4,14,787,2,'Fix carousel problem',9,'2023-01-13',2023,1,2,'2023-01-13 10:25:06','2023-01-13 10:25:06'),(4048,27,28,1084,2,'Dialog option clicked event',9,'2023-01-13',2023,1,2,'2023-01-13 11:11:06','2023-01-13 11:11:06'),(4049,27,28,1086,2,'state for attach  file ',9,'2023-01-13',2023,1,2,'2023-01-13 11:14:12','2023-01-13 11:14:12'),(4050,27,28,1088,2,'add bloc with Compose view page',9,'2023-01-13',2023,1,2,'2023-01-13 11:17:28','2023-01-13 11:17:28'),(4051,27,28,1085,2,'attached  file event in bloc',9,'2023-01-13',2023,1,2,'2023-01-13 11:20:03','2023-01-13 11:20:03'),(4052,4,14,787,2,'Offer applied, offer details and investment ui changes',9,'2023-01-13',2023,1,2,'2023-01-13 12:51:51','2023-01-13 12:51:51'),(4053,4,6,767,2,'Fixing communication for admin sent queries and filter',9,'2023-01-06',2023,1,1,'2023-01-16 04:53:35','2023-01-16 04:53:35'),(4054,8,7,1090,0.5,'Fixed unit warning message',9,'2023-01-16',2023,1,3,'2023-01-16 04:53:48','2023-01-16 04:53:48'),(4055,4,6,767,2,'Fixing communication for admin added multiple receivers',9,'2023-01-13',2023,1,2,'2023-01-16 04:54:21','2023-01-16 04:54:31'),(4056,4,6,767,1.5,'Fixing UI to show multiple receivers',9,'2023-01-13',2023,1,2,'2023-01-16 04:55:04','2023-01-16 04:55:04'),(4057,4,6,767,1.5,'Unit testing',10,'2023-01-13',2023,1,2,'2023-01-16 04:55:30','2023-01-16 04:55:30'),(4058,4,6,767,0.5,'Removed upload file cod for temprory',9,'2023-01-13',2023,1,2,'2023-01-16 04:56:34','2023-01-16 04:56:34'),(4059,8,7,1091,0.5,'Fixed investor name overflowed bug in offer page',9,'2023-01-16',2023,1,3,'2023-01-16 04:59:45','2023-01-16 04:59:45'),(4060,4,11,1096,1.5,'Created and executed all possible to cases to trace the bug',10,'2023-01-13',2023,1,2,'2023-01-16 06:42:54','2023-01-16 06:43:04'),(4061,4,11,369,2,'Tested the user section and verified the additions of the roles',10,'2023-01-13',2023,1,2,'2023-01-16 06:45:12','2023-01-16 12:43:57'),(4062,4,11,1098,1,'Client to-Do issue review discussion and testing',10,'2023-01-16',2023,1,3,'2023-01-16 07:00:55','2023-01-16 07:00:55'),(4063,4,11,1097,1,'Created the Joint account and verified double name case by delete reject inactive.',10,'2023-01-16',2023,1,3,'2023-01-16 07:03:00','2023-01-16 07:03:00'),(4064,4,24,1093,2,'Test change request navigation functionality',10,'2023-01-16',2023,1,3,'2023-01-16 10:52:39','2023-01-16 10:52:39'),(4065,4,24,1097,2,'Retest joint account functionality.',10,'2023-01-16',2023,1,3,'2023-01-16 10:56:30','2023-01-16 10:56:30'),(4066,4,6,764,1.5,'Fixed ac contract and ppm contract action taken by ',9,'2023-01-16',2023,1,3,'2023-01-16 10:58:53','2023-01-16 10:58:53'),(4067,4,6,868,1.5,'Code clean up and review',9,'2023-01-16',2023,1,3,'2023-01-16 11:00:30','2023-01-16 11:00:30'),(4068,4,6,1062,1.5,'Code review and clean up',9,'2023-01-16',2023,1,3,'2023-01-16 11:01:35','2023-01-16 11:01:35'),(4069,4,11,1095,1,'Interest add admin and update change contract and PPM payment scetion',10,'2023-01-16',2023,1,3,'2023-01-16 11:08:09','2023-01-16 11:08:09'),(4070,4,11,369,2,'Document section testing- uploaded the documents tested both sides admin and investor.',10,'2023-01-17',2023,1,3,'2023-01-16 11:10:09','2023-01-30 10:31:14'),(4071,4,11,767,2,'Communication testing enhanced version',10,'2023-01-16',2023,1,3,'2023-01-16 11:20:40','2023-01-16 11:20:40'),(4072,4,24,767,2,'Retest the assigned tasks.',10,'2023-01-16',2023,1,3,'2023-01-16 11:25:48','2023-01-16 11:25:48'),(4073,4,11,1098,1,'Testing of To-Do for action taken by',10,'2023-01-17',2023,1,3,'2023-01-16 12:42:53','2023-01-30 10:30:28'),(4074,4,13,1107,2,'Create bank account ui',9,'2023-01-13',2023,1,2,'2023-01-16 12:46:41','2023-01-16 12:46:41'),(4075,4,13,1107,2,'Create bank account ui ',9,'2023-01-13',2023,1,2,'2023-01-16 12:46:59','2023-01-16 12:46:59'),(4076,4,13,1107,2,'Create bank account ui',9,'2023-01-13',2023,1,2,'2023-01-16 12:47:04','2023-01-16 12:47:04'),(4077,4,13,1107,2,'Create bank account ui',9,'2023-01-13',2023,1,2,'2023-01-16 12:47:08','2023-01-16 12:47:08'),(4078,4,13,1107,2,'Create api to add bank account ',9,'2023-01-16',2023,1,3,'2023-01-16 12:47:28','2023-01-16 12:47:28'),(4079,4,13,1107,0.5,'Create api to ad',9,'2023-01-16',2023,1,3,'2023-01-16 12:47:45','2023-01-16 12:47:45'),(4080,4,13,1107,1.5,'Bank account ui fix',9,'2023-01-16',2023,1,3,'2023-01-16 12:48:04','2023-01-16 12:48:04'),(4081,4,13,1107,2,'Create api to get and update bank account details. ',9,'2023-01-16',2023,1,3,'2023-01-16 12:48:25','2023-01-16 12:48:25'),(4082,4,13,1107,2,'Create api to get and update bank account details. ',9,'2023-01-16',2023,1,3,'2023-01-16 12:48:40','2023-01-16 12:48:40'),(4083,27,28,1110,2,'insert  default offer ',9,'2023-01-17',2023,1,3,'2023-01-17 04:18:30','2023-01-17 04:18:30'),(4084,27,28,1111,2,'investor key add',9,'2023-01-17',2023,1,3,'2023-01-17 04:21:01','2023-01-17 04:21:01'),(4085,4,6,764,2,'Added multiple action taken by for joint account to-do\'s',9,'2023-01-16',2023,1,3,'2023-01-17 04:40:38','2023-01-17 04:40:38'),(4086,4,6,1062,1.5,'Fixed investor profile cash distribution tab errors',9,'2023-01-16',2023,1,3,'2023-01-17 04:41:24','2023-01-17 04:41:24'),(4087,8,7,1087,0.75,'Fixed reloading of offers after sign.',9,'2023-01-16',2023,1,3,'2023-01-17 06:31:04','2023-01-17 06:31:04'),(4088,4,24,1107,2,'Create test cases for #117 task.',10,'2023-01-17',2023,1,3,'2023-01-17 07:16:26','2023-01-17 07:16:26'),(4089,4,24,1100,2,'Test change request navigation functionality and UI.',10,'2023-01-16',2023,1,3,'2023-01-17 07:21:26','2023-01-17 07:21:26'),(4090,8,24,823,2,'Review the prior issues and repeat the test.',10,'2023-01-17',2023,1,3,'2023-01-17 07:40:09','2023-01-17 07:40:09'),(4091,4,24,1082,2,'All login, logout, forget password, change password, and change user id functionality has been tested. ',10,'2023-01-13',2023,1,2,'2023-01-17 07:46:22','2023-01-17 07:46:22'),(4093,4,24,990,2,'Test bug no- 990',10,'2023-01-13',2023,1,2,'2023-01-17 07:53:23','2023-01-17 07:53:23'),(4094,4,6,1116,0.5,'Fixed percent value is incorrect',9,'2023-01-17',2023,1,3,'2023-01-17 09:40:09','2023-01-17 09:40:09'),(4095,4,8,1122,2,'Added document section in investment detail page on admin portal.',9,'2023-01-17',2023,1,3,'2023-01-17 11:15:35','2023-01-17 11:15:35'),(4096,4,8,1122,1.5,'Added document section in investment detail page on investor portal.',9,'2023-01-17',2023,1,3,'2023-01-17 11:16:16','2023-01-17 11:16:16'),(4097,4,8,1122,1,'Updated ui',9,'2023-01-17',2023,1,3,'2023-01-17 11:16:46','2023-01-17 11:16:46'),(4098,4,6,1125,2,'Fixed date picker issues',9,'2023-01-17',2023,1,3,'2023-01-17 12:19:33','2023-01-17 12:19:33'),(4099,4,6,988,1,'Fixed some add and edit issues',9,'2023-01-17',2023,1,3,'2023-01-17 12:21:38','2023-01-17 12:21:38'),(4100,4,6,1062,1.5,'Updated component names and method names based on property level to offer',9,'2023-01-17',2023,1,3,'2023-01-17 12:22:48','2023-01-17 12:22:48'),(4101,4,6,1062,0.5,'Fixed cash distribution calculation for class A and B',9,'2023-01-17',2023,1,3,'2023-01-17 12:23:36','2023-01-17 12:23:36'),(4102,4,6,1062,0.5,'Commented out the cash distribution, equity and roi tab from property detail page',9,'2023-01-17',2023,1,3,'2023-01-17 12:24:50','2023-01-17 12:24:50'),(4103,8,7,1106,0.5,'Fixed deleted or rejected status issue.',9,'2023-01-17',2023,1,3,'2023-01-17 12:39:08','2023-01-17 12:39:08'),(4104,8,7,1114,0.5,'Fixed payment edit bug.',9,'2023-01-17',2023,1,3,'2023-01-17 12:40:02','2023-01-17 12:40:02'),(4105,8,7,1109,0.5,'Fixed detail resetting issue on image upload and testing.',9,'2023-01-17',2023,1,3,'2023-01-17 12:40:47','2023-01-17 12:40:47'),(4106,8,7,1112,0.25,'Fixed investment amount valuation issue and testing.',9,'2023-01-17',2023,1,3,'2023-01-17 12:42:05','2023-01-17 12:42:05'),(4107,8,7,1113,2,'Enabled pdf for payment and apply page.',9,'2023-01-17',2023,1,3,'2023-01-17 12:42:40','2023-01-17 12:42:40'),(4108,8,7,1118,0.25,'Fixed YTM decimal value issue.',9,'2023-01-17',2023,1,3,'2023-01-17 12:44:42','2023-01-17 12:44:42'),(4109,8,7,1119,0.25,'Fixed required field label text.',9,'2023-01-17',2023,1,3,'2023-01-17 12:45:19','2023-01-17 12:45:19'),(4110,8,7,1120,0.5,'Restricted payment edit/delete options for secondary investors an testing.',9,'2023-01-17',2023,1,3,'2023-01-17 12:46:13','2023-01-17 12:46:13'),(4111,27,28,1126,2,'form validation',9,'2023-01-18',2023,1,3,'2023-01-18 02:18:32','2023-01-18 02:18:32'),(4112,27,28,1127,2,'file picker using flutter   file picker package',9,'2023-01-18',2023,1,3,'2023-01-18 02:19:41','2023-01-18 02:19:41'),(4113,27,28,1128,2,'code review',12,'2023-01-18',2023,1,3,'2023-01-18 02:21:50','2023-01-18 02:21:50'),(4114,8,7,1129,0.5,'Created communication pages and bloc',9,'2023-01-09',2023,1,2,'2023-01-18 05:10:59','2023-01-18 05:10:59'),(4115,8,7,1129,2.75,'Added Events and methods to fetch data from API and created list view for sent and received communications.',9,'2023-01-09',2023,1,2,'2023-01-18 05:12:08','2023-01-18 05:12:08'),(4116,8,11,1114,2,'Tested the mobile payment and secondary signature and joint account',10,'2023-01-17',2023,1,3,'2023-01-18 05:15:49','2023-01-18 05:20:37'),(4117,8,11,1112,2,'Tested the UI and units and its calculations',10,'2023-01-17',2023,1,3,'2023-01-18 05:18:58','2023-01-18 05:20:59'),(4118,8,11,1120,2,'Secondary signature testing PPM,AC,CC,EC for all accounts with secondary holders.',10,'2023-01-17',2023,1,3,'2023-01-18 05:20:16','2023-01-18 05:20:30'),(4119,8,7,1129,0.75,'UI view changes and testing.',9,'2023-01-09',2023,1,2,'2023-01-18 05:24:17','2023-01-18 05:24:17'),(4120,8,24,1092,2,'Retest the assigned tasks.',10,'2023-01-17',2023,1,3,'2023-01-18 05:28:07','2023-01-18 05:28:07'),(4121,8,7,1129,2,'Added API, states and events to change status of both sent and received communications.',9,'2023-01-10',2023,1,2,'2023-01-18 05:31:45','2023-01-18 05:31:45'),(4122,8,7,1129,2,'Testing and web API calls reviewed to implement.',11,'2023-01-10',2023,1,2,'2023-01-18 05:33:01','2023-01-18 05:34:50'),(4123,4,24,1103,2,'Review the prior issues and repeat the test.',10,'2023-01-17',2023,1,3,'2023-01-18 05:33:02','2023-01-18 05:33:02'),(4124,8,7,1129,1.5,'Implemented change status options for communications.',9,'2023-01-10',2023,1,2,'2023-01-18 05:33:51','2023-01-18 05:33:51'),(4125,8,7,1129,0.75,'Testing.',10,'2023-01-10',2023,1,2,'2023-01-18 05:34:31','2023-01-18 05:34:31'),(4127,8,7,1129,0.25,'Implemented data reload on communication status changed.',9,'2023-01-10',2023,1,2,'2023-01-18 05:36:07','2023-01-18 05:36:07'),(4128,8,7,1129,0.5,'Testing.',10,'2023-01-10',2023,1,2,'2023-01-18 05:36:21','2023-01-18 05:36:21'),(4129,8,7,1129,1,'Added smart refresher in communication.',9,'2023-01-10',2023,1,2,'2023-01-18 05:36:55','2023-01-18 05:36:55'),(4131,8,7,823,0.75,'Cleaned out smart refresher messages and added in app-strings and testing.',9,'2023-01-10',2023,1,2,'2023-01-18 05:39:36','2023-01-18 05:39:36'),(4132,8,7,1104,2,'Reviewed web API calls and planning.',11,'2023-01-11',2023,1,2,'2023-01-18 05:45:15','2023-01-18 05:45:15'),(4133,8,7,1104,1,'Added dialog page for pending documents for sign view',9,'2023-01-11',2023,1,2,'2023-01-18 05:47:07','2023-01-18 05:47:07'),(4134,8,7,1104,0.5,'Added API to fetch agreement template.',9,'2023-01-11',2023,1,2,'2023-01-18 05:56:13','2023-01-18 05:56:13'),(4135,8,7,1104,2,'Added signature dialog page.',9,'2023-01-11',2023,1,2,'2023-01-18 05:56:30','2023-01-18 05:56:30'),(4136,8,7,1104,2,'Added bloc, event and states for doc-sign.',9,'2023-01-11',2023,1,2,'2023-01-18 05:56:58','2023-01-18 05:56:58'),(4137,8,7,1104,0.5,'Small UI changes and fixes.',9,'2023-01-11',2023,1,2,'2023-01-18 05:57:36','2023-01-18 05:57:36'),(4138,8,7,1104,1.25,'Reviewed different signature packages and their implementation.',11,'2023-01-12',2023,1,2,'2023-01-18 05:59:57','2023-01-18 05:59:57'),(4139,8,7,1104,1.5,'Added signature pad.',9,'2023-01-12',2023,1,2,'2023-01-18 06:00:43','2023-01-18 06:00:43'),(4140,8,7,1104,1.25,'Reviewed web and API\'s in change contract condition.',11,'2023-01-12',2023,1,2,'2023-01-18 06:02:10','2023-01-18 06:02:10'),(4141,8,7,1104,2,'Added functionality for primary signer and secondary signer as web.',9,'2023-01-12',2023,1,2,'2023-01-18 06:04:16','2023-01-18 06:04:16'),(4142,8,7,1104,0.75,'Testing.',10,'2023-01-12',2023,1,2,'2023-01-18 06:06:20','2023-01-18 06:06:20'),(4143,8,7,1104,1.25,'Code cleanup and small UI fixes.',9,'2023-01-12',2023,1,2,'2023-01-18 06:07:09','2023-01-18 06:07:09'),(4144,8,7,1104,2,'Searched and tested packages for Html web view.',11,'2023-01-13',2023,1,2,'2023-01-18 06:10:21','2023-01-18 06:10:21'),(4145,8,7,1104,2,'Fixed signature image uploading and saving issue and testing.',9,'2023-01-13',2023,1,2,'2023-01-18 06:11:22','2023-01-18 06:11:22'),(4146,8,7,1104,1.25,'Added package to view agreement template and resolved package dependencies.',9,'2023-01-13',2023,1,2,'2023-01-18 06:13:02','2023-01-18 06:13:02'),(4147,8,7,1104,1.25,'Implemented page refresh on investor signed and some UI changes.',9,'2023-01-13',2023,1,2,'2023-01-18 06:13:35','2023-01-18 06:15:27'),(4148,8,23,378,0.5,'code review of doc-sign branch',12,'2023-01-18',2023,1,3,'2023-01-18 06:15:33','2023-01-18 06:15:33'),(4149,8,7,1104,1.5,'Testing for all primary and secondary signer cases.',10,'2023-01-13',2023,1,2,'2023-01-18 06:16:19','2023-01-18 06:16:19'),(4150,8,23,378,0.5,'review the changes for keyboard issue, and tested',12,'2023-01-18',2023,1,3,'2023-01-18 06:16:20','2023-01-18 06:16:20'),(4151,8,23,378,1,'Code review and Discussion with Atul about the issues',12,'2023-01-17',2023,1,3,'2023-01-18 06:18:20','2023-01-18 06:18:20'),(4152,27,28,1131,2,'submit click event',9,'2023-01-18',2023,1,3,'2023-01-18 07:21:50','2023-01-18 07:21:50'),(4153,4,14,868,2,'Fix documents table problem',9,'2023-01-18',2023,1,3,'2023-01-18 07:41:41','2023-01-18 07:41:41'),(4154,4,14,868,2,'Implement button in document details card ',9,'2023-01-18',2023,1,3,'2023-01-18 07:44:18','2023-01-18 07:44:18'),(4155,4,6,1062,1,'Updated investor portal dashboard ui to offer level',9,'2023-01-18',2023,1,3,'2023-01-18 10:17:22','2023-01-18 10:17:22'),(4156,4,6,1062,2,'Fixing the investor dashboard queries for offer level ',9,'2023-01-18',2023,1,3,'2023-01-18 10:18:00','2023-01-18 10:18:00'),(4157,4,6,1062,2,'Fixing the investor dashboard queries for offer level ',9,'2023-01-18',2023,1,3,'2023-01-18 10:18:07','2023-01-18 10:18:07'),(4158,27,28,1132,2,'display file on screen ',9,'2023-01-18',2023,1,3,'2023-01-18 11:50:22','2023-01-18 11:50:22'),(4159,16,14,956,2,'Maked kredily dashboard and side nav bar screen',8,'2023-01-18',2023,1,3,'2023-01-18 12:42:40','2023-01-19 11:23:23'),(4160,16,14,956,2,'Maked directory, attendance and profile screen',8,'2023-01-18',2023,1,3,'2023-01-18 12:43:31','2023-01-19 11:23:13'),(4161,4,6,1062,2,'Updated some of commented out code due to offer level change',9,'2023-01-18',2023,1,3,'2023-01-18 12:49:25','2023-01-18 12:49:25'),(4162,4,13,1107,2,'Create api to getPagedResult  bank account details. ',9,'2023-01-17',2023,1,3,'2023-01-19 04:43:28','2023-01-19 04:43:28'),(4163,4,13,1107,2,'Create api to getPagedResult  bank account details. ',9,'2023-01-17',2023,1,3,'2023-01-19 04:43:48','2023-01-19 04:43:48'),(4164,4,13,1107,2,'Frontend error fix ',9,'2023-01-17',2023,1,3,'2023-01-19 04:44:08','2023-01-19 04:44:08'),(4165,4,13,1107,2,'UI error fix',9,'2023-01-17',2023,1,3,'2023-01-19 04:44:19','2023-01-19 04:44:19'),(4166,4,13,1107,2,'Create api to update cancel cheque.',9,'2023-01-18',2023,1,3,'2023-01-19 04:45:18','2023-01-19 04:45:18'),(4167,4,13,1107,2,'Create api to get cancel cheque details. ',9,'2023-01-18',2023,1,3,'2023-01-19 04:45:49','2023-01-19 04:45:49'),(4168,4,13,1107,2,'Error fix while updating cancel cheque. ',9,'2023-01-18',2023,1,3,'2023-01-19 04:46:18','2023-01-19 04:46:18'),(4169,4,13,1107,0.75,'Create bank account module on admin side',9,'2023-01-18',2023,1,3,'2023-01-19 04:47:16','2023-01-19 04:47:35'),(4170,4,13,1107,1.25,'Create ui for manage bank account.',9,'2023-01-18',2023,1,3,'2023-01-19 04:48:06','2023-01-19 12:47:28'),(4171,20,11,251,2,'Studied about core java concepts string arrays ',10,'2023-01-19',2023,1,3,'2023-01-19 05:54:57','2023-01-19 05:54:57'),(4172,20,11,1135,2,'Studied about locator articles',10,'2023-01-19',2023,1,3,'2023-01-19 05:55:46','2023-01-19 05:55:46'),(4173,4,11,1137,2,'Testing of communication messages with email generic and actual client communication and alert review ',10,'2023-01-19',2023,1,3,'2023-01-19 09:06:53','2023-01-19 09:07:50'),(4174,4,11,1122,2,'Testing of subscription details with all mentioned test cases with positive and negative cases.',10,'2023-01-19',2023,1,3,'2023-01-19 09:09:26','2023-01-19 09:09:26'),(4175,4,24,1099,2,'Retest change request functionality.',10,'2023-01-19',2023,1,3,'2023-01-19 09:10:57','2023-01-19 09:10:57'),(4176,4,24,1138,2,'Retest communication functionality for both admin and investor.',10,'2023-01-19',2023,1,3,'2023-01-19 09:12:47','2023-01-19 09:12:47'),(4177,4,24,369,2,'Create test cases for  task #201 ',10,'2023-01-18',2023,1,3,'2023-01-19 09:15:31','2023-01-19 09:15:31'),(4178,4,24,369,2,'study about automation testing.',10,'2023-01-18',2023,1,3,'2023-01-19 09:16:11','2023-01-19 09:16:11'),(4179,4,24,369,2,'Retest the assigned tasks.',10,'2023-01-18',2023,1,3,'2023-01-19 09:16:43','2023-01-23 09:52:34'),(4180,8,23,378,5,'Fix for keyboard issue and text selection is in Login, Edit Profile and Apply Offer page in iOS.',9,'2023-01-19',2023,1,3,'2023-01-19 09:32:11','2023-01-19 09:32:11'),(4181,16,14,956,2,'Maked personal and work screen',8,'2023-01-19',2023,1,3,'2023-01-19 11:18:35','2023-01-19 11:22:58'),(4182,16,14,956,2,'Maked Team, education and family screen',8,'2023-01-19',2023,1,3,'2023-01-19 11:21:44','2023-01-19 11:21:44'),(4183,16,14,956,2,'Maked documents, work week payroll and pay slip screen',8,'2023-01-19',2023,1,3,'2023-01-19 11:22:36','2023-01-19 11:22:36'),(4184,4,11,369,2,'Marketplace testing both buyer and seller\'s assignments and status and units and price amount',10,'2023-01-19',2023,1,3,'2023-01-19 12:37:32','2023-01-19 12:37:32'),(4185,16,14,956,2,'Maked salary structure, company profile and leaves screens',8,'2023-01-19',2023,1,3,'2023-01-19 12:39:37','2023-01-19 12:39:37'),(4186,4,13,1107,2,'Create ui in admin side to show different bank account of a investor ',9,'2023-01-19',2023,1,3,'2023-01-19 12:45:44','2023-01-19 12:45:44'),(4187,4,13,1107,2,'Create approve & reject api to approve and reject bank accounts',9,'2023-01-19',2023,1,3,'2023-01-19 12:46:15','2023-01-19 12:46:15'),(4188,4,13,1107,2,'Create delete and view cancel cheque detail ',9,'2023-01-19',2023,1,3,'2023-01-19 12:46:36','2023-01-19 12:46:36'),(4189,4,13,1107,2,'Create toggle status api & Ui error fix ',9,'2023-01-19',2023,1,3,'2023-01-19 12:47:03','2023-01-19 12:47:03'),(4190,27,28,1143,2,'send data on server using POST API ',9,'2023-01-20',2023,1,3,'2023-01-20 02:09:19','2023-01-20 02:09:19'),(4191,27,28,1144,2,'send file on server using POST API',9,'2023-01-20',2023,1,3,'2023-01-20 02:11:28','2023-01-20 02:11:28'),(4192,27,28,1145,2,'display file on screen',9,'2023-01-20',2023,1,3,'2023-01-20 02:13:42','2023-01-20 02:13:42'),(4193,27,28,1146,2,'.',9,'2023-01-20',2023,1,3,'2023-01-20 02:20:05','2023-01-20 02:20:05'),(4194,4,8,1140,1,'Buyer name is now visible in admin portal  after buyer signs the doc ',9,'2023-01-20',2023,1,3,'2023-01-20 07:12:58','2023-01-20 07:12:58'),(4195,16,14,956,2,'Maked add personal info, contact info and add education screen',8,'2023-01-20',2023,1,3,'2023-01-20 10:23:17','2023-01-20 10:23:17'),(4196,16,14,956,2,'Maked add family details, add documents and logs screen',8,'2023-01-20',2023,1,3,'2023-01-20 10:24:35','2023-01-20 10:24:35'),(4197,16,14,956,2,'Maked kredilt blue screen',8,'2023-01-20',2023,1,3,'2023-01-20 10:25:02','2023-01-20 10:25:02'),(4198,4,6,767,2,'Fixed not able reply',9,'2023-01-20',2023,1,3,'2023-01-20 10:30:17','2023-01-20 10:30:17'),(4199,4,6,767,0.5,'Unit testing',10,'2023-01-20',2023,1,3,'2023-01-20 11:03:47','2023-01-20 11:03:47'),(4200,4,8,1153,0.25,'\"Pending Admin Approval\" status chip is now visible on seller bid list page.',9,'2023-01-20',2023,1,3,'2023-01-20 11:26:48','2023-01-20 11:26:48'),(4201,4,8,1151,0.25,'Fixed the error.',9,'2023-01-20',2023,1,3,'2023-01-20 11:29:47','2023-01-20 11:29:47'),(4202,4,13,1107,2,'Updated ui on admin side. ',9,'2023-01-20',2023,1,3,'2023-01-20 11:35:18','2023-01-20 11:35:18'),(4203,4,8,1140,0.5,'Shown buyer name when marketplace bid request is rejected.',9,'2023-01-20',2023,1,3,'2023-01-20 11:35:47','2023-01-20 11:35:47'),(4204,4,13,1107,2,'Create change status method..',9,'2023-01-20',2023,1,3,'2023-01-20 11:35:49','2023-01-20 11:35:49'),(4205,4,13,1107,2,'Error fixing & ui fixing ',9,'2023-01-20',2023,1,3,'2023-01-20 11:36:09','2023-01-20 11:36:09'),(4206,4,13,1107,1,'Ui testing ',9,'2023-01-20',2023,1,3,'2023-01-20 11:36:42','2023-01-20 11:36:42'),(4207,4,8,1154,1.5,'Admin is now able to approve buyer requests.',9,'2023-01-20',2023,1,3,'2023-01-20 11:36:53','2023-01-20 11:36:53'),(4208,4,24,1154,2,'Re-test the functionality of the marketplace. ',10,'2023-01-20',2023,1,3,'2023-01-20 11:37:19','2023-01-20 11:37:19'),(4209,4,8,1141,1,'Analysed and fixed the issue.',9,'2023-01-20',2023,1,3,'2023-01-20 11:38:34','2023-01-20 11:38:34'),(4210,4,24,1153,2,'Retest the market place status functionality.',10,'2023-01-20',2023,1,3,'2023-01-20 11:38:55','2023-01-20 11:38:55'),(4211,4,24,1134,2,'Test communication functionality for admin and investor.',10,'2023-01-19',2023,1,3,'2023-01-20 11:41:42','2023-01-20 11:41:42'),(4212,4,6,1149,2,'Creating queries to fix wrong data entries on Database',9,'2023-01-20',2023,1,3,'2023-01-20 12:19:22','2023-01-20 12:19:22'),(4213,4,6,1149,1,'Fixed related bugs',9,'2023-01-20',2023,1,3,'2023-01-20 12:20:09','2023-01-20 12:20:09'),(4214,4,8,1155,1.5,'Reviewed and added template variable - location in Investor signature template',9,'2023-01-19',2023,1,3,'2023-01-20 12:29:59','2023-01-20 12:29:59'),(4215,4,24,1152,2,'Retest templates for marketplace.',10,'2023-01-20',2023,1,3,'2023-01-20 12:32:34','2023-01-20 12:32:34'),(4216,4,8,1155,2,'Enabled getting location from google map api.',9,'2023-01-19',2023,1,3,'2023-01-20 12:33:25','2023-01-20 12:33:25'),(4217,4,24,1149,2,'Retest the exit contract functionality.',10,'2023-01-20',2023,1,3,'2023-01-20 12:35:34','2023-01-20 12:35:34'),(4218,4,8,1155,1,'Getting current location using google map api updates.',9,'2023-01-19',2023,1,3,'2023-01-20 12:36:03','2023-01-20 12:36:03'),(4219,4,8,1133,1.5,'Reviewed and updated the condition for getting sender.',9,'2023-01-19',2023,1,3,'2023-01-20 12:38:48','2023-01-20 12:38:48'),(4220,8,23,1142,2,'Firebase (FlutterFire) setup in Android',9,'2023-01-20',2023,1,3,'2023-01-22 06:15:20','2023-01-22 06:15:20'),(4221,8,23,1142,1.5,'Code and UI review of Communication module',12,'2023-01-21',2023,1,3,'2023-01-22 06:15:52','2023-01-22 06:15:52'),(4222,4,8,1059,2,'Re-written the code in frontend due to git issue.',9,'2023-01-18',2023,1,3,'2023-01-22 13:54:02','2023-01-22 13:54:02'),(4223,4,8,1059,1.5,'Bug fixes',9,'2023-01-18',2023,1,3,'2023-01-22 13:54:33','2023-01-22 13:54:33'),(4224,4,8,1122,0.25,'Reload investment page after investor signs the document.',9,'2023-01-18',2023,1,3,'2023-01-22 14:08:51','2023-01-22 14:08:51'),(4225,4,8,1122,2,'Created api to get subscription details for admin portal.',9,'2023-01-13',2023,1,2,'2023-01-22 14:48:42','2023-01-22 14:48:42'),(4226,4,8,1122,1,'Worked on api for getting subscription details for admin portal.',9,'2023-01-13',2023,1,2,'2023-01-22 14:49:24','2023-01-22 14:49:24'),(4227,4,8,1122,0.5,'Worked on getting documents on subscription details page in investor side.',9,'2023-01-13',2023,1,2,'2023-01-22 14:50:09','2023-01-22 14:50:09'),(4228,4,8,1122,1.5,'Worked on investment details ui',9,'2023-01-13',2023,1,2,'2023-01-22 14:52:27','2023-01-22 14:52:27'),(4229,4,8,1059,2,'Created api for assignment approval enhancement',9,'2023-01-12',2023,1,2,'2023-01-22 15:36:18','2023-01-22 15:36:18'),(4230,4,8,1059,1,'Updated api for assignment approval enhancement',9,'2023-01-12',2023,1,2,'2023-01-22 15:36:49','2023-01-22 15:36:49'),(4231,4,8,1059,3,'Worked on ui .',9,'2023-01-12',2023,1,2,'2023-01-22 15:38:38','2023-01-22 15:38:38'),(4232,4,8,868,1,'Miscellaneous',9,'2023-01-20',2023,1,3,'2023-01-22 15:49:51','2023-01-22 15:49:51'),(4233,4,8,868,1,'Miscellaneous',9,'2023-01-19',2023,1,3,'2023-01-22 15:50:14','2023-01-22 15:50:14'),(4234,4,8,868,1,'Miscellaneous',9,'2023-01-18',2023,1,3,'2023-01-22 15:50:40','2023-01-22 15:50:40'),(4235,4,8,868,1,'Miscellaneous',9,'2023-01-17',2023,1,3,'2023-01-22 15:50:59','2023-01-22 15:50:59'),(4236,4,8,868,1,'Miscellaneous',9,'2023-01-16',2023,1,3,'2023-01-22 15:51:17','2023-01-22 15:51:17'),(4237,4,8,868,1,'Miscellaneous',9,'2023-01-13',2023,1,2,'2023-01-22 15:51:38','2023-01-22 15:51:38'),(4238,4,8,868,1,'Miscellaneous',9,'2023-01-12',2023,1,2,'2023-01-22 15:51:59','2023-01-22 15:51:59'),(4239,4,8,868,1,'Miscellaneous',9,'2023-01-11',2023,1,2,'2023-01-22 15:52:22','2023-01-22 15:52:22'),(4240,4,8,868,1,'Miscellaneous',9,'2023-01-10',2023,1,2,'2023-01-22 15:52:50','2023-01-22 15:52:50'),(4241,4,8,868,1,'Miscellaneous',9,'2023-01-09',2023,1,2,'2023-01-22 15:53:32','2023-01-22 15:53:32'),(4242,8,23,1142,6,'Integration of Firebase messaging in Android',9,'2023-01-22',2023,1,3,'2023-01-23 07:05:04','2023-01-23 07:05:04'),(4243,4,24,1156,2,'Retest schedule and document generation functionality',10,'2023-01-23',2023,1,4,'2023-01-23 09:46:07','2023-01-23 09:46:07'),(4244,4,24,1154,2,'Re-test marketplace functionality',10,'2023-01-23',2023,1,4,'2023-01-23 09:48:11','2023-01-23 09:48:11'),(4245,4,24,369,2,'Review the prior issues and repeat the test.',10,'2023-01-18',2023,1,3,'2023-01-23 09:50:35','2023-01-23 09:50:35'),(4246,4,24,1122,2,'Test the admin navigation and investor investment details.',10,'2023-01-17',2023,1,3,'2023-01-23 09:59:21','2023-01-23 10:00:13'),(4247,4,24,1123,2,'Retest joint account creation and investment functionality',10,'2023-01-17',2023,1,3,'2023-01-23 10:02:33','2023-01-23 10:02:33'),(4248,16,14,956,2,'Maked Offer applied and investments screen',8,'2023-01-23',2023,1,4,'2023-01-23 12:36:54','2023-01-23 12:36:54'),(4249,16,14,956,2,'Maked investment and add payment screen',8,'2023-01-23',2023,1,4,'2023-01-23 12:37:23','2023-01-23 12:37:23'),(4250,27,28,1159,2,'display attachment files ',9,'2023-01-24',2023,1,4,'2023-01-24 03:58:24','2023-01-24 03:58:24'),(4251,27,28,1160,2,'download attachment files ',9,'2023-01-24',2023,1,4,'2023-01-24 04:00:13','2023-01-24 04:00:13'),(4252,27,28,1161,2,'send data on server',9,'2023-01-24',2023,1,4,'2023-01-24 04:03:29','2023-01-24 04:03:29'),(4253,27,28,1162,2,'code review',9,'2023-01-24',2023,1,4,'2023-01-24 04:04:30','2023-01-24 04:04:30'),(4254,27,28,1163,2,'launch Url in browser',9,'2023-01-24',2023,1,4,'2023-01-24 05:36:27','2023-01-26 01:48:41'),(4255,4,6,1157,1.5,'Fixed corrupted docs are visible in schedule 1',9,'2023-01-24',2023,1,4,'2023-01-24 06:07:12','2023-01-24 06:07:12'),(4256,8,23,1142,4,'Fixed secure storage issue while creating release build. Prepared the build and published it on play store',9,'2023-01-24',2023,1,4,'2023-01-24 10:15:05','2023-01-24 10:15:50'),(4257,4,24,1165,2,'Test the payment plan functionality.',10,'2023-01-24',2023,1,4,'2023-01-24 11:35:11','2023-01-24 11:35:11'),(4258,4,24,1137,2,'Test Bug no 1137',10,'2023-01-19',2023,1,3,'2023-01-24 11:38:32','2023-01-24 11:38:55'),(4259,4,24,1097,2,'Retest joint account functionality.',10,'2023-01-23',2023,1,4,'2023-01-24 11:53:44','2023-01-24 11:53:44'),(4260,4,6,1062,2,'Configuring Database for old data migration',9,'2023-01-24',2023,1,4,'2023-01-24 12:33:08','2023-01-24 12:33:08'),(4261,4,6,1062,2,'Testing old data migration scripts',9,'2023-01-24',2023,1,4,'2023-01-24 13:06:55','2023-01-24 13:06:55'),(4262,4,6,1062,2,'Testing and verifying old data migration scripts',9,'2023-01-24',2023,1,4,'2023-01-24 13:07:21','2023-01-24 13:07:21'),(4263,4,6,1062,0.5,'Configuring database scripts',9,'2023-01-24',2023,1,4,'2023-01-24 13:08:01','2023-01-24 13:08:01'),(4264,4,24,990,2,'The new offer is visible on both portals.',10,'2023-01-25',2023,1,4,'2023-01-25 05:23:00','2023-01-27 12:29:21'),(4265,4,24,1093,2,'Retest Bug no - 1093 ',10,'2023-01-25',2023,1,4,'2023-01-25 05:42:16','2023-01-27 12:29:45'),(4266,4,24,912,2,'Admin can delete a new fund with a new property that has a zero subscription. ',10,'2023-01-25',2023,1,4,'2023-01-25 06:16:46','2023-01-27 12:29:59'),(4267,4,24,1101,2,'Verify the change request to-do functionality at the admin portal.',10,'2023-01-24',2023,1,4,'2023-01-25 06:22:54','2023-01-27 12:28:38'),(4268,4,24,1099,2,'Verify bug no - 1099',10,'2023-01-24',2023,1,4,'2023-01-25 06:26:25','2023-01-27 12:29:00'),(4269,4,6,1062,2,'Data validation for offer level migration',9,'2023-01-25',2023,1,4,'2023-01-25 13:06:14','2023-01-25 13:06:14'),(4270,4,6,1062,2,'Data validation for offer level migration',9,'2023-01-25',2023,1,4,'2023-01-25 13:06:20','2023-01-25 13:06:20'),(4271,4,6,1062,2,'Executing and testing data migration scripts',9,'2023-01-25',2023,1,4,'2023-01-25 13:06:51','2023-01-25 13:06:51'),(4272,4,6,1062,2,'Executing and testing data migration scripts',9,'2023-01-25',2023,1,4,'2023-01-25 13:06:57','2023-01-25 13:06:57'),(4273,27,28,1171,1,'call investment  list API ',9,'2023-01-26',2023,1,4,'2023-01-26 01:53:28','2023-01-26 01:53:28'),(4274,27,28,1172,1,'investment event',9,'2023-01-26',2023,1,4,'2023-01-26 01:58:35','2023-01-26 01:58:35'),(4275,27,28,1173,2,'investment bloc',9,'2023-01-26',2023,1,4,'2023-01-26 02:01:27','2023-01-26 02:01:27'),(4276,27,28,1174,2,'investment page UI',9,'2023-01-26',2023,1,4,'2023-01-26 02:04:58','2023-01-26 02:04:58'),(4277,6,28,1175,2,'applied offer page  bug fixed',9,'2023-01-26',2023,1,4,'2023-01-26 02:15:20','2023-01-26 02:15:20'),(4278,4,13,1158,2,'Add upload w20rCpa certificate filed. ',9,'2023-01-23',2023,1,4,'2023-01-27 06:17:35','2023-01-27 06:19:22'),(4279,4,13,1158,2,'Ui fix of upload w2 or cpa certificate ',9,'2023-01-23',2023,1,4,'2023-01-27 06:17:54','2023-01-27 06:19:16'),(4280,4,13,1158,2,'Testing ',9,'2023-01-23',2023,1,4,'2023-01-27 06:18:00','2023-01-27 06:19:11'),(4281,4,13,1158,2,'Add hni field in admin side while changing investor status.  ',9,'2023-01-23',2023,1,4,'2023-01-27 06:18:50','2023-01-27 06:19:05'),(4282,4,13,1158,2,'Change variable name  ',9,'2023-01-25',2023,1,4,'2023-01-27 06:20:00','2023-01-27 06:20:00'),(4283,4,13,1158,2,'Ui fix on admin side while approving the offer subscription. ',9,'2023-01-25',2023,1,4,'2023-01-27 06:20:36','2023-01-27 06:20:36'),(4284,4,13,1158,2,'Show w2 or cpa certificate on admin side ',9,'2023-01-25',2023,1,4,'2023-01-27 06:21:01','2023-01-27 06:21:01'),(4286,4,13,1158,2,'Ui fixing',9,'2023-01-25',2023,1,4,'2023-01-27 06:21:36','2023-01-27 06:21:36'),(4287,16,14,876,2,'Maked tool bar for HRMS',9,'2023-01-27',2023,1,4,'2023-01-27 09:28:25','2023-01-27 09:28:25'),(4288,16,14,876,2,'Add menu button and notification icon, profile logo in toolbar',9,'2023-01-27',2023,1,4,'2023-01-27 09:29:28','2023-01-27 09:29:28'),(4289,4,13,1180,2,'Create get api & entity ',9,'2023-01-27',2023,1,4,'2023-01-27 11:26:04','2023-01-27 11:26:04'),(4290,4,13,1180,1,'Create moble app version log table in sql & insert data ',9,'2023-01-27',2023,1,4,'2023-01-27 11:26:40','2023-01-27 11:26:40'),(4291,4,13,1178,2,'Bug fix- prevent email for disabled template. ',9,'2023-01-27',2023,1,4,'2023-01-27 11:28:32','2023-01-27 11:28:32'),(4292,4,13,1178,0.5,'Restore database ',9,'2023-01-27',2023,1,4,'2023-01-27 11:28:52','2023-01-27 11:28:52'),(4293,4,13,1178,1.5,'Testing & bug fix ',9,'2023-01-27',2023,1,4,'2023-01-27 12:21:43','2023-01-27 12:21:43'),(4294,4,24,1177,2,'Test communication functionality for admin and investor.',10,'2023-01-27',2023,1,4,'2023-01-27 12:23:06','2023-01-27 12:23:06'),(4295,4,24,1169,2,'Retest To-Do functionality.',10,'2023-01-25',2023,1,4,'2023-01-27 12:24:32','2023-01-27 12:24:32'),(4296,4,24,1154,2,'Retest marketplace functionality.',10,'2023-01-23',2023,1,4,'2023-01-27 12:26:19','2023-01-27 12:26:19'),(4297,4,24,1156,2,'Retest schedule and document generation functionality',10,'2023-01-24',2023,1,4,'2023-01-27 12:31:28','2023-01-27 12:31:45'),(4298,4,24,1176,2,'Retest marketplace functionality.',10,'2023-01-27',2023,1,4,'2023-01-27 12:33:06','2023-01-27 12:33:06'),(4299,4,24,1178,2,'Retest Bug no- 1178',10,'2023-01-27',2023,1,4,'2023-01-27 12:34:19','2023-01-27 12:34:19'),(4300,4,24,1179,2,'Retest alert and communication functionality.',10,'2023-01-27',2023,1,4,'2023-01-27 12:36:23','2023-01-27 12:36:23'),(4301,8,23,1142,4,'Created UI for Update Info. Handled skipped button action for particular session.',9,'2023-01-26',2023,1,4,'2023-01-28 08:02:26','2023-01-28 08:02:26'),(4302,4,8,1181,2,'Created ui .',9,'2023-01-24',2023,1,4,'2023-01-29 16:33:53','2023-01-29 16:33:53'),(4303,4,8,1181,1,'Updated ui.',9,'2023-01-24',2023,1,4,'2023-01-29 16:34:48','2023-01-29 16:34:48'),(4304,4,8,1181,2,'Updated api to handle mass emails',9,'2023-01-24',2023,1,4,'2023-01-29 16:35:38','2023-01-29 16:35:38'),(4305,4,8,1181,1.5,'Testing and code fixes.',9,'2023-01-24',2023,1,4,'2023-01-29 16:38:25','2023-01-29 16:38:25'),(4306,4,8,1181,0.5,'Updated ui',9,'2023-01-24',2023,1,4,'2023-01-29 16:39:45','2023-01-29 16:39:45'),(4307,4,8,1181,2,'Updated code to download attachment once and store the file in local environment to use it further.',9,'2023-01-25',2023,1,4,'2023-01-29 16:41:59','2023-01-29 16:41:59'),(4308,4,8,1181,1.5,'Updated the code to save attachment in local environment.',9,'2023-01-25',2023,1,4,'2023-01-29 16:43:12','2023-01-29 16:43:12'),(4309,4,8,1181,1,'Bug fixes while saving attachments in local environment.',9,'2023-01-25',2023,1,4,'2023-01-29 16:43:57','2023-01-29 16:43:57'),(4310,4,8,1181,1.5,'Tested saving attachments in local environment while sending bulk emails and communication.',9,'2023-01-25',2023,1,4,'2023-01-29 16:44:59','2023-01-29 16:44:59'),(4311,4,6,1180,2,'Code review and clean up',9,'2023-01-27',2023,1,4,'2023-01-30 04:28:40','2023-01-30 04:28:40'),(4312,4,6,1178,1.5,'Code review',12,'2023-01-28',2023,1,4,'2023-01-30 04:29:03','2023-01-30 04:29:03'),(4313,4,6,1062,2,'Data migration validation with old data',9,'2023-01-27',2023,1,4,'2023-01-30 04:29:39','2023-01-30 04:31:48'),(4314,6,28,1182,2,'vertical divider added',9,'2023-01-30',2023,1,5,'2023-01-30 06:21:28','2023-01-30 06:21:28'),(4315,4,11,1183,2,'Marketplace status and bid request testing by doing multiple bids',10,'2023-01-30',2023,1,5,'2023-01-30 06:48:42','2023-01-30 06:48:42'),(4316,4,11,369,1.5,'Discussion regarding tickets of the january and issues verification',10,'2023-01-30',2023,1,5,'2023-01-30 06:49:42','2023-01-30 10:00:43'),(4317,4,13,1178,1,'Testing ',9,'2023-01-27',2023,1,4,'2023-01-30 07:54:58','2023-01-30 07:55:10'),(4318,4,13,1185,0.25,'Change saves button icon. ',9,'2023-01-30',2023,1,5,'2023-01-30 09:17:41','2023-01-30 09:17:41'),(4319,4,11,1059,2,'Sanity testing change request and change request full navigation.',10,'2023-01-25',2023,1,4,'2023-01-30 10:04:30','2023-01-30 10:04:30'),(4320,4,11,987,1.5,'Checked the UI for timeout web',10,'2023-01-25',2023,1,4,'2023-01-30 10:06:42','2023-01-30 10:07:09'),(4321,8,11,1167,2,'Mobile app loader and data testing',10,'2023-01-16',2023,1,3,'2023-01-30 10:23:48','2023-01-30 10:25:32'),(4322,4,11,1098,2,'To-do retesting in dev',10,'2023-01-17',2023,1,3,'2023-01-30 10:29:40','2023-01-30 10:29:59'),(4323,16,14,876,2,'Reimplement toolbar for hrms',9,'2023-01-30',2023,1,5,'2023-01-30 10:31:32','2023-01-30 10:31:32'),(4324,16,14,876,2,'Created components in angular for hrms',9,'2023-01-30',2023,1,5,'2023-01-30 10:33:48','2023-01-30 10:33:48'),(4325,8,11,1120,2,'Testing of the secondary holder signature and the UI of the document.',10,'2023-01-30',2023,1,5,'2023-01-30 10:33:57','2023-01-30 10:33:57'),(4326,16,14,876,2,'Maked dashboard page',9,'2023-01-30',2023,1,5,'2023-01-30 10:34:18','2023-01-30 10:34:18'),(4327,4,11,369,2,'Created new user signup with new cases signed the AC document before the PPM',10,'2023-01-30',2023,1,5,'2023-01-30 10:37:27','2023-01-30 10:37:27'),(4328,4,11,1164,0.5,'Tested the payment history with subscription reduction feature',10,'2023-01-30',2023,1,5,'2023-01-30 10:38:48','2023-01-30 10:38:48'),(4329,4,13,1184,2,'Fix paginator & add check in delete option. ',9,'2023-01-30',2023,1,5,'2023-01-30 12:15:39','2023-01-30 12:15:39'),(4330,4,13,1107,2,'Change status for deleted cancel cheque. ',9,'2023-01-30',2023,1,5,'2023-01-30 12:16:59','2023-01-30 12:16:59'),(4331,4,13,1107,0.75,'Get cancel cheque details if bank account is approved. ',9,'2023-01-30',2023,1,5,'2023-01-30 12:17:43','2023-01-30 12:17:43'),(4332,4,13,1107,1.5,'Testing ',9,'2023-01-30',2023,1,5,'2023-01-30 12:18:11','2023-01-30 12:18:11'),(4333,4,8,1186,2,'Arranged import statements in correct order.',9,'2023-01-30',2023,1,5,'2023-01-30 12:18:35','2023-01-30 12:18:35'),(4334,4,8,1186,2,'Removed cross-module depencies',9,'2023-01-30',2023,1,5,'2023-01-30 12:19:11','2023-01-30 12:19:11'),(4335,4,13,1185,0.25,'Unit testing ',9,'2023-01-30',2023,1,5,'2023-01-30 12:19:13','2023-01-30 12:19:13'),(4336,4,8,1186,2,'Code cleanup',9,'2023-01-30',2023,1,5,'2023-01-30 12:21:29','2023-01-30 12:21:29'),(4337,4,8,1186,1,'Code cleanup',9,'2023-01-30',2023,1,5,'2023-01-30 12:22:02','2023-01-30 12:22:02'),(4338,4,8,868,1,'Miscellaneous - Took interviews',9,'2023-01-30',2023,1,5,'2023-01-30 12:23:13','2023-01-30 12:23:13'),(4339,4,24,989,2,'Re-test the emails and alerts functionality for rows 1 through 16 in the Emails and Alerts Excel Sheet.',10,'2023-01-30',2023,1,5,'2023-01-30 12:25:05','2023-01-30 12:25:05'),(4340,4,24,989,2,'Re-test the emails and alerts functionality for rows 17 through 27 in the Emails and Alerts Excel Sheet.',10,'2023-01-30',2023,1,5,'2023-01-30 12:26:13','2023-01-30 12:26:13'),(4341,4,24,989,2,'Re-test the emails and alerts functionality for rows 28 through 41 in the Emails and Alerts Excel Sheet.',10,'2023-01-30',2023,1,5,'2023-01-30 12:27:08','2023-01-30 12:27:08'),(4342,4,8,868,1,'Miscellaneous',9,'2023-01-25',2023,1,4,'2023-01-30 12:27:12','2023-01-30 12:27:12'),(4343,4,8,868,1,'Miscellaneous',9,'2023-01-24',2023,1,4,'2023-01-30 12:27:50','2023-01-30 12:27:50'),(4344,4,8,1177,1.5,'Fixed bug in generated link in communication details.',9,'2023-01-27',2023,1,4,'2023-01-30 12:35:02','2023-01-30 12:35:02'),(4345,4,8,1177,0.5,'Now, all the admins get the alert for new cc.',9,'2023-01-27',2023,1,4,'2023-01-30 12:36:15','2023-01-30 12:36:15'),(4346,4,8,1176,1,'Issue has been fixed.',9,'2023-01-27',2023,1,4,'2023-01-30 12:38:16','2023-01-30 12:38:16'),(4347,4,11,1155,1,'Created test cases ',10,'2023-01-30',2023,1,5,'2023-01-30 12:38:54','2023-01-30 12:38:54'),(4348,4,8,1156,2,'Reviewed',9,'2023-01-23',2023,1,4,'2023-01-30 12:40:38','2023-01-30 12:40:38'),(4349,4,8,868,1,'Miscellaneous',9,'2023-01-27',2023,1,4,'2023-01-30 12:41:25','2023-01-30 12:41:25'),(4350,4,8,868,1,'Miscellaneous',9,'2023-01-23',2023,1,4,'2023-01-30 12:41:43','2023-01-30 12:41:43'),(4351,16,14,876,2,'Maked new components for hrms',9,'2023-01-30',2023,1,5,'2023-01-30 13:24:03','2023-01-30 13:24:03'),(4352,4,13,1184,1.25,'Add canDelete entity to check is any active bids ',9,'2023-01-30',2023,1,5,'2023-01-31 05:26:02','2023-01-31 05:26:02'),(4353,16,14,876,2,'Created new components and add routing modules',9,'2023-01-31',2023,1,5,'2023-01-31 07:33:21','2023-01-31 07:33:21'),(4354,8,7,1104,2.25,'Added ppm and other document view in signature terms and condition page and implemented download option for them.',9,'2023-01-16',2023,1,3,'2023-01-31 07:49:16','2023-01-31 07:49:16'),(4355,8,7,1104,0.5,'Testing.',10,'2023-01-16',2023,1,3,'2023-01-31 07:49:30','2023-01-31 07:49:30'),(4356,8,7,1104,2.25,'added list view for multiple sign request and UI changes.',9,'2023-01-16',2023,1,3,'2023-01-31 07:50:45','2023-01-31 07:50:45'),(4357,8,7,1104,1.25,'Code cleanup, UI changes and testing.',9,'2023-01-16',2023,1,3,'2023-01-31 07:52:02','2023-01-31 07:52:35'),(4358,8,7,1129,1.25,'Changed icon\'s color, UI changes and code cleanup.',9,'2023-01-17',2023,1,3,'2023-01-31 07:55:34','2023-01-31 07:55:34'),(4359,8,7,823,2,'Bug\'s branch merging, code cleanup and testing.',11,'2023-01-17',2023,1,3,'2023-01-31 07:57:10','2023-01-31 07:57:10'),(4360,4,11,1156,0.5,'verified the case of cancelled check after the deployment',10,'2023-01-31',2023,1,5,'2023-01-31 10:06:29','2023-01-31 10:06:29'),(4361,8,7,1129,1.75,'Implemented attachment add with multiple file support',9,'2023-01-18',2023,1,3,'2023-01-31 10:14:23','2023-01-31 10:14:23'),(4362,8,7,1129,0.75,'Reviewed packages for multiple file picker support.',11,'2023-01-18',2023,1,3,'2023-01-31 10:14:54','2023-01-31 10:14:54'),(4363,8,7,1129,1.25,'Communication compose testing.',10,'2023-01-18',2023,1,3,'2023-01-31 10:15:15','2023-01-31 10:15:15'),(4364,8,7,1129,0.75,'Added validation for max files and file size in communication compose.',9,'2023-01-18',2023,1,3,'2023-01-31 10:24:06','2023-01-31 10:24:06'),(4365,8,7,1129,0.75,'Added delete option for attachment from cloud and testing.',9,'2023-01-18',2023,1,3,'2023-01-31 10:24:34','2023-01-31 10:24:34'),(4366,8,7,1129,0.75,'Fixed communication add bug and null check issues.',9,'2023-01-18',2023,1,3,'2023-01-31 10:25:05','2023-01-31 10:25:05'),(4367,8,7,1129,0.5,'Added prefix and app strings in common and code cleanup.',9,'2023-01-18',2023,1,3,'2023-01-31 10:26:06','2023-01-31 10:26:06'),(4368,8,7,1129,0.5,'Testing.',9,'2023-01-18',2023,1,3,'2023-01-31 10:26:31','2023-01-31 10:26:31'),(4369,16,14,876,2,'Maked personal, team and team pages and components',9,'2023-01-31',2023,1,5,'2023-01-31 11:33:18','2023-01-31 11:33:18'),(4370,4,11,1062,2,'Created new offers with single and multiple properties to test',10,'2023-01-31',2023,1,5,'2023-01-31 11:42:33','2023-01-31 11:42:33'),(4371,4,11,1062,2,'Tested different investors with old data and new data comparison',10,'2023-01-31',2023,1,5,'2023-01-31 11:43:12','2023-01-31 11:43:12'),(4372,4,11,1181,0.5,'testing of mass communictaion with different admins',10,'2023-01-31',2023,1,5,'2023-01-31 11:47:42','2023-01-31 11:47:42'),(4373,4,11,1140,0.5,'marketplace Buyer name and missing chip testing with different senerios.',10,'2023-01-31',2023,1,5,'2023-01-31 11:49:16','2023-01-31 11:49:16'),(4374,4,24,1183,2,'Retest Bug no - 1183',10,'2023-01-30',2023,1,5,'2023-01-31 11:51:22','2023-01-31 11:51:22'),(4375,4,24,1187,2,'Retest the fund creation functionality.',10,'2023-01-31',2023,1,5,'2023-01-31 11:56:50','2023-01-31 11:56:50'),(4376,8,7,1129,0.75,'Document formatting issues and code cleanup.',9,'2023-01-23',2023,1,4,'2023-01-31 12:00:32','2023-01-31 12:00:32'),(4377,8,7,1129,2.5,'Fixed communication multiple attachment and saving issue.',9,'2023-01-23',2023,1,4,'2023-01-31 12:01:06','2023-01-31 12:01:06'),(4378,4,24,1177,2,'Verify bug no - 1177',10,'2023-01-31',2023,1,5,'2023-01-31 12:08:57','2023-01-31 12:08:57'),(4379,8,7,1129,1.75,'Added communication view page and blocs.',9,'2023-01-13',2023,1,2,'2023-01-31 12:09:53','2023-01-31 12:09:53'),(4380,8,7,1129,0.75,'Added communication view blocs an events.',9,'2023-01-13',2023,1,2,'2023-01-31 12:11:27','2023-01-31 12:11:27'),(4381,8,7,1129,1.75,'Added communication page UI and blocs.',9,'2023-01-14',2023,1,2,'2023-01-31 12:12:47','2023-01-31 12:12:47'),(4382,8,7,1129,1.5,'Added blocs and events to load investor and fund select list items for communication compose',9,'2023-01-14',2023,1,2,'2023-01-31 12:13:55','2023-01-31 12:13:55'),(4383,8,7,1129,1.5,'Reviewed API\'s and code for communication redirection.',11,'2023-01-23',2023,1,4,'2023-01-31 12:16:52','2023-01-31 12:16:52'),(4384,8,7,1129,0.75,'Added API\'s and events to get communication claims.',9,'2023-01-23',2023,1,4,'2023-01-31 12:21:28','2023-01-31 12:21:28'),(4385,8,7,1129,2.5,'Added initial common data and code to redirect on communication next step.',9,'2023-01-23',2023,1,4,'2023-01-31 12:22:44','2023-01-31 12:22:44'),(4386,4,11,1140,0.5,'Seller buyer name and chip verified',10,'2023-01-31',2023,1,5,'2023-01-31 12:24:47','2023-01-31 12:24:47'),(4387,8,7,1192,1.25,'Reviewed new UI changes to do or implement.',11,'2023-01-25',2023,1,4,'2023-01-31 12:25:23','2023-01-31 12:25:23'),(4388,4,6,1062,2,'Data migration script testing and validation',9,'2023-01-30',2023,1,5,'2023-01-31 12:25:54','2023-01-31 12:25:54'),(4389,8,7,1192,1.25,'Reviewed offer and investment grouping.',11,'2023-01-25',2023,1,4,'2023-01-31 12:26:01','2023-01-31 12:26:01'),(4390,8,7,1192,2.5,'Implement offer grouping for applied offer page.',9,'2023-01-25',2023,1,4,'2023-01-31 12:28:40','2023-01-31 12:28:40'),(4391,8,7,1192,1.25,'Model and code cleanup and for new UI and Reviewed API\'s response to implement.',9,'2023-01-25',2023,1,4,'2023-01-31 12:29:32','2023-01-31 12:29:32'),(4392,8,7,1192,1.75,'changed Investment detail page UI as per new requirement.',9,'2023-01-25',2023,1,4,'2023-01-31 12:31:32','2023-01-31 12:31:32'),(4393,8,7,1192,1.25,'Added investment-detail page and blocs to fetch investment.',9,'2023-01-26',2023,1,4,'2023-01-31 12:34:02','2023-01-31 12:34:02'),(4394,8,7,1192,1.25,'Added investment widget to show investment detail.',9,'2023-01-26',2023,1,4,'2023-01-31 12:34:47','2023-01-31 12:34:47'),(4395,8,7,1192,2.5,'Payment schedule page cleanup and added it to investment detail,',9,'2023-01-26',2023,1,4,'2023-01-31 12:40:34','2023-01-31 12:40:34'),(4396,8,7,1192,2.25,'Added investment document detail page in expansion tile.',9,'2023-01-27',2023,1,4,'2023-01-31 12:41:22','2023-01-31 12:41:22'),(4397,4,13,1193,2,'Write sql query to get offer subscription by investor id. ',9,'2023-01-31',2023,1,5,'2023-01-31 12:41:34','2023-01-31 12:41:34'),(4398,4,13,1193,2,'Write sql  query to get offer name. ',9,'2023-01-31',2023,1,5,'2023-01-31 12:42:01','2023-01-31 12:42:01'),(4399,8,7,1192,2,'Added payment schedule and payment details in expansion panel and some UI changes.',9,'2023-01-27',2023,1,4,'2023-01-31 12:42:32','2023-01-31 12:42:32'),(4400,4,13,1193,2,'Write sql query to get offer name, investment & investor name. ',9,'2023-01-31',2023,1,5,'2023-01-31 12:42:45','2023-01-31 12:42:45'),(4401,4,13,1193,1.25,'Try to group record by fund full name. ',9,'2023-01-31',2023,1,5,'2023-01-31 12:43:23','2023-01-31 12:43:23'),(4402,8,7,1192,2.5,'Added communication redirection for investment detail and doc sign.',9,'2023-01-27',2023,1,4,'2023-01-31 12:43:35','2023-01-31 12:43:43'),(4403,16,14,876,2,'Maked family, education and documents screen and components',9,'2023-01-31',2023,1,5,'2023-01-31 12:44:41','2023-01-31 12:44:41'),(4404,8,7,1192,0.75,'Testing for redirection and doc-sign model pop-up.',9,'2023-01-27',2023,1,4,'2023-01-31 12:44:43','2023-01-31 12:44:43'),(4405,4,11,1179,0.5,'Testing of alerts for different admins.',10,'2023-01-31',2023,1,5,'2023-01-31 12:47:40','2023-01-31 12:47:40'),(4406,4,13,1107,0.75,'Resolve circular dependency error. ',9,'2023-01-31',2023,1,5,'2023-01-31 12:49:09','2023-01-31 12:49:09'),(4407,4,11,1107,1,'Testing by adding different bank accounts',10,'2023-01-31',2023,1,5,'2023-01-31 12:49:37','2023-01-31 12:49:37'),(4408,8,7,1192,2,'Investment detail and applied offer expansion panel font and UI changes and testing.',9,'2023-01-30',2023,1,5,'2023-01-31 12:50:28','2023-01-31 12:50:28'),(4409,8,7,1129,0.5,'Added vertical colored padding view for unread communications.',9,'2023-01-30',2023,1,5,'2023-01-31 12:51:51','2023-01-31 12:51:51'),(4410,8,7,1129,0.25,'Fixed unread communication\'s indicator UI .',9,'2023-01-30',2023,1,5,'2023-01-31 12:52:50','2023-01-31 12:52:50'),(4411,8,7,1192,0.75,'Added no record found view in investment detail for document, payment schedules and payments expansion tile.',9,'2023-01-30',2023,1,5,'2023-01-31 12:54:27','2023-01-31 12:54:27'),(4412,8,7,1192,0.5,'Investment detail small UI fixes.',9,'2023-01-30',2023,1,5,'2023-01-31 12:55:27','2023-01-31 12:55:27'),(4413,8,7,1192,0.25,'Replaced add button with add icon for add payment.',9,'2023-01-30',2023,1,5,'2023-01-31 12:56:13','2023-01-31 12:56:13'),(4414,8,7,1192,0.5,'Reviewed solution and packages for page view slider for multiple grouped investment overflowed detail.',11,'2023-01-30',2023,1,5,'2023-01-31 12:57:11','2023-01-31 12:57:11'),(4415,8,7,1192,1.25,'Added expanded page view slider for grouped investment view in offer expansion panel.',9,'2023-01-30',2023,1,5,'2023-01-31 12:58:52','2023-01-31 12:58:52'),(4416,8,7,1129,1.5,'Implemented filter option for communication and code cleanup.',9,'2023-01-30',2023,1,5,'2023-01-31 12:59:56','2023-01-31 12:59:56'),(4417,8,7,1129,0.5,'Reviewed communication filter.',11,'2023-01-30',2023,1,5,'2023-01-31 13:00:14','2023-01-31 13:00:14'),(4418,8,7,1129,0.5,'Testing.',10,'2023-01-30',2023,1,5,'2023-01-31 13:00:35','2023-01-31 13:00:35'),(4419,8,7,1192,2.25,'Changed dashboard API\'s as per new changes.',9,'2023-01-31',2023,1,5,'2023-01-31 13:03:32','2023-01-31 13:03:32'),(4420,8,7,1192,0.5,'Testing.',9,'2023-01-31',2023,1,5,'2023-01-31 13:03:41','2023-01-31 13:03:41'),(4421,8,7,1129,1.25,'Added attachment view in communication detail page',9,'2023-01-31',2023,1,5,'2023-01-31 13:05:17','2023-01-31 13:05:17'),(4422,4,6,1062,2,'Data validation for offer level migration',9,'2023-01-30',2023,1,5,'2023-01-31 13:06:52','2023-01-31 13:06:52'),(4423,4,6,1062,2,'Executing and testing data migration scripts',9,'2023-01-30',2023,1,5,'2023-01-31 13:07:14','2023-01-31 13:07:14'),(4424,4,6,1062,2,'Validating old and new dashboard data',9,'2023-01-30',2023,1,5,'2023-01-31 13:07:52','2023-01-31 13:07:52'),(4425,4,6,1062,2,'Validating old and new dashboard data in local database',9,'2023-01-27',2023,1,4,'2023-01-31 13:08:28','2023-01-31 13:08:28'),(4426,4,6,1062,2,'Validating old and new dashboard data in local database',9,'2023-01-27',2023,1,4,'2023-01-31 13:08:40','2023-01-31 13:08:40'),(4427,8,7,1129,2.25,'Implemented status change on reply and back and page reloading in view message.',9,'2023-01-31',2023,1,5,'2023-01-31 13:09:14','2023-01-31 13:09:14'),(4428,4,24,1190,2,'Test the bank account creation functionality.',10,'2023-01-31',2023,1,5,'2023-01-31 13:09:19','2023-01-31 13:09:19'),(4429,8,7,1129,0.5,'Testing.',10,'2023-01-31',2023,1,5,'2023-01-31 13:09:24','2023-01-31 13:09:24'),(4430,4,24,1189,2,'Test the bank account creation functionality.',10,'2023-01-31',2023,1,5,'2023-01-31 13:11:25','2023-01-31 13:11:25'),(4431,4,8,1195,1.5,'Reviewed fact transaction changes while approving change contract and exit contract',9,'2023-01-31',2023,1,5,'2023-01-31 13:13:16','2023-01-31 13:13:16'),(4432,4,6,1066,2,'Fixed investor zip code is not updating',9,'2023-01-11',2023,1,2,'2023-01-31 13:19:34','2023-01-31 13:19:34'),(4433,4,6,764,2,'Fixed some to-do redirections that newly added',9,'2023-01-12',2023,1,2,'2023-01-31 13:21:00','2023-01-31 13:21:00'),(4434,4,6,767,2,'Added multiple receiver component',9,'2023-01-12',2023,1,2,'2023-01-31 13:22:35','2023-01-31 13:22:35'),(4435,4,6,767,2,'Fixed communication issues',9,'2023-01-13',2023,1,2,'2023-01-31 13:24:18','2023-01-31 13:24:18'),(4436,4,6,767,0.5,'Unit testing',10,'2023-01-13',2023,1,2,'2023-01-31 13:24:57','2023-01-31 13:25:10'),(4437,4,6,1062,1.5,'Identifying equity numbers are wrong after migration',9,'2023-01-31',2023,1,5,'2023-01-31 13:26:07','2023-01-31 13:26:07'),(4438,27,28,1196,2,'added attachment file',9,'2023-02-01',2023,2,5,'2023-02-01 04:13:13','2023-02-01 04:13:13'),(4439,27,28,1197,2,'added search textfield ',9,'2023-02-01',2023,2,5,'2023-02-01 04:15:05','2023-02-01 04:15:05'),(4440,8,7,1129,0.75,'Testing.',10,'2023-02-01',2023,2,5,'2023-02-01 06:17:03','2023-02-01 06:17:03'),(4441,8,7,1129,0.5,'Code cleanup.',9,'2023-02-01',2023,2,5,'2023-02-01 06:17:18','2023-02-01 06:17:18'),(4442,8,7,1129,1.25,'Added API to fetch communication detail, code cleanup and communication redirection testing.',9,'2023-02-01',2023,2,5,'2023-02-01 06:18:22','2023-02-01 06:18:22'),(4443,4,14,1198,2,'Scroller and paginator problem fix',9,'2023-02-01',2023,2,5,'2023-02-01 07:52:30','2023-02-01 07:52:30'),(4444,4,11,1148,1,'Verified in dev after deployment',10,'2023-02-01',2023,2,5,'2023-02-01 09:20:26','2023-02-01 09:20:26'),(4445,4,11,1153,0.5,'Verified the chip with all the cases',10,'2023-02-01',2023,2,5,'2023-02-01 09:21:50','2023-02-01 09:21:50'),(4446,4,11,1179,0.5,'verified and reported new issue',10,'2023-02-01',2023,2,5,'2023-02-01 09:26:42','2023-02-01 09:26:42'),(4447,4,11,1184,0.5,'verified the buy request and and sell request required feature',10,'2023-02-01',2023,2,5,'2023-02-01 10:04:07','2023-02-01 10:04:07'),(4448,4,11,1181,1,'Tested the mass communication feature by composing and replying to the investors',10,'2023-02-01',2023,2,5,'2023-02-01 10:05:28','2023-02-01 10:05:28'),(4449,4,11,1107,0.5,'discussion regarding the bank accounts for cash distribution',10,'2023-02-01',2023,2,5,'2023-02-01 10:06:24','2023-02-01 10:06:24'),(4450,4,11,1199,0.5,'communication testing from both admin and investor side',10,'2023-02-01',2023,2,5,'2023-02-01 10:14:43','2023-02-01 10:14:43'),(4451,8,7,1129,1.5,'Added filter option like read, unread and archived for communication and testing.',9,'2023-02-01',2023,2,5,'2023-02-01 10:19:31','2023-02-01 10:19:31'),(4452,8,7,1129,0.5,'Changed signature dialog check-box UI and code cleanup.',9,'2023-02-01',2023,2,5,'2023-02-01 10:20:24','2023-02-01 10:20:24'),(4453,8,7,1192,1,'Resolved offer detail slow loading issue.',9,'2023-02-01',2023,2,5,'2023-02-01 10:21:24','2023-02-01 10:21:24'),(4454,4,24,1199,2,'Test communication functionality for admin and investor.',10,'2023-02-01',2023,2,5,'2023-02-01 11:32:32','2023-02-01 11:32:32'),(4455,4,11,1149,0.5,'verifies the class after exit contract',10,'2023-02-01',2023,2,5,'2023-02-01 12:07:54','2023-02-01 12:07:54'),(4456,4,11,1194,0.3,'discussion for requirement analysis',10,'2023-02-01',2023,2,5,'2023-02-01 12:09:25','2023-02-01 12:11:03'),(4457,4,11,1199,0.3,'verified the issue',10,'2023-02-01',2023,2,5,'2023-02-01 12:10:30','2023-02-01 12:10:30'),(4458,4,11,1062,0.5,'verified that offers is visible in the dashboard.',10,'2023-02-01',2023,2,5,'2023-02-01 12:13:26','2023-02-01 12:13:26'),(4459,4,11,1137,0.25,'verified the issue',10,'2023-02-01',2023,2,5,'2023-02-01 12:14:39','2023-02-01 12:14:39'),(4460,4,11,1105,0.25,'verified the issue',10,'2023-02-01',2023,2,5,'2023-02-01 12:15:57','2023-02-01 12:15:57'),(4461,4,11,1136,0.25,'issue verified',10,'2023-02-01',2023,2,5,'2023-02-01 12:16:57','2023-02-01 12:16:57'),(4462,4,11,1133,0.5,'Admin is now able to reply the communication, Issue verified',10,'2023-02-01',2023,2,5,'2023-02-01 12:18:06','2023-02-01 12:18:06'),(4463,4,11,1134,0.5,'verified the issue',10,'2023-02-01',2023,2,5,'2023-02-01 12:19:36','2023-02-01 12:19:36'),(4464,16,14,876,2,'Maked personal upsert screen and add components',9,'2023-02-01',2023,2,5,'2023-02-01 12:39:37','2023-02-01 12:39:37'),(4465,16,14,876,2,'Maked education upsert screen and add components',9,'2023-02-01',2023,2,5,'2023-02-01 12:40:14','2023-02-01 12:40:14'),(4466,16,14,876,2,'Fix sidenav and maked family upsert screen and component',9,'2023-02-01',2023,2,5,'2023-02-01 12:41:17','2023-02-01 12:41:17'),(4467,4,6,1199,2,'Fixed multiple communication issue',9,'2023-02-01',2023,2,5,'2023-02-02 04:27:33','2023-02-02 04:27:33'),(4468,4,6,1062,2,'Fixed offer grid in dash board',9,'2023-02-01',2023,2,5,'2023-02-02 04:34:30','2023-02-02 04:34:30'),(4469,4,11,1107,1,'Created new cases and updated some cases upload the cases in the ticket',10,'2023-02-02',2023,2,5,'2023-02-02 06:17:25','2023-02-02 06:17:25'),(4470,4,11,1122,1,'Updated the test cases and uploaded in the ticket',10,'2023-02-02',2023,2,5,'2023-02-02 06:20:25','2023-02-02 06:20:25'),(4471,8,7,1208,0.5,'Fixed pending offer tag bug and testing.',9,'2023-02-02',2023,2,5,'2023-02-02 07:31:35','2023-02-02 07:31:35'),(4472,16,14,876,2,'Added custom themes in our project',9,'2023-02-02',2023,2,5,'2023-02-02 09:45:27','2023-02-02 09:45:27'),(4473,16,14,876,2,'Created leaves component and apply routing ',9,'2023-02-02',2023,2,5,'2023-02-02 09:49:11','2023-02-02 09:49:11'),(4474,16,14,876,2,'Maked leaves  stats and logs screen',9,'2023-02-02',2023,2,5,'2023-02-02 09:49:19','2023-02-02 09:49:19'),(4475,4,6,1122,2,'Fixed missing documents on investment detail page',9,'2023-02-02',2023,2,5,'2023-02-02 10:26:57','2023-02-02 10:26:57'),(4476,4,6,1122,1,'Unit testing',10,'2023-02-02',2023,2,5,'2023-02-02 10:27:06','2023-02-02 10:27:06'),(4477,4,6,1062,2,'Fixed ROI grind and code clean up',9,'2023-02-02',2023,2,5,'2023-02-02 10:27:44','2023-02-02 10:27:44'),(4478,8,11,1218,2,'tested the payment section and new Ui of offer applied ',10,'2023-02-02',2023,2,5,'2023-02-02 11:32:37','2023-02-02 11:32:37'),(4479,8,11,1211,1,'Communication testing and bug reporting',10,'2023-02-02',2023,2,5,'2023-02-02 11:33:26','2023-02-02 11:33:26'),(4480,8,7,1210,0.25,'Fixed Paid to date and deployment amount sequence.',9,'2023-02-02',2023,2,5,'2023-02-02 12:06:04','2023-02-02 12:06:04'),(4481,16,14,876,2,'Maked leaves apply page and create routing ',9,'2023-02-02',2023,2,5,'2023-02-02 12:16:35','2023-02-02 12:16:35'),(4482,8,24,1220,1,'Test communication functionality for admin and investor.',10,'2023-02-02',2023,2,5,'2023-02-02 12:44:06','2023-02-02 12:44:06'),(4483,8,24,1219,1,'Test document creation and downloading functionality.',10,'2023-02-02',2023,2,5,'2023-02-02 12:45:54','2023-02-02 12:45:54'),(4484,8,24,1218,1,'Test the adding, editing, rejecting, and deleting of payments.',10,'2023-02-02',2023,2,5,'2023-02-02 12:47:50','2023-02-02 12:47:50'),(4485,8,24,1217,1,'Check the mobile application\'s page response and loading times.',10,'2023-02-02',2023,2,5,'2023-02-02 12:51:35','2023-02-02 12:51:35'),(4486,8,11,1206,1,'Offer UI testing',10,'2023-02-02',2023,2,5,'2023-02-02 12:52:58','2023-02-02 12:52:58'),(4487,8,24,1216,1,'Test the mobile application\'s response to financial documents.',10,'2023-02-02',2023,2,5,'2023-02-02 12:53:18','2023-02-02 12:53:18'),(4488,4,11,369,0.5,'discussion regarding ticket #190 azure',10,'2023-02-02',2023,2,5,'2023-02-02 12:54:16','2023-02-02 12:54:16'),(4489,8,24,1213,1,'Test investment details and UI',10,'2023-02-02',2023,2,5,'2023-02-02 12:54:52','2023-02-02 12:54:52'),(4490,8,7,1211,1.25,'Fixed communication date time conversion issue',9,'2023-02-02',2023,2,5,'2023-02-02 12:55:49','2023-02-02 12:55:49'),(4491,8,24,1211,1,'Test email notification functionality at investor email inbox.',10,'2023-02-02',2023,2,5,'2023-02-02 12:55:51','2023-02-02 12:55:51'),(4492,8,11,1216,0.75,'All document sign and all document are visible are not testing.',10,'2023-02-02',2023,2,5,'2023-02-02 13:00:21','2023-02-02 13:00:21'),(4493,8,24,1203,1,'Test filter functionality.',10,'2023-02-02',2023,2,5,'2023-02-02 13:01:06','2023-02-02 13:01:06'),(4494,8,7,1213,0.25,'Fixed preferred return of investment details',9,'2023-02-02',2023,2,5,'2023-02-02 13:01:29','2023-02-02 13:01:29'),(4495,8,11,1213,0.5,'Available offer section testing',10,'2023-02-02',2023,2,5,'2023-02-02 13:02:09','2023-02-02 13:02:09'),(4496,4,24,1202,2,'Test the marketplace functionality.',10,'2023-02-01',2023,2,5,'2023-02-02 13:07:08','2023-02-02 13:07:08'),(4497,4,24,1194,2,'Test W2/CPA Certificate upload functionality.',10,'2023-02-01',2023,2,5,'2023-02-02 13:11:43','2023-02-02 13:11:59'),(4498,4,13,1194,2,'Resolve bug ',9,'2023-02-01',2023,2,5,'2023-02-03 05:35:40','2023-02-06 04:52:04'),(4499,4,13,1193,2,'Write sql query ',9,'2023-02-01',2023,2,5,'2023-02-03 05:36:56','2023-02-03 05:36:56'),(4500,4,13,1193,2,'Write sql query to show investor full investor full legal nm',9,'2023-02-01',2023,2,5,'2023-02-03 05:37:27','2023-02-03 05:37:27'),(4501,4,13,1193,2,'Write sql query to show investor full investor full legal nm in single row',9,'2023-02-01',2023,2,5,'2023-02-03 05:37:54','2023-02-03 05:37:54'),(4502,16,14,876,2,'Create directory and attendance components and add routing',9,'2023-02-03',2023,2,5,'2023-02-03 09:13:55','2023-02-03 09:13:55'),(4503,16,14,876,2,'Maked directory, attendance and leave logs table ',9,'2023-02-03',2023,2,5,'2023-02-03 09:15:19','2023-02-03 09:15:19'),(4504,4,11,1221,1,'client issue testing',10,'2023-02-03',2023,2,5,'2023-02-03 09:37:41','2023-02-03 09:37:41'),(4505,4,11,1225,1,'investment details all types of documents testing',10,'2023-02-03',2023,2,5,'2023-02-03 09:39:35','2023-02-03 09:39:35'),(4506,4,11,1223,0.5,'Testing of documents in invetsment details with include all and without including all.',10,'2023-02-03',2023,2,5,'2023-02-03 09:40:18','2023-02-03 09:40:18'),(4507,4,11,1194,1,'Tested the reverted changes',10,'2023-02-03',2023,2,5,'2023-02-03 09:40:53','2023-02-03 09:40:53'),(4508,4,11,1107,1,'Tested the reverted changes ',10,'2023-02-03',2023,2,5,'2023-02-03 09:43:56','2023-02-03 09:43:56'),(4509,4,11,1179,0.25,'issue verified',10,'2023-02-03',2023,2,5,'2023-02-03 09:45:22','2023-02-03 09:45:22'),(4510,4,11,1181,0.75,'Tested and verified the task',10,'2023-02-03',2023,2,5,'2023-02-03 09:46:11','2023-02-03 09:46:11'),(4511,4,24,1223,1,'Retset subscription details on Administrator portal similar to investor side.',10,'2023-02-03',2023,2,5,'2023-02-03 09:46:54','2023-02-03 09:46:54'),(4512,4,24,1222,2,'Retest email and alerts for investor.',10,'2023-02-03',2023,2,5,'2023-02-03 12:19:06','2023-02-03 12:19:06'),(4513,16,14,876,2,'Search dashboard and sidenav theme and ui',11,'2023-02-03',2023,2,5,'2023-02-03 12:22:17','2023-02-03 12:22:17'),(4514,16,14,876,2,'Enhance toolbar, sidenav and add some border and hover classes',9,'2023-02-03',2023,2,5,'2023-02-03 12:24:18','2023-02-03 12:24:18'),(4515,4,11,1221,0.25,'Tested and verified the issue',10,'2023-02-03',2023,2,5,'2023-02-03 12:54:03','2023-02-03 12:54:03'),(4516,4,11,1223,0.25,'verified the issue',10,'2023-02-03',2023,2,5,'2023-02-03 12:54:22','2023-02-03 12:54:22'),(4517,4,11,1059,0.5,'verified the issue',10,'2023-02-03',2023,2,5,'2023-02-03 12:57:36','2023-02-03 12:57:36'),(4518,27,28,1227,1.5,' bug fixed on  communication received page',9,'2023-02-03',2023,2,5,'2023-02-03 13:00:02','2023-02-03 13:00:02'),(4519,8,23,1229,4,'Created page to display Latest version information.',9,'2023-02-03',2023,2,5,'2023-02-05 16:54:48','2023-02-05 16:54:48'),(4520,8,23,1229,4.5,'Integrated API to fetch the latest version information and displayed the version.',9,'2023-02-04',2023,2,5,'2023-02-05 16:57:12','2023-02-05 16:57:12'),(4521,8,23,1229,4,'Displayed version information in page instead of dialog. Tested all cases.',9,'2023-02-05',2023,2,5,'2023-02-05 16:59:41','2023-02-05 16:59:41'),(4522,4,6,767,1.5,'Fixed communication reply issues',9,'2023-01-20',2023,1,3,'2023-02-06 04:49:05','2023-02-06 04:49:05'),(4523,4,6,767,1,'Unit testng',10,'2023-01-20',2023,1,3,'2023-02-06 04:50:27','2023-02-06 04:50:27'),(4524,4,13,1158,2,'Added upload w2 or cpa certificate button on admin side. ',9,'2023-02-02',2023,2,5,'2023-02-06 04:53:26','2023-02-06 04:54:21'),(4525,4,13,1158,2,'Added upload w2 or cpa certificate button on admin side. ',9,'2023-02-02',2023,2,5,'2023-02-06 04:53:35','2023-02-06 04:54:27'),(4526,4,13,1158,2,'Added upload w2 or cpa certificate button on investor side. ',9,'2023-02-02',2023,2,5,'2023-02-06 04:53:50','2023-02-06 04:54:32'),(4527,4,13,1158,2,'Testing & error fixing ',9,'2023-02-02',2023,2,5,'2023-02-06 04:54:06','2023-02-06 04:54:41'),(4528,4,13,1158,2,'Commenting all w2or cpa certificate code ',9,'2023-02-03',2023,2,5,'2023-02-06 04:55:12','2023-02-06 04:55:12'),(4529,4,13,1158,2,'Testing- all function are working fine after commenting w2or cpa certificate. ',9,'2023-02-03',2023,2,5,'2023-02-06 04:55:57','2023-02-06 04:55:57'),(4530,4,13,1158,1.5,'Updating layout and admin side investor deatil ui ',9,'2023-02-03',2023,2,5,'2023-02-06 04:57:09','2023-02-06 04:57:21'),(4531,15,13,962,1.5,'study basic of c# & entity framework ',9,'2023-02-06',2023,2,6,'2023-02-06 04:58:04','2023-02-06 04:58:04'),(4532,15,13,962,1,'Study basic of angular ',9,'2023-02-06',2023,2,6,'2023-02-06 04:58:26','2023-02-06 04:58:26'),(4533,8,7,1212,0.5,'Fixed unit view in investment.',9,'2023-02-02',2023,2,5,'2023-02-06 05:09:16','2023-02-06 05:10:37'),(4534,8,7,1216,0.75,'Fixed document list view item bug.',9,'2023-02-02',2023,2,5,'2023-02-06 05:10:04','2023-02-06 05:10:23'),(4535,8,7,1220,0.25,'Added default admin id.',9,'2023-02-06',2023,2,6,'2023-02-06 05:11:40','2023-02-14 09:45:02'),(4536,8,7,1217,0.25,'Fixed offer reloading bug.',9,'2023-02-06',2023,2,6,'2023-02-06 05:12:53','2023-02-06 05:12:53'),(4537,8,7,1219,0.5,'Fixed document, payment schedule and payments disappearing bug.',9,'2023-02-06',2023,2,6,'2023-02-06 05:13:57','2023-02-06 05:13:57'),(4538,8,7,1215,0.5,'Fixed minimum payment validation bug.',9,'2023-02-06',2023,2,6,'2023-02-06 05:16:12','2023-02-14 09:44:41'),(4539,8,28,1218,2,'Fixed rejection note bug.',9,'2023-02-06',2023,2,6,'2023-02-06 05:23:28','2023-02-17 02:08:55'),(4540,8,7,1203,1,'Fixed',9,'2023-02-01',2023,2,5,'2023-02-06 05:37:29','2023-02-06 05:37:29'),(4541,8,7,1167,1,'Fixed.',9,'2023-02-01',2023,2,5,'2023-02-06 05:38:16','2023-02-06 05:38:16'),(4542,8,7,1204,0.75,'Fixed',9,'2023-02-02',2023,2,5,'2023-02-06 05:44:58','2023-02-06 05:44:58'),(4543,8,7,1207,0.25,'Added offers applied in-place of applied offers.',9,'2023-02-06',2023,2,6,'2023-02-06 05:47:36','2023-02-06 05:47:36'),(4544,8,7,1214,0.25,'Fixed.',9,'2023-02-06',2023,2,6,'2023-02-06 05:51:59','2023-02-06 05:51:59'),(4545,4,11,369,2,'Feb tickets requirement analysis.',10,'2023-02-06',2023,2,6,'2023-02-06 06:55:51','2023-02-06 06:55:51'),(4546,8,24,1220,2,'Retest Bug no-1220',10,'2023-02-06',2023,2,6,'2023-02-06 07:00:53','2023-02-09 04:39:42'),(4547,8,24,1203,2,'Retest Bug no- 1203',10,'2023-02-06',2023,2,6,'2023-02-06 07:09:22','2023-02-09 04:39:59'),(4548,8,7,1209,1,'Fixed doc-sign bug.',9,'2023-02-06',2023,2,6,'2023-02-06 07:28:20','2023-02-06 07:28:20'),(4549,8,24,1204,2,'Retest bug no-1204',10,'2023-02-06',2023,2,6,'2023-02-06 07:29:41','2023-02-09 04:40:14'),(4550,8,24,1214,2,'Retest Bug no-1214',10,'2023-02-06',2023,2,6,'2023-02-06 09:17:39','2023-02-09 04:40:53'),(4551,4,6,1062,2,'Working on verification of data of some investors',9,'2023-02-06',2023,2,6,'2023-02-06 10:02:56','2023-02-06 10:02:56'),(4552,4,6,1062,1,'Working on verification of data of some investors',9,'2023-02-06',2023,2,6,'2023-02-06 10:03:08','2023-02-06 10:03:08'),(4553,4,6,1062,1.5,'Verifying the Roi calculation',9,'2023-02-06',2023,2,6,'2023-02-06 10:03:40','2023-02-06 10:03:40'),(4554,8,23,1229,2,'Reviewed code of Investment Detail, Applied Offer and Communication module changes.',12,'2023-02-06',2023,2,6,'2023-02-06 10:07:11','2023-02-06 10:07:11'),(4555,4,14,868,1,'fix column problem in investment details page',9,'2023-02-06',2023,2,6,'2023-02-06 10:13:30','2023-02-06 10:13:30'),(4556,16,14,876,2,'Maked hrms admin side dashboard page',9,'2023-02-06',2023,2,6,'2023-02-06 10:15:22','2023-02-06 10:15:22'),(4557,16,14,876,1,'Maked hrms admin side dashboard page',8,'2023-02-06',2023,2,6,'2023-02-06 10:17:35','2023-02-06 10:17:35'),(4558,4,11,1158,0.5,'Requirement analysis',10,'2023-02-06',2023,2,6,'2023-02-06 12:31:54','2023-02-06 12:31:54'),(4559,8,7,1089,1.25,'Added bank detail dynamic view.',9,'2023-02-06',2023,2,6,'2023-02-06 12:37:36','2023-02-06 12:37:36'),(4560,8,7,1234,0.25,'Fixed unit validation.',9,'2023-02-06',2023,2,6,'2023-02-06 12:40:17','2023-02-06 12:40:17'),(4561,8,7,1232,0.25,'Changed badge\'s text color.',9,'2023-02-06',2023,2,6,'2023-02-06 12:41:36','2023-02-06 12:41:36'),(4562,4,11,1149,0.25,'Issue verified',10,'2023-02-06',2023,2,6,'2023-02-06 12:41:50','2023-02-06 12:41:50'),(4563,4,11,1107,2,'Test case creation again with new requireemnts',10,'2023-02-06',2023,2,6,'2023-02-06 12:42:31','2023-02-06 12:42:31'),(4564,8,7,1233,0.75,'Added green snack bar for success messages and message\'s code cleanup.',9,'2023-02-06',2023,2,6,'2023-02-06 12:44:43','2023-02-06 12:44:43'),(4565,16,14,876,2,'Maked todo and change request screen',8,'2023-02-06',2023,2,6,'2023-02-06 12:59:17','2023-02-06 12:59:17'),(4566,4,14,1231,2,'Fix cash distribution month view table problem',9,'2023-02-06',2023,2,6,'2023-02-06 13:00:24','2023-02-06 13:00:24'),(4567,4,6,1158,2,'Adding entity and configuration for hni certificate ',9,'2023-02-06',2023,2,6,'2023-02-07 06:09:45','2023-02-09 04:41:24'),(4568,4,6,1158,1.5,'working on add and edit methods ',9,'2023-02-06',2023,2,6,'2023-02-07 06:10:54','2023-02-09 04:41:18'),(4569,4,6,1158,1.5,'Working on interest apply page for hni certificate type docs',9,'2023-02-07',2023,2,6,'2023-02-07 06:11:32','2023-02-09 04:41:48'),(4570,4,6,1158,0.75,'Unit testing',9,'2023-02-07',2023,2,6,'2023-02-07 06:11:54','2023-02-09 04:41:36'),(4571,8,11,1233,1,'Checked all messages should be in green and red and should be identical to web',10,'2023-02-06',2023,2,6,'2023-02-07 06:16:53','2023-02-07 06:16:53'),(4572,8,11,1234,0.25,'issue verified ',10,'2023-02-06',2023,2,6,'2023-02-07 06:19:15','2023-02-07 06:19:15'),(4573,4,11,1238,0.5,'Communication testing admin portal investor profile.',10,'2023-02-07',2023,2,6,'2023-02-07 09:34:26','2023-02-07 09:34:26'),(4574,4,11,1158,2,'Created the test cases ',10,'2023-02-07',2023,2,6,'2023-02-07 09:35:05','2023-02-07 09:35:05'),(4575,16,14,876,2,'Maked change requests screen',8,'2023-02-07',2023,2,6,'2023-02-07 09:51:14','2023-02-07 09:51:14'),(4576,16,14,876,2,'Maked profile entity details and forms screen',8,'2023-02-07',2023,2,6,'2023-02-07 09:51:40','2023-02-07 09:51:40'),(4577,8,7,1236,0.75,'Fixed',9,'2023-02-07',2023,2,6,'2023-02-07 11:37:47','2023-02-07 11:37:47'),(4578,8,7,1243,0.25,'Fixed',9,'2023-02-07',2023,2,6,'2023-02-07 11:45:44','2023-02-07 11:45:44'),(4579,8,7,1240,0.25,'Fixed',9,'2023-02-07',2023,2,6,'2023-02-07 11:58:46','2023-02-07 11:58:46'),(4580,8,7,1242,0.5,'Replaced property with offer in YTM ROI.',9,'2023-02-07',2023,2,6,'2023-02-07 12:07:43','2023-02-07 12:07:43'),(4581,8,7,1244,0.25,'Fixed',9,'2023-02-07',2023,2,6,'2023-02-07 12:08:22','2023-02-07 12:08:22'),(4582,8,7,1239,0.5,'Fixed',9,'2023-02-07',2023,2,6,'2023-02-07 12:13:04','2023-02-07 12:13:04'),(4583,16,14,876,2,'Maked hrms dashboard screen',8,'2023-02-07',2023,2,6,'2023-02-07 12:27:17','2023-02-07 12:27:17'),(4584,16,14,876,2,'Maked hrms department and designation screen',8,'2023-02-07',2023,2,6,'2023-02-07 12:29:52','2023-02-07 12:29:52'),(4585,8,11,1246,2,'Signature testing for mobile app for secondary signature as well',10,'2023-02-07',2023,2,6,'2023-02-07 12:46:19','2023-02-07 12:46:19'),(4586,8,7,1235,0.5,'Fixed detail re-loading issue.',9,'2023-02-07',2023,2,6,'2023-02-07 12:48:28','2023-02-07 12:48:28'),(4587,4,11,1231,0.5,'Issue verified',10,'2023-02-07',2023,2,6,'2023-02-07 12:48:35','2023-02-07 12:48:35'),(4588,8,7,1247,0.25,'Fixed',9,'2023-02-07',2023,2,6,'2023-02-07 12:49:05','2023-02-07 12:49:05'),(4589,4,11,1237,0.5,'Tested the UI of the the investor portal.',10,'2023-02-07',2023,2,6,'2023-02-07 12:49:11','2023-02-07 12:49:11'),(4590,8,24,1247,2,'Retest Bug no- 1247',10,'2023-02-07',2023,2,6,'2023-02-07 13:03:26','2023-02-07 13:03:26'),(4591,8,24,1239,2,'Retest Bug no-1239',10,'2023-02-07',2023,2,6,'2023-02-07 13:14:23','2023-02-07 13:14:23'),(4592,8,24,1243,2,'Retest Bug no- 1243',10,'2023-02-07',2023,2,6,'2023-02-07 13:15:24','2023-02-07 13:15:24'),(4593,8,24,1240,2,'Retest Bug no- 1240',10,'2023-02-07',2023,2,6,'2023-02-07 13:16:55','2023-02-07 13:16:55'),(4594,4,6,1241,0.75,'Fixed ac reminder should not go out',9,'2023-02-07',2023,2,6,'2023-02-08 04:53:48','2023-02-28 04:41:27'),(4595,8,7,1104,2,'UI changes as per exit contract requirement and testing.',9,'2023-02-08',2023,2,6,'2023-02-08 05:59:29','2023-02-08 05:59:29'),(4596,8,7,1246,1.25,'Added seller agreement in case of exit contract.',9,'2023-02-07',2023,2,6,'2023-02-08 06:01:52','2023-02-08 06:01:52'),(4597,8,7,1248,0.25,'Fixed.',9,'2023-02-07',2023,2,6,'2023-02-08 06:02:10','2023-02-08 06:02:10'),(4598,4,11,1241,0.25,'issue verified',10,'2023-02-08',2023,2,6,'2023-02-08 06:33:14','2023-02-08 06:33:14'),(4599,4,11,369,0.5,'discussion regarding Open issue and bug',10,'2023-02-08',2023,2,6,'2023-02-08 06:47:15','2023-02-08 06:47:15'),(4600,4,11,369,0.5,'Review of new issue reported and verified.',10,'2023-02-08',2023,2,6,'2023-02-08 06:48:06','2023-02-08 06:48:06'),(4601,4,11,1249,2,'verified all doc-e sign cc and alert by enabling and disabling the template',10,'2023-02-08',2023,2,6,'2023-02-08 06:51:48','2023-02-08 06:51:48'),(4602,4,11,1225,0.25,'issue verified',10,'2023-02-08',2023,2,6,'2023-02-08 07:14:12','2023-02-08 07:14:12'),(4603,4,11,1097,0.25,'issue verified',10,'2023-02-08',2023,2,6,'2023-02-08 07:14:42','2023-02-08 07:14:42'),(4604,4,11,1149,0.25,'issue verified',10,'2023-02-08',2023,2,6,'2023-02-08 07:31:04','2023-02-08 07:31:04'),(4605,8,7,1250,0.5,'Fixed.',9,'2023-02-08',2023,2,6,'2023-02-08 09:09:31','2023-02-08 09:09:31'),(4606,16,14,876,2,'Maked people and add peoples screen',8,'2023-02-08',2023,2,6,'2023-02-08 09:33:37','2023-02-08 09:33:37'),(4607,16,14,876,2,'Maked attendance logs and leaves manager screen',8,'2023-02-08',2023,2,6,'2023-02-08 09:34:52','2023-02-08 09:34:52'),(4608,8,24,1246,2,'Retest Bug no- 1246',10,'2023-02-08',2023,2,6,'2023-02-08 09:43:59','2023-02-08 09:43:59'),(4609,8,24,1254,2,'Retest bug no- 1254',10,'2023-02-08',2023,2,6,'2023-02-08 11:56:50','2023-02-08 11:56:50'),(4610,16,14,876,2,'Maked octave dashboard screen',8,'2023-02-08',2023,2,6,'2023-02-08 13:07:32','2023-02-08 13:07:32'),(4611,16,14,876,2,'Maked new card and view for dashboard',8,'2023-02-08',2023,2,6,'2023-02-08 13:08:07','2023-02-08 13:08:07'),(4612,4,11,1158,1.5,'Testing functionality by using new user signup and with accredited investor yes and no.',10,'2023-02-08',2023,2,6,'2023-02-09 04:30:18','2023-02-09 04:30:18'),(4613,8,24,1255,2,'Test document creation and deletion functionality.',10,'2023-02-08',2023,2,6,'2023-02-09 04:31:30','2023-02-09 04:31:30'),(4614,8,11,1255,1,'UI testing of mobile documents by comparing with Web.',10,'2023-02-08',2023,2,6,'2023-02-09 04:31:55','2023-02-09 10:24:38'),(4615,8,24,1248,2,'Retest Bug no- 1248',10,'2023-02-08',2023,2,6,'2023-02-09 04:38:59','2023-02-09 04:38:59'),(4616,8,7,1255,0.25,'Fixed',9,'2023-02-09',2023,2,6,'2023-02-09 04:59:58','2023-02-09 04:59:58'),(4617,8,7,1254,0.25,'Fixed.',9,'2023-02-09',2023,2,6,'2023-02-09 05:03:12','2023-02-09 05:03:12'),(4618,4,11,1249,0.25,'issue verified',10,'2023-02-09',2023,2,6,'2023-02-09 05:11:22','2023-02-09 05:11:22'),(4619,4,11,1245,0.25,'issue verified',10,'2023-02-09',2023,2,6,'2023-02-09 05:12:18','2023-02-09 05:12:18'),(4620,8,7,1252,0.5,'Fixed',9,'2023-02-09',2023,2,6,'2023-02-09 05:13:50','2023-02-09 05:13:50'),(4621,8,7,1240,0.5,'Fixed',9,'2023-02-08',2023,2,6,'2023-02-09 05:14:16','2023-02-09 05:14:16'),(4622,4,6,1158,2,'Hni certificate upload admin interest apply',9,'2023-02-07',2023,2,6,'2023-02-09 05:14:32','2023-02-09 05:14:32'),(4623,4,6,1158,2,'Hni certificate interest apply investor portal',9,'2023-02-07',2023,2,6,'2023-02-09 05:15:04','2023-02-09 05:15:04'),(4624,4,6,1158,1,'Unit testing',9,'2023-02-07',2023,2,6,'2023-02-09 05:15:55','2023-02-09 05:15:55'),(4625,8,7,1257,0.5,'Fixed',9,'2023-02-09',2023,2,6,'2023-02-09 05:48:24','2023-02-09 05:48:24'),(4626,8,7,1205,0.25,'Fixed.',9,'2023-02-09',2023,2,6,'2023-02-09 06:08:48','2023-02-09 06:08:48'),(4627,8,24,1254,1,'Retest Bug no- 1254',10,'2023-02-09',2023,2,6,'2023-02-09 06:31:50','2023-02-09 06:31:50'),(4628,8,24,1257,1,'Retest Bug no-1257',10,'2023-02-09',2023,2,6,'2023-02-09 06:35:30','2023-02-09 06:35:30'),(4629,8,24,1240,1,'Retest Bug no- 1240',10,'2023-02-09',2023,2,6,'2023-02-09 06:57:30','2023-02-09 06:57:57'),(4630,8,24,1252,1,'Retest Bug no-1252',10,'2023-02-09',2023,2,6,'2023-02-09 07:25:35','2023-02-09 07:25:35'),(4631,8,24,1248,1,'Retest Bug no- 1248',10,'2023-02-09',2023,2,6,'2023-02-09 07:51:43','2023-02-09 07:51:43'),(4632,4,11,1258,0.5,'Requirement analysis',10,'2023-02-09',2023,2,6,'2023-02-09 09:06:50','2023-02-09 09:07:15'),(4633,4,11,1258,2,'Test case creation',10,'2023-02-09',2023,2,6,'2023-02-09 09:07:59','2023-02-09 09:07:59'),(4634,4,11,1202,0.25,'Issue discussed and verified',10,'2023-02-09',2023,2,6,'2023-02-09 09:09:05','2023-02-09 09:09:05'),(4635,4,11,1098,0.25,'issue verified',10,'2023-02-09',2023,2,6,'2023-02-09 09:12:45','2023-02-09 09:12:45'),(4636,4,11,1105,0.25,'Issue verified',10,'2023-02-09',2023,2,6,'2023-02-09 09:13:34','2023-02-09 09:13:34'),(4637,4,11,1133,0.25,'Issue verified',10,'2023-02-09',2023,2,6,'2023-02-09 09:14:07','2023-02-09 09:14:07'),(4638,4,11,1097,0.5,'issue verified',10,'2023-02-09',2023,2,6,'2023-02-09 09:16:06','2023-02-09 09:16:06'),(4639,4,11,757,0.25,'verified',10,'2023-02-09',2023,2,6,'2023-02-09 09:17:53','2023-02-09 09:17:53'),(4640,4,11,760,0.25,'issue verified',10,'2023-02-09',2023,2,6,'2023-02-09 09:18:54','2023-02-09 09:18:54'),(4641,4,11,760,0.25,'issue verified',10,'2023-02-09',2023,2,6,'2023-02-09 09:22:14','2023-02-09 09:22:14'),(4642,4,11,1115,0.25,'issue verified',10,'2023-02-09',2023,2,6,'2023-02-09 09:24:00','2023-02-09 09:24:00'),(4643,4,11,872,0.25,'buyer doc sign To-Do tested ',10,'2023-02-09',2023,2,6,'2023-02-09 09:26:48','2023-02-09 09:26:48'),(4644,4,11,963,0.25,'issue verified',10,'2023-02-09',2023,2,6,'2023-02-09 09:30:05','2023-02-09 09:30:05'),(4645,4,11,1134,0.25,'issue verified',10,'2023-02-08',2023,2,6,'2023-02-09 09:34:38','2023-02-09 09:34:38'),(4646,16,14,876,2,'Maked department and designation add and details screen',8,'2023-02-09',2023,2,6,'2023-02-09 09:58:01','2023-02-09 09:58:01'),(4647,4,14,1230,2,'Fix view by and acion taken by problem',9,'2023-02-09',2023,2,6,'2023-02-09 11:34:56','2023-02-09 11:34:56'),(4648,4,14,1263,2,'Change dialog hard coded width into constants',9,'2023-02-09',2023,2,6,'2023-02-09 11:39:14','2023-02-09 11:39:14'),(4649,4,11,1268,1,'Tested the bank account basic functionality and discussion',10,'2023-02-09',2023,2,6,'2023-02-09 12:59:33','2023-02-09 12:59:33'),(4650,8,7,1264,0.25,'Fixed.',9,'2023-02-10',2023,2,6,'2023-02-10 05:38:14','2023-02-10 05:38:14'),(4651,8,7,1261,0.25,'Fixed.',9,'2023-02-10',2023,2,6,'2023-02-10 05:44:20','2023-02-10 05:44:20'),(4652,8,7,1275,0.25,'FIxed.',9,'2023-02-10',2023,2,6,'2023-02-10 09:11:37','2023-02-10 09:11:37'),(4653,8,7,1272,0.25,'Fixed.',9,'2023-02-10',2023,2,6,'2023-02-10 09:13:44','2023-02-10 09:13:44'),(4654,8,24,1275,1,'Retest Bug no- 1275',10,'2023-02-10',2023,2,6,'2023-02-10 09:47:05','2023-02-10 09:47:05'),(4655,8,24,1272,1,'Retest bug no- 1272',10,'2023-02-10',2023,2,6,'2023-02-10 09:47:47','2023-02-10 09:47:47'),(4656,8,24,1280,2,'Retest Bug no- 1280',10,'2023-02-10',2023,2,6,'2023-02-10 09:48:22','2023-02-10 09:48:22'),(4657,8,24,1276,2,'Retest UI ',10,'2023-02-10',2023,2,6,'2023-02-10 09:49:21','2023-02-13 05:18:23'),(4658,4,11,1107,2,'bank account testing with new cases',10,'2023-02-10',2023,2,6,'2023-02-10 11:10:32','2023-02-10 11:10:32'),(4659,4,11,1107,1,'Bank account change request testing',10,'2023-02-10',2023,2,6,'2023-02-10 11:11:07','2023-02-10 11:11:07'),(4660,4,6,1282,2,'Creating sql queries to pull data for taxes',9,'2023-02-09',2023,2,6,'2023-02-10 11:24:00','2023-02-10 11:24:00'),(4661,4,6,1282,2,'Creating sql queries to pull data for taxes',9,'2023-02-09',2023,2,6,'2023-02-10 11:24:09','2023-02-10 11:24:09'),(4662,4,6,1282,2,'Creating sql queries to pull data for taxes',9,'2023-02-10',2023,2,6,'2023-02-10 11:24:19','2023-02-10 11:24:19'),(4663,16,14,876,2,'Maked directory screen',8,'2023-02-09',2023,2,6,'2023-02-10 11:24:30','2023-02-10 11:24:30'),(4664,4,6,1282,2,'Creating sql queries to pull data for taxes for all funds',9,'2023-02-10',2023,2,6,'2023-02-10 11:24:42','2023-02-10 11:24:42'),(4665,4,6,1282,2,'Creating excel files from queries to pull data for taxes',9,'2023-02-10',2023,2,6,'2023-02-10 11:25:14','2023-02-10 11:25:14'),(4666,16,14,876,2,'Maked attendance logs, people logs and add people screen',8,'2023-02-10',2023,2,6,'2023-02-10 11:25:43','2023-02-10 11:25:43'),(4667,16,14,876,2,'Maked personal details, work and add work screen',8,'2023-02-10',2023,2,6,'2023-02-10 11:26:37','2023-02-10 11:26:37'),(4668,16,14,876,2,'Maked team, add team, education and add education screen',8,'2023-02-10',2023,2,6,'2023-02-10 11:27:48','2023-02-10 11:27:48'),(4669,4,11,1256,0.25,'issue verified',10,'2023-02-10',2023,2,6,'2023-02-10 12:16:08','2023-02-10 12:16:08'),(4670,4,11,1230,0.25,'issue verified',10,'2023-02-10',2023,2,6,'2023-02-10 12:18:29','2023-02-10 12:18:29'),(4671,4,11,1238,0.25,'issue verified',10,'2023-02-10',2023,2,6,'2023-02-10 12:19:42','2023-02-10 12:19:42'),(4672,4,11,1262,0.25,'issue verified ',10,'2023-02-10',2023,2,6,'2023-02-10 12:22:42','2023-02-10 12:22:42'),(4673,4,11,1222,0.25,'issue verified',10,'2023-02-10',2023,2,6,'2023-02-10 12:26:01','2023-02-10 12:26:01'),(4674,4,11,1168,0.25,'issue verified',10,'2023-02-10',2023,2,6,'2023-02-10 12:30:17','2023-02-10 12:30:17'),(4675,8,24,1283,2,'Retest the validation functionality.',10,'2023-02-10',2023,2,6,'2023-02-10 12:34:07','2023-02-10 12:34:07'),(4676,8,11,823,1.5,'testing of UI of the offer details.',10,'2023-02-10',2023,2,6,'2023-02-10 12:37:52','2023-02-10 12:37:52'),(4677,8,23,1229,2,'Prepared the prod build and published on Play Store. Version 1.4.0',9,'2023-02-11',2023,2,6,'2023-02-11 10:00:27','2023-02-11 10:00:27'),(4678,8,23,1142,1,'Discussion on push notification navigation when app is terminated.',11,'2023-02-09',2023,2,6,'2023-02-11 10:04:25','2023-02-11 10:04:25'),(4679,4,8,1122,2,'Updated investment detail page - Added action buttons.',9,'2023-02-06',2023,2,6,'2023-02-12 06:12:50','2023-02-12 06:12:50'),(4680,4,8,1107,2,'Updated change requests for bank account',9,'2023-02-08',2023,2,6,'2023-02-12 06:23:13','2023-02-12 06:23:13'),(4681,4,8,1107,2,'Updated change request for bank account - investor side',9,'2023-02-08',2023,2,6,'2023-02-12 06:23:46','2023-02-12 06:23:46'),(4682,4,8,1107,2,'Updated change request - admin side',9,'2023-02-08',2023,2,6,'2023-02-12 06:24:15','2023-02-12 06:24:15'),(4683,4,8,1107,2,'Updated change request for bank account- ui',9,'2023-02-08',2023,2,6,'2023-02-12 06:25:05','2023-02-12 06:25:05'),(4684,4,8,1107,2,'Updated architecture - save bank accounts for each individual seperately.',9,'2023-02-07',2023,2,6,'2023-02-12 06:26:29','2023-02-12 06:26:29'),(4685,4,8,1107,2,'Updated architecture - Save different bank account for each account seperately',9,'2023-02-07',2023,2,6,'2023-02-12 06:35:37','2023-02-12 06:35:37'),(4686,4,8,1107,2,'Updated architecture - changes on admin portal',9,'2023-02-07',2023,2,6,'2023-02-12 06:36:26','2023-02-12 06:36:26'),(4687,4,8,1281,2,'All bank accounts are now visible on bank account page.',9,'2023-02-10',2023,2,6,'2023-02-12 06:38:17','2023-02-12 06:38:17'),(4688,4,8,1277,2,'Pending bank accounts are now visible in dropdown.',9,'2023-02-10',2023,2,6,'2023-02-12 06:39:18','2023-02-12 06:39:18'),(4689,4,8,1268,1,'Bank accounts are now getting deleted.',9,'2023-02-10',2023,2,6,'2023-02-12 06:39:55','2023-02-12 06:39:55'),(4690,8,7,1283,0.5,'Fixed',9,'2023-02-13',2023,2,7,'2023-02-13 04:40:17','2023-02-13 04:40:17'),(4691,8,7,1280,0.25,'fixed',9,'2023-02-13',2023,2,7,'2023-02-13 04:46:31','2023-02-13 04:46:31'),(4692,4,8,1266,0.75,'Bank account details are now getting edited from both portals',9,'2023-02-13',2023,2,7,'2023-02-13 05:10:30','2023-02-13 05:10:30'),(4693,8,24,1280,1,'Retest Bug no- 1280',10,'2023-02-13',2023,2,7,'2023-02-13 05:17:32','2023-02-13 05:17:32'),(4694,4,8,1265,0.25,'Removed bank name and investor name column from bank detail page.',9,'2023-02-10',2023,2,6,'2023-02-13 05:20:24','2023-02-13 05:20:24'),(4695,4,8,1267,0.5,'wire route number is now displayed in fund details page',9,'2023-02-13',2023,2,7,'2023-02-13 06:00:59','2023-02-13 06:00:59'),(4696,4,6,1286,2,'Created deployed payment list api and grid',9,'2023-02-11',2023,2,6,'2023-02-13 08:42:56','2023-02-13 08:42:56'),(4697,4,6,1286,1.25,'Created deployed payment force update components',9,'2023-02-13',2023,2,7,'2023-02-13 08:43:26','2023-02-14 05:49:09'),(4698,4,13,1158,2,'Update Ui of investor side &show hni certificate on admin side ',9,'2023-02-06',2023,2,6,'2023-02-13 09:20:34','2023-02-13 10:06:10'),(4699,4,13,1158,2,'Show hni certificate on admin side ',9,'2023-02-06',2023,2,6,'2023-02-13 09:20:41','2023-02-13 10:06:02'),(4700,4,13,1158,2,'Fix merage confilt',9,'2023-02-06',2023,2,6,'2023-02-13 09:21:08','2023-02-13 10:05:54'),(4701,4,11,1274,0.25,'issue verified',10,'2023-02-13',2023,2,7,'2023-02-13 09:23:13','2023-02-13 09:23:13'),(4702,4,11,1265,0.25,'issue verified',10,'2023-02-13',2023,2,7,'2023-02-13 09:24:46','2023-02-13 09:24:46'),(4703,4,11,1268,0.25,'issue verified',10,'2023-02-13',2023,2,7,'2023-02-13 09:26:16','2023-02-13 09:26:16'),(4704,4,11,1266,0.5,'Bank details are editable for all accounts issue verified',10,'2023-02-13',2023,2,7,'2023-02-13 09:28:21','2023-02-13 09:28:21'),(4705,4,11,1277,0.5,'pending bank accounts are only visible to the investor in dropdown.',10,'2023-02-13',2023,2,7,'2023-02-13 09:51:24','2023-02-13 09:51:24'),(4706,4,11,1281,0.5,'tested for all accounts the bank accounts are not visible.',10,'2023-02-13',2023,2,7,'2023-02-13 09:53:00','2023-02-13 09:53:00'),(4707,4,11,369,1.5,'Tested for the investment details page rejected documents.',10,'2023-02-13',2023,2,7,'2023-02-13 09:54:04','2023-02-13 09:54:04'),(4708,16,14,876,2,'Maked payroll details and add screen',8,'2023-02-13',2023,2,7,'2023-02-13 10:04:04','2023-02-13 10:04:04'),(4709,16,14,876,2,'Maked payroll and pay slip screens',8,'2023-02-13',2023,2,7,'2023-02-13 10:05:27','2023-02-13 10:05:27'),(4710,4,13,1158,2,'Meagre conflict fix  ',9,'2023-02-06',2023,2,6,'2023-02-13 10:05:34','2023-02-13 10:05:34'),(4711,4,13,1258,2,'Create api to get ein list of corporate account. ',9,'2023-02-09',2023,2,6,'2023-02-13 10:14:38','2023-02-13 10:14:38'),(4712,4,13,1258,2,'Create api to get ein list of IRA',9,'2023-02-09',2023,2,6,'2023-02-13 10:14:50','2023-02-13 10:14:50'),(4713,4,13,1258,2,'Create method in investor repository to get list of ein for ira and corporate account ',9,'2023-02-09',2023,2,6,'2023-02-13 10:15:29','2023-02-13 10:15:29'),(4714,4,13,1258,2,'Create method in investor manager to get list of ein for ira and corporate account',9,'2023-02-09',2023,2,6,'2023-02-13 10:16:07','2023-02-13 10:16:07'),(4715,4,13,1258,2,'Create api to get list of ssn for individual investor  ',9,'2023-02-10',2023,2,6,'2023-02-13 10:16:37','2023-02-13 10:16:37'),(4716,4,13,1258,2,'Show list of account associated with given ein while approving entity account ',9,'2023-02-10',2023,2,6,'2023-02-13 10:17:59','2023-02-13 10:17:59'),(4717,4,13,1258,2,'Show list of account associated with given ein while approving ira ',9,'2023-02-10',2023,2,6,'2023-02-13 10:18:11','2023-02-13 10:18:11'),(4718,4,24,1267,2,'Retest Bug no- 1267',10,'2023-02-13',2023,2,7,'2023-02-13 10:18:13','2023-02-13 10:18:13'),(4719,4,13,1258,2,'Show list of account associated with given ein while changing individual investor. ',9,'2023-02-10',2023,2,6,'2023-02-13 10:18:46','2023-02-13 10:18:46'),(4720,4,13,1158,0.25,'Remove do not notify button ',9,'2023-02-07',2023,2,6,'2023-02-13 10:19:56','2023-02-13 10:21:32'),(4721,4,13,1158,2,'Show selected certificate name dynamically. ',9,'2023-02-07',2023,2,6,'2023-02-13 10:20:59','2023-02-13 10:20:59'),(4722,4,13,1158,2,'Show selected certificate name dynamically. ',9,'2023-02-07',2023,2,6,'2023-02-13 10:21:05','2023-02-13 10:21:05'),(4723,4,13,1158,1.75,'Show selected certificate name dynamically. ',9,'2023-02-07',2023,2,6,'2023-02-13 10:21:10','2023-02-13 10:21:10'),(4724,4,13,1158,2,'Show selected certificate name dynamically. ',9,'2023-02-07',2023,2,6,'2023-02-13 10:22:20','2023-02-13 10:22:38'),(4725,4,13,1290,0.5,'Fixed seed super admin error ',9,'2023-02-08',2023,2,6,'2023-02-13 10:24:55','2023-02-13 10:24:55'),(4726,4,13,1290,0.5,'Remove id from bank account Select list item model. ',9,'2023-02-08',2023,2,6,'2023-02-13 10:25:31','2023-02-13 10:25:31'),(4727,4,11,1291,0.5,'Tested for negative flow rejected the investments and again invested with same and new account.',10,'2023-02-13',2023,2,7,'2023-02-13 10:26:12','2023-02-13 10:26:12'),(4728,4,6,1286,0.75,'added created on column',9,'2023-02-13',2023,2,7,'2023-02-13 10:28:01','2023-02-14 05:49:21'),(4729,4,6,1286,1.5,'Added delete functionality',9,'2023-02-13',2023,2,7,'2023-02-13 10:28:17','2023-02-13 10:28:17'),(4730,4,6,1285,1.75,'added activation history components',9,'2023-02-13',2023,2,7,'2023-02-13 10:28:55','2023-02-14 05:49:53'),(4731,4,6,1285,0.75,'added upsert component for force update',9,'2023-02-13',2023,2,7,'2023-02-13 10:29:21','2023-02-13 10:30:37'),(4732,4,6,1285,0.65,'Unit testing',10,'2023-02-13',2023,2,7,'2023-02-13 10:29:38','2023-02-14 05:49:30'),(4733,4,6,1286,0.6,'Unit testing',10,'2023-02-13',2023,2,7,'2023-02-13 10:29:57','2023-02-14 05:50:01'),(4735,4,13,1269,2,'Bug fix',9,'2023-02-13',2023,2,7,'2023-02-13 10:51:48','2023-02-13 10:51:48'),(4736,4,13,1269,2,'Bug fix ',9,'2023-02-13',2023,2,7,'2023-02-13 10:51:55','2023-02-13 10:51:55'),(4737,4,13,1269,1,'Testing ',9,'2023-02-13',2023,2,7,'2023-02-13 10:52:05','2023-02-13 10:52:05'),(4738,4,11,1286,0.5,'Verified the investment details page deployed amount.',10,'2023-02-13',2023,2,7,'2023-02-13 11:44:43','2023-02-13 11:44:43'),(4739,4,11,1285,1,'Tested the activation history',10,'2023-02-13',2023,2,7,'2023-02-13 11:45:07','2023-02-13 13:09:14'),(4740,8,24,1295,2,'Retest communication functionality.',10,'2023-02-13',2023,2,7,'2023-02-13 12:48:07','2023-02-13 12:48:07'),(4741,8,24,1292,2,'Retest offer status.',10,'2023-02-13',2023,2,7,'2023-02-13 12:49:34','2023-02-13 12:49:34'),(4742,4,24,1288,1,'Test Cash Distribution functionality.',10,'2023-02-13',2023,2,7,'2023-02-13 12:52:13','2023-02-13 12:52:13'),(4749,8,28,1270,2,'Create model for financial  document list.',9,'2023-02-06',2023,2,6,'2023-02-14 04:47:38','2023-02-17 02:09:14'),(4750,8,28,1270,2,'call Offer  document list API in document repository',9,'2023-02-07',2023,2,6,'2023-02-14 04:49:42','2023-02-15 04:56:30'),(4751,4,6,1293,0.75,'Removed expected return hide code ',9,'2023-02-13',2023,2,7,'2023-02-14 05:48:48','2023-02-14 05:48:48'),(4752,4,6,1285,1.5,'Removed investor name and class from grid and added deployed amount and units',9,'2023-02-14',2023,2,7,'2023-02-14 05:50:43','2023-02-14 12:31:48'),(4753,4,8,1291,0.5,'Duplicate bank accounts are not being created.',9,'2023-02-14',2023,2,7,'2023-02-14 07:03:15','2023-02-14 07:03:15'),(4754,8,24,1298,2,'Test To-Do functionality on mobile application.',10,'2023-02-14',2023,2,7,'2023-02-14 09:14:25','2023-02-14 09:14:25'),(4755,8,7,1298,0.25,'Fixed.',9,'2023-02-14',2023,2,7,'2023-02-14 09:32:42','2023-02-14 09:32:42'),(4756,8,7,1295,0.5,'Fixed',9,'2023-02-13',2023,2,7,'2023-02-14 09:33:11','2023-02-14 09:33:11'),(4757,8,7,1292,0.25,'Fixed',9,'2023-02-13',2023,2,7,'2023-02-14 09:33:48','2023-02-14 09:33:48'),(4758,8,7,1192,2.25,'Replaced dashboard property view with offer view.',9,'2023-02-02',2023,2,5,'2023-02-14 09:42:18','2023-02-14 09:42:18'),(4759,8,7,1192,1.75,'Added refresh and load more option for dashboard offer list and redirected to offer detai9l page on offer tile click.',9,'2023-02-02',2023,2,5,'2023-02-14 09:43:34','2023-02-14 09:43:34'),(4760,8,7,1192,1.25,'Added bank account dynamic view and code cleanup.',9,'2023-02-06',2023,2,6,'2023-02-14 09:46:34','2023-02-14 09:46:34'),(4761,8,7,1192,0.75,'Success message snack bar changes and code cleanup.',9,'2023-02-06',2023,2,6,'2023-02-14 09:48:20','2023-02-14 09:48:20'),(4762,8,7,1192,2.5,'Re-factored apply offer page',9,'2023-02-07',2023,2,6,'2023-02-14 09:49:11','2023-02-14 09:49:11'),(4763,8,7,1104,0.5,'Fixed seller agreement getting errors',9,'2023-02-08',2023,2,6,'2023-02-14 09:52:06','2023-02-14 09:52:06'),(4764,4,13,1294,2,'Show hni ceritificate on admin side ',9,'2023-02-13',2023,2,7,'2023-02-14 12:05:50','2023-02-14 12:05:50'),(4765,4,13,1294,1,'Resolve bug ',9,'2023-02-13',2023,2,7,'2023-02-14 12:05:58','2023-02-14 12:05:58'),(4766,16,14,876,2,'Maked overview and address upsert component inside company profile',9,'2023-02-14',2023,2,7,'2023-02-14 12:09:42','2023-02-14 12:09:42'),(4767,16,14,876,2,'Make personal, work upsert page inside profile page',9,'2023-02-14',2023,2,7,'2023-02-14 12:10:36','2023-02-14 12:10:36'),(4768,16,14,876,2,'Make team,education, family and document upsert component inside perosnal profile',9,'2023-02-14',2023,2,7,'2023-02-14 12:11:35','2023-02-14 12:11:35'),(4769,16,14,876,2,'Implement expansion panel inside sidenav',9,'2023-02-14',2023,2,7,'2023-02-14 12:12:20','2023-02-14 12:12:20'),(4770,4,13,1301,2,'Create method to add communication when new document is uploaded. ',9,'2023-02-14',2023,2,7,'2023-02-14 12:23:27','2023-02-14 12:23:27'),(4771,4,13,1301,2,'Create method to add communication when new document is uploaded on investor side. ',9,'2023-02-14',2023,2,7,'2023-02-14 12:23:42','2023-02-14 12:23:42'),(4772,4,13,1301,2,'Create method to add notification when new document is uploaded on investor side. ',9,'2023-02-14',2023,2,7,'2023-02-14 12:24:41','2023-02-14 12:24:41'),(4773,4,6,1285,2,'working on activate investor effective date problems',9,'2023-02-14',2023,2,7,'2023-02-14 12:32:16','2023-02-14 12:32:16'),(4774,4,6,1285,1,'Fixed calculate share effective from and effective to date issues',9,'2023-02-14',2023,2,7,'2023-02-14 12:33:02','2023-02-14 12:33:02'),(4775,4,6,1303,0.2,'added not in document tab',9,'2023-02-14',2023,2,7,'2023-02-14 12:33:38','2023-02-14 12:33:38'),(4776,4,6,369,0.45,'Merging branches',9,'2023-02-14',2023,2,7,'2023-02-14 12:48:50','2023-02-14 12:48:50'),(4777,4,6,1286,0.75,'Code clean up and updated edit to update',9,'2023-02-14',2023,2,7,'2023-02-14 12:49:37','2023-02-14 12:49:37'),(4778,4,6,1285,0.75,'Fixed effective to date is updating incorrectly in change and exit contract',9,'2023-02-14',2023,2,7,'2023-02-14 12:51:04','2023-02-14 12:51:04'),(4779,4,11,369,2,'Marketplace testing and analysis to know the effect of bank account on marketplace',10,'2023-02-14',2023,2,7,'2023-02-14 12:59:04','2023-02-14 12:59:04'),(4780,4,11,1304,1,'Studied the case tried to reproduce the case and tested',10,'2023-02-14',2023,2,7,'2023-02-14 13:00:15','2023-02-14 13:00:15'),(4781,8,11,823,1.5,'testing of to-Do for mobile app',10,'2023-02-14',2023,2,7,'2023-02-14 13:02:18','2023-02-14 13:02:18'),(4782,8,11,1292,0.25,'issue verified ',10,'2023-02-14',2023,2,7,'2023-02-14 13:02:54','2023-02-14 13:02:54'),(4783,8,24,1302,2,'Retest bug no-1302',10,'2023-02-14',2023,2,7,'2023-02-14 13:06:04','2023-02-14 13:06:04'),(4784,8,11,1295,0.25,'Issue verified',10,'2023-02-14',2023,2,7,'2023-02-14 13:06:15','2023-02-14 13:06:15'),(4785,8,24,1300,2,'Retest payment functionaity.',10,'2023-02-14',2023,2,7,'2023-02-14 13:07:00','2023-02-14 13:07:00'),(4786,4,11,1286,0.5,'verified after some changes',10,'2023-02-14',2023,2,7,'2023-02-14 13:07:24','2023-02-14 13:07:24'),(4787,8,24,1299,2,'Test To-Do functionality on mobile application.',10,'2023-02-14',2023,2,7,'2023-02-14 13:07:48','2023-02-14 13:07:48'),(4788,4,11,1187,0.5,'Wire routing number is visible now',10,'2023-02-14',2023,2,7,'2023-02-14 13:08:47','2023-02-14 13:08:47'),(4789,4,11,872,0.5,'buyer doc sign To-Do tested ',10,'2023-02-14',2023,2,7,'2023-02-14 13:09:52','2023-02-14 13:09:52'),(4790,8,11,1192,0.5,'To- Do Ui testing',10,'2023-02-14',2023,2,7,'2023-02-14 13:12:25','2023-02-14 13:12:25'),(4791,8,28,1270,2,'Create model for offer list item. ',9,'2023-02-06',2023,2,6,'2023-02-15 04:26:13','2023-02-17 02:09:31'),(4792,8,28,1270,2,'create Method for  get offer document list and financial document list in API client',9,'2023-02-07',2023,2,6,'2023-02-15 04:29:11','2023-02-15 04:29:11'),(4793,8,28,1270,2,'create fetch Offer Document List event and map event to state in document bloc',9,'2023-02-07',2023,2,6,'2023-02-15 04:33:25','2023-02-15 04:52:52'),(4794,8,28,1270,2,'create financial tab bar   and offer tab bar ',9,'2023-02-07',2023,2,6,'2023-02-15 04:40:36','2023-02-15 04:41:29'),(4795,8,28,1270,2,' create  Offer  document view page and provide   document bloc  with bloc listener and bloc builder',9,'2023-02-08',2023,2,6,'2023-02-15 04:44:28','2023-02-15 04:53:32'),(4796,8,28,1270,2,' create Offer document loaded state and  display financial list data in  expension tile ',9,'2023-02-08',2023,2,6,'2023-02-15 04:50:08','2023-02-15 04:53:20'),(4797,8,28,1270,2,'design expension tile and display  offer list data',9,'2023-02-08',2023,2,6,'2023-02-15 04:52:25','2023-02-15 04:52:25'),(4798,8,28,1270,1,'design  financial  expension tile ',9,'2023-02-08',2023,2,6,'2023-02-15 04:54:35','2023-02-15 05:01:45'),(4799,8,28,1270,1,'fixed offer list item data ',9,'2023-02-08',2023,2,6,'2023-02-15 04:59:55','2023-02-15 05:01:34'),(4800,8,28,1271,1,'create change request  button in more section and navigate to  change request page',9,'2023-02-09',2023,2,6,'2023-02-15 05:04:10','2023-02-15 05:04:10'),(4801,8,28,1271,1,'change request view page ',9,'2023-02-09',2023,2,6,'2023-02-15 05:05:10','2023-02-15 05:05:27'),(4802,8,28,1271,1,'create get change request method in api client',9,'2023-02-09',2023,2,6,'2023-02-15 05:09:46','2023-02-15 05:11:27'),(4803,8,28,1271,1,'create change request repository and call change request API',9,'2023-02-09',2023,2,6,'2023-02-15 05:12:34','2023-02-15 05:12:59'),(4804,8,28,1271,2,'create change request event and create change request bloc and map change request event to state in changeRequestBloc',9,'2023-02-09',2023,2,6,'2023-02-15 05:14:49','2023-02-15 05:14:49'),(4805,8,28,1271,2,'provide  bloc with bloc listener and bloc builder and manage state in change request view page ',9,'2023-02-09',2023,2,6,'2023-02-15 05:20:22','2023-02-15 05:20:22'),(4806,8,28,1271,2,'create list view builder and send assignments and bank account data in change request list item    and display  data on change request view page',9,'2023-02-10',2023,2,6,'2023-02-15 05:24:46','2023-02-15 05:25:58'),(4807,8,28,1271,2,'Create and design search bar in change request view page.',9,'2023-02-10',2023,2,6,'2023-02-15 05:27:47','2023-02-17 02:08:33'),(4808,8,28,1271,1,'Create change request view page and  navigate  from change request view page. ',9,'2023-02-10',2023,2,6,'2023-02-15 05:32:50','2023-02-17 02:08:01'),(4809,8,28,1271,1,'Create  getSelectedListItemByInvestor method in  api_client page.',9,'2023-02-10',2023,2,6,'2023-02-15 05:35:15','2023-02-17 02:07:35'),(4810,8,28,1271,1,'Call selected list item API  by investor in change  request repository.',9,'2023-02-10',2023,2,6,'2023-02-15 05:37:43','2023-02-17 02:06:51'),(4811,8,28,1271,1,'Create selected list item by investor event and selectedListItemLoaded State.',9,'2023-02-10',2023,2,6,'2023-02-15 05:39:41','2023-02-17 02:06:04'),(4812,8,28,1271,2,'Mapped selectedListItemByInvestor event to state in change request bloc.',9,'2023-02-13',2023,2,7,'2023-02-15 05:42:12','2023-02-17 02:05:13'),(4813,8,28,1271,1,' Selected list Item  added in   dropdown button  item list   in createchangerequest view page ',9,'2023-02-13',2023,2,7,'2023-02-15 05:45:40','2023-02-17 02:04:45'),(4814,8,28,1271,1,'Create get offerListItemByInvestor method in api_client page.',9,'2023-02-13',2023,2,7,'2023-02-15 05:48:22','2023-02-17 02:03:53'),(4815,8,28,1271,1,'Call offer list item API in change request depository .',9,'2023-02-13',2023,2,7,'2023-02-15 05:49:42','2023-02-17 02:03:27'),(4816,8,28,1271,2,'Created fetchOfferListItemByInvestor event  and offerListItemByInvestor loaded state and mapped fetchOfferlistItemByInvestor event to state in change request Bloc.',9,'2023-02-13',2023,2,7,'2023-02-15 05:51:46','2023-02-17 02:02:38'),(4817,8,28,1271,1,' Offer list Item is added in dropdown item list. ',9,'2023-02-13',2023,2,7,'2023-02-15 05:53:33','2023-02-17 02:00:07'),(4818,8,28,1271,1,'Created classSelectedListItem  event and classSelectedloaded state and call classSelectedlistitem Api in change request repository ',9,'2023-02-14',2023,2,7,'2023-02-15 05:56:37','2023-02-17 01:57:42'),(4819,8,28,1271,2,'Mapped class selected list event to state in  change request bloc.',9,'2023-02-14',2023,2,7,'2023-02-15 05:58:33','2023-02-17 01:55:29'),(4820,8,28,1271,2,'Added class type item list to dropdown-down item list.',9,'2023-02-14',2023,2,7,'2023-02-15 05:59:43','2023-02-17 01:53:18'),(4821,8,28,1271,2,'Display submit note and  change request changes note  with next moth date on createChangeRequestViewPage and created submit text form field.',9,'2023-02-14',2023,2,7,'2023-02-15 06:03:30','2023-02-17 01:50:31'),(4822,8,28,1271,0.5,'Create and design submit and cancel button and createChangeRequest view page .',9,'2023-02-14',2023,2,7,'2023-02-15 06:06:40','2023-02-17 01:46:19'),(4823,8,28,1271,0.5,'Cancel button functionality. ',9,'2023-02-14',2023,2,7,'2023-02-15 06:08:10','2023-02-17 01:45:10'),(4824,8,28,1271,2,'Submit click button functionality  in createChangeRequest page.',9,'2023-02-15',2023,2,7,'2023-02-15 06:15:33','2023-02-17 01:44:48'),(4825,8,23,1229,3,'Prepared prod build and published. Fixed build version issue for iOS',9,'2023-02-14',2023,2,7,'2023-02-15 06:34:01','2023-02-15 06:34:01'),(4826,4,11,1307,0.5,'Basic UI checks Tool tips links ',10,'2023-02-15',2023,2,7,'2023-02-15 07:48:16','2023-02-15 07:48:16'),(4827,4,11,1306,0.5,'Tested the bug and reproduce worked fine in dev',10,'2023-02-15',2023,2,7,'2023-02-15 07:49:05','2023-02-15 07:49:05'),(4828,4,11,1313,0.75,'Retesting of CC messages of the joint account primary and secondary holders',10,'2023-02-15',2023,2,7,'2023-02-15 09:44:30','2023-02-15 09:44:30'),(4829,4,11,1312,0.5,'Tested the CC redirection for negative cases',10,'2023-02-15',2023,2,7,'2023-02-15 09:45:29','2023-02-15 09:45:29'),(4830,4,11,1311,0.5,'Tested the templated which things not required in the template',10,'2023-02-20',2023,2,8,'2023-02-15 09:45:56','2023-02-28 05:13:08'),(4831,4,11,1314,0.25,'Created a new user and tested the email its UI login button functionality and its redirection in admin issue verified.',10,'2023-02-15',2023,2,7,'2023-02-15 09:49:51','2023-02-15 09:49:51'),(4832,4,24,1313,1,'Test Bug no.-1313',10,'2023-02-15',2023,2,7,'2023-02-15 12:01:59','2023-02-15 12:01:59'),(4833,4,24,1312,1,'Test bug no.-1312',10,'2023-02-15',2023,2,7,'2023-02-15 12:02:26','2023-02-15 12:02:26'),(4834,4,24,1311,1,'Test Bug no- 1311',10,'2023-02-15',2023,2,7,'2023-02-15 12:02:56','2023-02-15 12:02:56'),(4835,4,24,1310,1,'Test Bug no- 1310',10,'2023-02-15',2023,2,7,'2023-02-15 12:03:45','2023-02-15 12:03:45'),(4836,4,24,1305,2,'Test Bug no- 1305',10,'2023-02-15',2023,2,7,'2023-02-15 12:05:56','2023-02-15 12:05:56'),(4837,4,6,1314,0.25,'Created query to update the record',9,'2023-02-15',2023,2,7,'2023-02-15 12:20:09','2023-02-15 12:20:09'),(4838,8,7,1299,0.25,'Fixed.',9,'2023-02-15',2023,2,7,'2023-02-15 12:21:13','2023-02-15 12:21:13'),(4839,4,6,369,1,'Reviewed task and bugs',11,'2023-02-15',2023,2,7,'2023-02-15 12:21:22','2023-02-15 12:21:22'),(4840,8,7,1308,1.5,'Fixed html content font size and testing in different text size.',9,'2023-02-15',2023,2,7,'2023-02-15 12:23:14','2023-02-15 12:23:14'),(4841,8,7,1309,0.5,'Fixed.',9,'2023-02-15',2023,2,7,'2023-02-15 12:23:52','2023-02-15 12:23:52'),(4842,4,6,1062,2,'Testing calculate equity and fixed the issues',9,'2023-02-15',2023,2,7,'2023-02-15 12:23:58','2023-02-15 12:23:58'),(4843,4,11,1314,0.25,'issue verified',10,'2023-02-15',2023,2,7,'2023-02-15 12:25:13','2023-02-15 12:25:13'),(4844,8,7,1302,0.5,'Fixed and testing.',9,'2023-02-15',2023,2,7,'2023-02-15 12:26:32','2023-02-15 12:26:32'),(4845,8,7,1300,0.5,'Fixed.',9,'2023-02-15',2023,2,7,'2023-02-15 12:45:26','2023-02-15 12:45:26'),(4846,8,11,823,1,'original equity, current equity, YTM cd testing by doing sum',10,'2023-02-15',2023,2,7,'2023-02-15 12:54:18','2023-02-15 12:54:18'),(4847,8,7,1317,0.25,'Fixed.',9,'2023-02-15',2023,2,7,'2023-02-15 12:54:47','2023-02-15 12:54:47'),(4848,8,24,1309,1,'Retest Bug no-1309',10,'2023-02-15',2023,2,7,'2023-02-15 12:54:57','2023-02-15 12:54:57'),(4849,4,11,1315,1,'Testing the Ui of the investor portal bank account and cancelled check payment recipt messgae',10,'2023-02-15',2023,2,7,'2023-02-15 12:55:40','2023-02-28 05:13:19'),(4850,8,28,1271,2,' Created load more event and map event to state in change request bloc. ',9,'2023-02-15',2023,2,7,'2023-02-15 13:09:54','2023-02-17 01:41:29'),(4851,8,28,1271,2,'Created pageRefresher event and map event to state in change request bloc.',9,'2023-02-15',2023,2,7,'2023-02-15 13:10:48','2023-02-17 01:40:30'),(4852,8,28,1271,2,'Smart Refresher is used in change request  view page.',9,'2023-02-15',2023,2,7,'2023-02-15 13:11:57','2023-02-17 01:38:33'),(4853,8,24,1299,1,'Retest Bug no- 1299',10,'2023-02-15',2023,2,7,'2023-02-15 13:12:25','2023-02-15 13:12:25'),(4854,8,23,1229,1,'Reviewed T-233 task',12,'2023-02-15',2023,2,7,'2023-02-15 18:04:08','2023-02-15 18:04:08'),(4855,8,24,1317,1,'Retest bug no- 1317',10,'2023-02-16',2023,2,7,'2023-02-16 04:48:01','2023-02-16 04:48:01'),(4856,4,11,1291,0.5,'Issue verified',10,'2023-02-16',2023,2,7,'2023-02-16 06:40:21','2023-02-16 06:40:21'),(4857,8,28,1271,1,'Fixed smart refresher error in change request page.',9,'2023-02-16',2023,2,7,'2023-02-16 07:17:32','2023-02-17 01:33:35'),(4858,8,28,1271,0.5,'Removed  default bank account from dropdown list item.',9,'2023-02-16',2023,2,7,'2023-02-16 07:18:45','2023-02-17 01:32:29'),(4859,8,28,1271,1,'Fixed enabled and disabled  feature  in submit action  button.',9,'2023-02-16',2023,2,7,'2023-02-16 07:20:20','2023-02-17 01:31:54'),(4860,16,14,876,2,'Maked attendance manage details and upsert component',9,'2023-02-16',2023,2,7,'2023-02-16 10:46:59','2023-02-16 10:46:59'),(4861,16,14,876,2,'Make attendance rules page and upsert page',9,'2023-02-16',2023,2,7,'2023-02-16 10:48:59','2023-02-16 10:48:59'),(4862,16,14,876,2,'Maked attendance rule details page and add rules page',8,'2023-02-16',2023,2,7,'2023-02-16 10:53:08','2023-02-16 10:53:08'),(4863,8,28,1271,1,'Status tag widget color  fixed.',9,'2023-02-16',2023,2,7,'2023-02-16 11:50:36','2023-02-17 01:31:21'),(4864,8,28,1271,2,'InternalLinkedHashMap<String, dynamic>\' is not a subtype of type \'List<dynamic> exception handle in create change request page.',9,'2023-02-16',2023,2,7,'2023-02-16 11:52:13','2023-02-17 01:30:36'),(4865,8,28,1271,1,'Read about setState  widget.',9,'2023-02-16',2023,2,7,'2023-02-16 11:53:56','2023-02-17 01:30:07'),(4866,4,11,1327,2,'requirement analysis and test case ceration',10,'2023-02-16',2023,2,7,'2023-02-16 12:33:33','2023-02-16 12:33:33'),(4867,4,11,1330,1.5,'Change request case analysis after bank account flow change.',10,'2023-02-16',2023,2,7,'2023-02-16 12:36:10','2023-02-16 12:36:10'),(4868,8,24,1321,1,'Retest To-Do functionality.',10,'2023-02-16',2023,2,7,'2023-02-16 12:36:43','2023-02-16 12:36:43'),(4869,4,11,1326,0.5,'Joint account and entity testing',10,'2023-02-16',2023,2,7,'2023-02-16 12:36:50','2023-02-16 12:36:50'),(4870,8,24,1322,1,'Retest payment functionaity.',10,'2023-02-16',2023,2,7,'2023-02-16 12:37:28','2023-02-16 12:37:28'),(4871,4,11,1306,0.5,'issue verified',10,'2023-02-16',2023,2,7,'2023-02-16 12:37:44','2023-02-16 12:37:44'),(4872,8,24,1323,1,'Retest the UI and document download functionality.',10,'2023-02-16',2023,2,7,'2023-02-16 12:39:04','2023-02-16 12:39:04'),(4873,8,24,1325,1,'Retest the banking functionality.',10,'2023-02-16',2023,2,7,'2023-02-16 12:40:18','2023-02-16 12:40:18'),(4874,8,24,1328,1,'Retest document sending (PPM, AC1, AC2,AC3,.....) functionality.',10,'2023-02-16',2023,2,7,'2023-02-16 12:41:38','2023-02-16 12:41:38'),(4875,4,24,1330,2,'Retesting a bank account adds, changes, approves, rejects, and deletes functionality.',10,'2023-02-16',2023,2,7,'2023-02-16 12:44:28','2023-02-16 12:44:28'),(4876,4,11,1332,0.5,'Tested the issue and discussion regarding the  issue',10,'2023-02-16',2023,2,7,'2023-02-16 12:45:31','2023-02-16 12:45:31'),(4877,4,11,1324,1,'Pending bank account and tested with new account created ',10,'2023-02-16',2023,2,7,'2023-02-16 12:50:45','2023-02-16 12:50:45'),(4878,16,14,876,2,'Maked Leaves logs, rules and upsert component',9,'2023-02-16',2023,2,7,'2023-02-16 12:56:06','2023-02-16 12:56:06'),(4879,8,28,1271,2,'Change request code cleanup and code review. ',9,'2023-02-16',2023,2,7,'2023-02-16 13:09:02','2023-02-17 01:29:49'),(4880,4,13,1318,2,'Bug fix',9,'2023-02-16',2023,2,7,'2023-02-17 04:35:14','2023-02-17 04:35:14'),(4881,4,13,1318,0.5,'Unit testing ',9,'2023-02-16',2023,2,7,'2023-02-17 04:35:35','2023-02-17 04:35:35'),(4882,4,13,1301,2,'add notification when admin upload new document ',9,'2023-02-16',2023,2,7,'2023-02-17 04:37:44','2023-02-17 04:37:44'),(4883,4,13,1301,1.5,'Redirect notification to communication. ',9,'2023-02-16',2023,2,7,'2023-02-17 04:38:13','2023-02-17 04:38:13'),(4884,4,13,1290,2,'Hni certificate repository code cleans up. ',9,'2023-02-16',2023,2,7,'2023-02-17 04:40:00','2023-02-17 04:40:00'),(4885,4,13,1301,2,'Add notification and communication when admin upload docuemnts',9,'2023-02-15',2023,2,7,'2023-02-17 04:41:24','2023-02-17 04:41:24'),(4886,4,13,1301,2,'Add filter when admin upload document. ',9,'2023-02-15',2023,2,7,'2023-02-17 04:41:47','2023-02-17 04:41:47'),(4887,4,13,1301,2,'Redirect communication to documents page. ',9,'2023-02-15',2023,2,7,'2023-02-17 04:42:09','2023-02-17 04:42:09'),(4888,4,13,1301,2,'Add filter on documents page',9,'2023-02-15',2023,2,7,'2023-02-17 04:42:45','2023-02-17 04:42:45'),(4889,8,28,1271,2,'Fixed internal server error   which is Coming after submit form.',9,'2023-02-17',2023,2,7,'2023-02-17 09:03:06','2023-02-17 09:23:17'),(4890,8,28,1271,0.5,'IRA type investor  removed from FromAccount dropdown list item.',9,'2023-02-17',2023,2,7,'2023-02-17 09:04:31','2023-02-17 09:04:31'),(4891,8,28,1271,1,'Display  success Snack Bar in change request page and navigate to precious  page after  submit form.',9,'2023-02-17',2023,2,7,'2023-02-17 09:08:08','2023-02-17 09:22:29'),(4892,4,13,1336,2,'Create model and update chnage accredited status controller ',9,'2023-02-17',2023,2,7,'2023-02-17 11:56:16','2023-02-17 11:56:16'),(4893,4,13,1336,2,'Create ui to submitted hni certificate if accredited status is no ',9,'2023-02-17',2023,2,7,'2023-02-17 11:57:03','2023-02-17 11:57:03'),(4894,4,13,1336,2,'Create ui to submitted hni certificate if accredited status is no and ui update',9,'2023-02-17',2023,2,7,'2023-02-17 11:57:32','2023-02-17 11:57:32'),(4895,4,13,1336,0.5,'Unit testing',9,'2023-02-17',2023,2,7,'2023-02-17 11:57:43','2023-02-17 11:57:43'),(4896,8,28,1337,0.5,'Fixed  view cancelled  check bug',9,'2023-02-17',2023,2,7,'2023-02-17 13:04:38','2023-02-17 14:56:28'),(4897,4,13,1336,0.5,'Merage conflict ',9,'2023-02-17',2023,2,7,'2023-02-17 13:05:25','2023-02-17 13:05:25'),(4898,16,14,876,2,'Make attendance component and page in employee side',9,'2023-02-17',2023,2,7,'2023-02-17 13:06:13','2023-02-17 13:06:13'),(4899,4,13,1301,1,'Show expanded record ',9,'2023-02-17',2023,2,7,'2023-02-17 13:06:51','2023-02-17 13:06:51'),(4900,8,28,1337,2,'Created and designed the dialog box and rejection note shown in dialog box.',9,'2023-02-17',2023,2,7,'2023-02-17 14:59:46','2023-02-17 14:59:46'),(4901,4,6,1316,2,'Added delete and edit fact transaction functionality',9,'2023-02-17',2023,2,7,'2023-02-20 04:36:00','2023-02-20 04:40:17'),(4902,4,6,1316,1.5,'Unit testing',9,'2023-02-17',2023,2,7,'2023-02-20 04:36:58','2023-02-20 04:37:44'),(4903,4,6,1316,2,'added corporate share tab under finance',9,'2023-02-16',2023,2,7,'2023-02-20 04:38:42','2023-02-20 04:38:42'),(4904,4,6,1316,2,'Added grid and list api for fact transaction',9,'2023-02-16',2023,2,7,'2023-02-20 04:39:38','2023-02-20 04:39:38'),(4905,4,6,1316,2,'Added select and merge functionality',9,'2023-02-16',2023,2,7,'2023-02-20 04:40:58','2023-02-20 04:40:58'),(4906,4,6,1316,2,'Added select and merge functionality',9,'2023-02-16',2023,2,7,'2023-02-20 04:41:04','2023-02-20 04:41:12'),(4907,8,28,1338,0.5,'Fixed smart refresher bug  ',9,'2023-02-20',2023,2,8,'2023-02-20 04:56:32','2023-02-20 04:56:32'),(4908,8,28,1340,0.5,'Fixed Bug #1340-  In progress status.',9,'2023-02-20',2023,2,8,'2023-02-20 05:31:34','2023-02-20 05:31:34'),(4909,8,28,1345,0.5,'Bug #1345- Bug  Fixed.',9,'2023-02-20',2023,2,8,'2023-02-20 07:29:40','2023-02-20 07:29:40'),(4910,8,28,1322,0.5,'Bug #1322 - Bug Fixed.',9,'2023-02-20',2023,2,8,'2023-02-20 07:30:42','2023-02-20 07:30:42'),(4911,8,28,1321,0.5,'Bug #1321- Bug fixed.',9,'2023-02-20',2023,2,8,'2023-02-20 07:51:39','2023-02-20 13:04:02'),(4912,4,11,1301,1.5,'Created Test case and requirement analysis',10,'2023-02-20',2023,2,8,'2023-02-20 09:21:29','2023-02-20 09:21:29'),(4913,4,11,1341,0.5,'Tested the duplicate case for the bank account from change request in admin and investor portal.',10,'2023-02-20',2023,2,8,'2023-02-20 09:23:24','2023-02-20 09:23:24'),(4914,4,11,872,0.5,'Verified',10,'2023-02-20',2023,2,8,'2023-02-20 09:27:51','2023-02-20 09:27:51'),(4915,8,24,1340,1,'Test change request functionality and UI.',10,'2023-02-20',2023,2,8,'2023-02-20 09:28:52','2023-02-20 09:28:52'),(4916,8,24,1342,1,'Test change request functionality and UI.',10,'2023-02-20',2023,2,8,'2023-02-20 09:30:26','2023-02-20 09:30:26'),(4917,8,24,1345,2,'Test bank account creation and rejection functionality.',10,'2023-02-20',2023,2,8,'2023-02-20 09:32:37','2023-02-20 09:32:37'),(4918,8,24,1321,1,'Retest bug no- 1321',10,'2023-02-20',2023,2,8,'2023-02-20 10:10:19','2023-02-20 10:10:19'),(4919,8,24,1337,1,'Retest Bug no- 1337',10,'2023-02-20',2023,2,8,'2023-02-20 10:35:35','2023-02-20 10:35:35'),(4920,16,14,1348,2,'Installing setup and watch video lecture ',11,'2023-02-21',2023,2,8,'2023-02-20 11:42:14','2023-03-01 04:19:41'),(4921,16,14,876,2,'Make notification and profile list item screen and clock in button',9,'2023-02-20',2023,2,8,'2023-02-20 11:44:33','2023-02-20 11:44:33'),(4922,16,14,876,2,'Make user login pages and gradient',9,'2023-02-20',2023,2,8,'2023-02-20 11:45:58','2023-02-20 11:45:58'),(4923,8,7,1325,0.25,'Fixed.',9,'2023-02-20',2023,2,8,'2023-02-20 11:55:12','2023-02-20 11:55:12'),(4924,8,7,1346,0.25,'Fixed.',9,'2023-02-20',2023,2,8,'2023-02-20 12:05:33','2023-02-20 12:05:33'),(4925,8,24,1325,1,'Retset bug no- 1325',10,'2023-02-20',2023,2,8,'2023-02-20 12:26:05','2023-02-20 12:26:05'),(4926,8,11,1346,2,'Change request UI and functionality tested and reported the issue',10,'2023-02-20',2023,2,8,'2023-02-20 12:26:43','2023-02-20 12:26:43'),(4927,4,11,1349,0.5,'Assignment chnage request testing bug created due to bank account change request',10,'2023-02-20',2023,2,8,'2023-02-20 12:27:54','2023-02-20 12:27:54'),(4928,4,11,1158,1.5,'Tested the deployed changes functionality and UI',10,'2023-02-20',2023,2,8,'2023-02-20 12:29:48','2023-02-20 12:29:48'),(4929,4,24,1335,2,'Retest payment functionaity.',10,'2023-02-17',2023,2,7,'2023-02-20 12:30:08','2023-02-20 12:30:08'),(4930,4,24,1339,2,'Retest investor investment functionality.',10,'2023-02-17',2023,2,7,'2023-02-20 12:30:50','2023-02-20 12:31:10'),(4931,4,24,1336,2,'Test Bug NO- 1336',10,'2023-02-17',2023,2,7,'2023-02-20 12:32:53','2023-02-20 12:33:02'),(4932,4,24,1320,2,'Test bank account creation and rejection functionality.',10,'2023-02-17',2023,2,7,'2023-02-20 12:34:37','2023-02-20 12:34:50'),(4933,4,11,1297,0.25,'Tested issue not verified',10,'2023-02-20',2023,2,8,'2023-02-20 12:47:40','2023-02-20 12:47:40'),(4934,10,7,1352,0.5,'Code review and planning.',11,'2023-02-14',2023,2,7,'2023-02-20 13:15:58','2023-02-20 13:15:58'),(4935,10,7,1352,1,'Tried to find reason and reproduce bug again.',10,'2023-02-14',2023,2,7,'2023-02-20 13:16:38','2023-02-20 13:16:38'),(4936,10,7,1352,0.5,'Fixed.',9,'2023-02-14',2023,2,7,'2023-02-20 13:16:55','2023-02-20 13:16:55'),(4937,16,14,876,2,'Make signup and forgot password screen',9,'2023-02-20',2023,2,8,'2023-02-20 13:24:50','2023-02-20 13:24:50'),(4938,4,6,1258,2,'Fixed issues and ui changes',9,'2023-02-20',2023,2,8,'2023-02-21 04:06:42','2023-02-21 04:06:42'),(4939,4,6,1301,2,'Working on communication and notification for document upload',9,'2023-02-20',2023,2,8,'2023-02-21 04:07:17','2023-02-21 04:07:17'),(4940,8,7,1328,0.5,'Fixed.',9,'2023-02-21',2023,2,8,'2023-02-21 05:10:12','2023-02-21 05:10:12'),(4941,4,11,1353,2,'analysis of the effect of bank account on assignment change both portals.',10,'2023-02-21',2023,2,8,'2023-02-21 09:09:05','2023-02-21 09:09:05'),(4942,8,11,1358,1.25,'Ui testing for dropdown and icons',10,'2023-02-21',2023,2,8,'2023-02-21 12:09:12','2023-02-21 12:23:25'),(4943,4,11,1361,1,'tested the email and alert by disabling the template',10,'2023-02-21',2023,2,8,'2023-02-21 12:11:16','2023-02-21 12:11:16'),(4944,4,11,1362,1,'Tested the issue working perfectly on dev',10,'2023-02-21',2023,2,8,'2023-02-21 12:12:46','2023-02-21 12:12:46'),(4945,4,24,1361,2,'Create a sheet for the investor portal, ALRTS.',10,'2023-02-21',2023,2,8,'2023-02-21 12:14:24','2023-02-21 12:14:24'),(4946,16,14,687,2,'Make add payment screen',8,'2023-02-21',2023,2,8,'2023-02-21 12:14:42','2023-02-21 12:14:42'),(4947,8,24,1356,1,'Test account dropdown functionality.',10,'2023-02-21',2023,2,8,'2023-02-21 12:16:27','2023-02-21 12:16:27'),(4948,4,11,1301,0.5,'Requirement analysis',10,'2023-02-21',2023,2,8,'2023-02-21 12:21:13','2023-02-21 12:21:13'),(4949,4,11,369,1.25,'Additional Change request and template enable and disable test',10,'2023-02-21',2023,2,8,'2023-02-21 12:22:33','2023-02-21 12:22:58'),(4950,8,7,1356,0.5,'Fixed.',9,'2023-02-21',2023,2,8,'2023-02-21 12:28:30','2023-02-21 12:28:30'),(4951,8,7,1357,0.5,'Fixed.',9,'2023-02-21',2023,2,8,'2023-02-21 12:29:09','2023-02-21 12:29:09'),(4952,8,7,1359,0.25,'Fixed',9,'2023-02-21',2023,2,8,'2023-02-21 12:31:34','2023-02-21 12:31:34'),(4953,8,7,1358,0.25,'Fixed.',9,'2023-02-21',2023,2,8,'2023-02-21 12:56:07','2023-02-21 12:56:07'),(4954,8,24,1356,2,'Retset Bug no- 1356',10,'2023-02-21',2023,2,8,'2023-02-21 13:11:05','2023-02-21 13:11:05'),(4955,4,6,1301,2,'Code clean up and bug fix',9,'2023-02-21',2023,2,8,'2023-02-22 04:33:18','2023-02-22 04:33:18'),(4956,4,6,1316,1,'Added corporate share edit in field',9,'2023-02-21',2023,2,8,'2023-02-22 04:34:38','2023-02-22 04:34:38'),(4957,4,8,1364,2,'Call notification service while adding notification',9,'2023-02-21',2023,2,8,'2023-02-22 04:47:53','2023-02-22 04:47:53'),(4958,4,8,1364,1,'Call notification service with multiple receiver\'s id',9,'2023-02-21',2023,2,8,'2023-02-22 04:48:52','2023-02-22 04:48:52'),(4959,4,11,1301,0.75,'Tested after deployment reported new issues ',10,'2023-02-22',2023,2,8,'2023-02-22 07:18:49','2023-02-22 12:30:07'),(4960,4,13,1370,2,'Create api to get secondary joint account holder list of null ssn ',9,'2023-02-21',2023,2,8,'2023-02-22 07:24:43','2023-02-22 07:24:43'),(4961,4,13,1370,1,'Create api to get secondary joint account holder list of null ssn ',9,'2023-02-21',2023,2,8,'2023-02-22 07:25:00','2023-02-22 07:25:00'),(4962,4,13,1370,2,'Create method to show list of secondary joint account investor of null ssn ',9,'2023-02-22',2023,2,8,'2023-02-22 07:25:45','2023-02-22 07:25:45'),(4963,4,13,1370,2,'show list of secondary joint account investor of null ssn ',9,'2023-02-22',2023,2,8,'2023-02-22 07:26:21','2023-02-22 07:26:21'),(4964,4,13,1290,2,'power cut',9,'2023-02-21',2023,2,8,'2023-02-22 07:27:57','2023-02-22 07:27:57'),(4965,4,13,1290,2,'Power cut',9,'2023-02-21',2023,2,8,'2023-02-22 07:28:10','2023-02-22 07:28:10'),(4966,4,13,1301,1,'Unit testing and error fix ',9,'2023-02-21',2023,2,8,'2023-02-22 07:29:14','2023-02-22 07:29:14'),(4967,4,11,1258,2,'Tested the EIN lookup and added some of the cases',10,'2023-02-22',2023,2,8,'2023-02-22 07:29:38','2023-02-22 12:30:57'),(4968,4,13,1258,0.5,'Add ssn and ein null check ',9,'2023-02-22',2023,2,8,'2023-02-22 07:30:02','2023-02-22 07:30:02'),(4969,16,14,1348,2,'Watch video lecture about basic tool ',12,'2023-02-22',2023,2,8,'2023-02-22 10:11:57','2023-02-22 10:11:57'),(4970,4,24,1370,1,'Test bug no- 1370',10,'2023-02-22',2023,2,8,'2023-02-22 11:25:26','2023-02-28 05:18:50'),(4971,4,13,1372,0.5,'Bug fix',9,'2023-02-22',2023,2,8,'2023-02-22 12:13:16','2023-02-22 12:13:16'),(4972,4,13,1258,2,'Show list of investor with same ssn when admin approve interest ',9,'2023-02-22',2023,2,8,'2023-02-22 12:15:35','2023-02-22 12:15:35'),(4973,4,13,1372,0.5,'Change communication message and unit testing. ',9,'2023-02-22',2023,2,8,'2023-02-22 12:17:15','2023-02-22 12:17:15'),(4974,4,13,1258,0.5,'Unit testing ',9,'2023-02-22',2023,2,8,'2023-02-22 12:19:56','2023-02-22 12:19:56'),(4975,8,11,1350,1.5,'Testing of the alerts and its navigation',10,'2023-02-22',2023,2,8,'2023-02-22 12:29:14','2023-02-22 12:29:14'),(4976,4,11,1258,1.5,'tested after deployment for all 4 cases and reported new issues',10,'2023-02-22',2023,2,8,'2023-02-22 12:31:45','2023-02-22 12:31:45'),(4977,4,11,1365,1.25,'Verified the issue for the entity as well as joint account and IRA',10,'2023-02-22',2023,2,8,'2023-02-22 12:33:06','2023-02-22 12:33:06'),(4978,16,14,876,2,'Create models for personal screen',9,'2023-02-22',2023,2,8,'2023-02-22 12:38:50','2023-02-22 12:38:50'),(4979,16,14,876,2,'Create validators for personal details screen',9,'2023-02-22',2023,2,8,'2023-02-22 12:39:53','2023-02-22 12:39:53'),(4980,4,6,1367,1,'Added feature to check sum of corporate share is 100%',9,'2023-02-22',2023,2,8,'2023-02-23 04:14:29','2023-02-23 04:16:33'),(4981,4,6,1285,2,'removed edit and delete options ui and backend',9,'2023-02-22',2023,2,8,'2023-02-23 04:15:37','2023-02-28 05:09:47'),(4982,4,6,1368,2,'Added feature to show list of property while calculating equity',9,'2023-02-22',2023,2,8,'2023-02-23 04:16:24','2023-02-23 04:16:24'),(4983,4,6,1368,1,'Unit testing',9,'2023-02-22',2023,2,8,'2023-02-23 04:16:57','2023-02-23 04:16:57'),(4984,4,24,963,1,'Retest Bug no-963',10,'2023-02-23',2023,2,8,'2023-02-23 05:03:41','2023-02-23 05:03:41'),(4985,4,24,1123,1,'Retest Bug No-1123',10,'2023-02-23',2023,2,8,'2023-02-23 05:16:36','2023-02-23 05:16:36'),(4986,4,14,1284,1,'Fix bank account details card size problem',9,'2023-02-23',2023,2,8,'2023-02-23 05:44:36','2023-02-23 05:44:36'),(4987,4,24,1190,1,'Retest the assigned tasks.',10,'2023-02-23',2023,2,8,'2023-02-23 06:06:51','2023-02-23 06:06:51'),(4988,4,11,1077,0.5,'issue verified',10,'2023-02-23',2023,2,8,'2023-02-23 06:06:55','2023-02-23 06:06:55'),(4989,4,11,1349,0.5,'issue verified',10,'2023-02-23',2023,2,8,'2023-02-23 06:52:22','2023-02-23 06:52:22'),(4990,4,11,1287,0.5,'issue verified',10,'2023-02-23',2023,2,8,'2023-02-23 06:53:25','2023-02-23 06:53:25'),(4991,4,11,1150,0.5,'issue verified',10,'2023-02-23',2023,2,8,'2023-02-23 06:54:35','2023-02-23 06:54:35'),(4992,4,11,1278,0.5,'issue verified',10,'2023-02-23',2023,2,8,'2023-02-23 06:55:31','2023-02-23 06:55:31'),(4993,10,7,1380,1.5,'Tried to find reason cause.',10,'2023-02-23',2023,2,8,'2023-02-23 07:41:22','2023-02-23 07:41:22'),(4994,10,7,1380,0.5,'Fixed',9,'2023-02-23',2023,2,8,'2023-02-23 07:41:35','2023-02-23 07:41:35'),(4995,10,7,1380,0.5,'Testing.',10,'2023-02-23',2023,2,8,'2023-02-23 07:41:44','2023-02-23 07:41:44'),(4996,4,13,1379,2,'Add view assignment button. ',9,'2023-02-23',2023,2,8,'2023-02-23 09:06:00','2023-02-23 09:06:00'),(4997,4,6,1376,2,'Fixed unable to submit ppm e-sign request',9,'2023-02-23',2023,2,8,'2023-02-23 09:46:00','2023-02-23 09:46:00'),(4998,16,14,1348,2,'Learn about move, marquee and selection tool',8,'2023-02-23',2023,2,8,'2023-02-23 10:13:29','2023-02-23 10:13:29'),(4999,16,14,1348,2,'Learn about crop, brush, text  tool and smart object layer and shadow ',8,'2023-02-23',2023,2,8,'2023-02-23 10:15:59','2023-02-23 10:15:59'),(5000,4,13,1382,1,'Bug fix ',9,'2023-02-23',2023,2,8,'2023-02-23 10:35:21','2023-02-23 10:35:21'),(5001,4,13,1327,1,'Remove method from interest manager and add it to investor manager. ',9,'2023-02-23',2023,2,8,'2023-02-23 10:46:26','2023-02-23 10:46:26'),(5002,4,13,1327,0.5,'Unit testing ',9,'2023-02-23',2023,2,8,'2023-02-23 10:46:37','2023-02-23 10:46:37'),(5003,4,11,1355,0.25,'issue verified',10,'2023-02-23',2023,2,8,'2023-02-23 11:21:56','2023-02-23 11:21:56'),(5004,4,11,1304,0.25,'issue verified',10,'2023-02-23',2023,2,8,'2023-02-23 11:22:39','2023-02-23 11:22:39'),(5005,4,11,1378,0.25,'issue verified',10,'2023-02-23',2023,2,8,'2023-02-23 11:30:30','2023-02-23 11:30:30'),(5006,4,11,1372,0.5,'issue verified',10,'2023-02-23',2023,2,8,'2023-02-23 11:32:07','2023-02-23 11:32:07'),(5007,4,11,1341,0.5,'issue verified',10,'2023-02-23',2023,2,8,'2023-02-23 11:36:14','2023-02-23 11:36:14'),(5008,4,8,1155,1.5,'Configured google place on frontend',9,'2023-02-23',2023,2,8,'2023-02-23 11:38:56','2023-02-23 11:38:56'),(5009,4,11,1353,0.5,'issue verified',10,'2023-02-23',2023,2,8,'2023-02-23 11:39:12','2023-02-23 11:39:12'),(5010,4,11,1361,0.5,'issue analysed and verified',10,'2023-02-23',2023,2,8,'2023-02-23 11:39:41','2023-02-23 11:39:41'),(5011,4,8,1155,1,'Edited template and inserted location in templates.',9,'2023-02-23',2023,2,8,'2023-02-23 11:39:45','2023-02-23 11:39:45'),(5012,4,11,1365,0.5,'issue verified',10,'2023-02-23',2023,2,8,'2023-02-23 11:41:16','2023-02-23 11:41:16'),(5014,8,7,1389,0.25,'Fixed.',9,'2023-02-23',2023,2,8,'2023-02-23 12:17:37','2023-02-23 12:17:37'),(5015,4,6,1332,2,'Fixed change request approval and already exist issues',9,'2023-02-23',2023,2,8,'2023-02-23 12:20:37','2023-02-23 12:20:37'),(5016,4,6,1332,0.5,'Unit testing',9,'2023-02-23',2023,2,8,'2023-02-23 12:20:47','2023-02-23 12:20:47'),(5017,4,6,1282,1,'Extracted remaining funds tax data',9,'2023-02-23',2023,2,8,'2023-02-23 12:21:37','2023-02-23 12:21:37'),(5018,4,11,1258,0.5,'Tested the functionality when new user add the investment with new SSN functionality not worked',10,'2023-02-23',2023,2,8,'2023-02-23 12:24:03','2023-02-23 12:24:03'),(5019,4,6,1388,1,'Fixed secondary holder not getting alerts',9,'2023-02-23',2023,2,8,'2023-02-23 13:00:51','2023-02-23 13:00:51'),(5020,4,13,1386,0.5,'Identify the wrong message ',9,'2023-02-23',2023,2,8,'2023-02-23 13:01:41','2023-02-23 13:01:41'),(5021,4,13,1390,1,'Add communication method ',9,'2023-02-23',2023,2,8,'2023-02-23 13:02:28','2023-02-23 13:02:28'),(5022,4,13,1301,2,'Unit testing and fix merge conflict ',9,'2023-02-23',2023,2,8,'2023-02-23 13:03:46','2023-02-23 13:03:46'),(5023,16,14,876,2,'Create personal company directory and attendance model and binding',9,'2023-02-23',2023,2,8,'2023-02-23 13:16:36','2023-02-23 13:16:36'),(5024,8,23,1142,1.5,'Push integration with new account',9,'2023-02-23',2023,2,8,'2023-02-23 14:49:32','2023-02-23 14:49:32'),(5025,8,23,1142,2,'Push integration with new account',9,'2023-02-22',2023,2,8,'2023-02-23 14:50:15','2023-02-23 14:50:15'),(5026,4,11,1382,0.5,'issue verified',10,'2023-02-24',2023,2,8,'2023-02-24 05:28:41','2023-02-24 05:28:41'),(5027,4,11,1200,0.25,'issue verified',10,'2023-02-24',2023,2,8,'2023-02-24 06:18:03','2023-02-24 06:18:03'),(5028,4,13,1390,2,'Add notification and communication for ac & ppm upload ',9,'2023-02-24',2023,2,8,'2023-02-24 06:25:44','2023-02-24 06:25:44'),(5029,4,13,1390,1,'Add notification and communication for ac & ppm upload ',9,'2023-02-24',2023,2,8,'2023-02-24 06:26:01','2023-02-24 06:26:01'),(5030,4,6,1103,1,'Fixed wrong displaying wrong data and code clean up',9,'2023-02-24',2023,2,8,'2023-02-24 06:38:28','2023-02-28 05:12:26'),(5031,8,7,1393,0.5,'Fixed.',9,'2023-02-24',2023,2,8,'2023-02-24 06:38:50','2023-02-24 06:38:50'),(5032,8,7,1393,0.25,'Testing.',9,'2023-02-24',2023,2,8,'2023-02-24 06:39:07','2023-02-24 06:39:07'),(5033,4,6,1391,0.75,'Fixed holder not getting alert',9,'2023-02-24',2023,2,8,'2023-02-24 06:39:31','2023-02-28 05:12:08'),(5034,8,7,1342,0.5,'Fixed.',9,'2023-02-24',2023,2,8,'2023-02-24 06:40:22','2023-02-24 06:40:22'),(5035,4,6,1335,1,'Fixed payment receipt not updating on edit',9,'2023-02-24',2023,2,8,'2023-02-24 06:40:24','2023-02-24 06:40:24'),(5036,4,6,1138,0.75,'Fixed navigation',9,'2023-02-24',2023,2,8,'2023-02-24 06:41:01','2023-02-28 05:12:03'),(5037,4,11,1366,0.5,'issue verified',10,'2023-02-24',2023,2,8,'2023-02-24 06:41:14','2023-02-24 06:41:14'),(5038,4,14,1315,2,'Fix mat chip problem in investment page',9,'2023-02-24',2023,2,8,'2023-02-24 06:47:45','2023-02-24 06:47:45'),(5039,4,6,1169,0.75,'Fixed to do status is not resolving',9,'2023-02-24',2023,2,8,'2023-02-24 07:04:18','2023-02-28 05:11:57'),(5040,4,13,1329,0.5,'Disabled cash distribution filter dropdown on edit ',9,'2023-02-24',2023,2,8,'2023-02-24 07:08:03','2023-02-24 07:08:03'),(5041,4,6,1259,0.85,'Fixed todo is not resolving',9,'2023-02-24',2023,2,8,'2023-02-24 07:33:30','2023-02-28 05:12:38'),(5042,4,13,1307,0.25,'Remove the link from apply button in investor portal ',9,'2023-02-24',2023,2,8,'2023-02-24 07:44:16','2023-02-24 07:44:16'),(5043,8,23,1142,3,'Integration of FCM in iOS with new email ID (customer)',9,'2023-02-23',2023,2,8,'2023-02-24 08:15:15','2023-02-24 08:15:15'),(5044,8,23,1142,2,'Scheme creation and testing in iOS',9,'2023-02-20',2023,2,8,'2023-02-24 08:21:01','2023-02-24 08:21:01'),(5045,8,23,1142,7,'FCM integration with Atul\'s client ID and after that integration with octave official apple account',9,'2023-02-22',2023,2,8,'2023-02-24 08:22:43','2023-02-24 08:22:43'),(5046,8,7,1350,2.75,'Reviewed firebase notification integration code.',11,'2023-02-08',2023,2,6,'2023-02-24 10:07:54','2023-02-24 10:07:54'),(5047,8,7,1350,1.75,'Firebase notification integration testing.',9,'2023-02-08',2023,2,6,'2023-02-24 10:09:17','2023-02-24 10:09:17'),(5048,16,14,876,2,'Create leave model and binding',9,'2023-02-24',2023,2,8,'2023-02-24 10:09:39','2023-02-24 10:09:39'),(5049,4,11,1384,0.25,'issue verified',10,'2023-02-24',2023,2,8,'2023-02-24 11:24:46','2023-02-24 11:24:46'),(5050,4,11,1320,0.25,'issue verified',10,'2023-02-24',2023,2,8,'2023-02-24 11:37:00','2023-02-24 11:37:00'),(5051,4,11,1396,0.25,'issue verified',10,'2023-02-24',2023,2,8,'2023-02-24 11:41:07','2023-02-24 11:41:07'),(5052,4,11,1307,0.25,'issue verified',10,'2023-02-24',2023,2,8,'2023-02-24 11:48:28','2023-02-24 11:48:28'),(5053,4,13,1290,1.75,'Changes testing ',9,'2023-02-24',2023,2,8,'2023-02-24 11:58:54','2023-02-24 11:58:54'),(5054,4,13,1290,1.5,'Changes testing ',9,'2023-02-24',2023,2,8,'2023-02-24 11:59:25','2023-02-24 11:59:25'),(5055,4,11,1332,0.5,'issue verified',10,'2023-02-24',2023,2,8,'2023-02-24 12:00:22','2023-02-24 12:00:22'),(5056,4,11,1103,0.25,'issue verified',10,'2023-02-24',2023,2,8,'2023-02-24 12:01:10','2023-02-24 12:01:10'),(5057,4,24,1390,1,'Retest bug no- 1390',10,'2023-02-24',2023,2,8,'2023-02-24 12:04:39','2023-02-24 12:04:39'),(5058,4,11,1138,0.5,'issue verified',10,'2023-02-24',2023,2,8,'2023-02-24 12:05:57','2023-02-24 12:05:57'),(5059,4,11,1386,0.25,'discussed and verified',10,'2023-02-24',2023,2,8,'2023-02-24 12:11:07','2023-02-24 12:11:07'),(5060,4,24,1371,1,'Retset bug no- 1371',10,'2023-02-24',2023,2,8,'2023-02-24 12:11:35','2023-02-24 12:11:35'),(5061,4,6,1374,1.5,'Fixed deployed amount to have year and month dropdowns',9,'2023-02-24',2023,2,8,'2023-02-24 12:12:50','2023-02-24 12:12:50'),(5062,4,24,1391,1,'Retest bug no- 1391',10,'2023-02-24',2023,2,8,'2023-02-24 12:18:22','2023-02-24 12:18:22'),(5063,4,11,1315,0.25,'issue verified',10,'2023-02-24',2023,2,8,'2023-02-24 12:20:48','2023-02-24 12:20:48'),(5064,4,11,1259,0.25,'issue verified',10,'2023-02-24',2023,2,8,'2023-02-24 12:23:14','2023-02-24 12:23:14'),(5065,4,11,1259,0.25,'issue verified',10,'2023-02-24',2023,2,8,'2023-02-24 12:26:10','2023-02-24 12:26:10'),(5066,4,24,1370,1,'Retest bug no- 1370',10,'2023-02-24',2023,2,8,'2023-02-24 12:26:21','2023-02-24 12:26:21'),(5067,8,7,1350,2,'Integrated notification popup on incoming notification.',9,'2023-02-09',2023,2,6,'2023-02-24 12:27:58','2023-02-24 12:27:58'),(5068,8,7,1350,1.5,'Code review and planning for notification redirection.',11,'2023-02-09',2023,2,6,'2023-02-24 12:28:22','2023-02-24 12:28:22'),(5069,8,7,1350,1.5,'Added service for notification redirection and communication page changes to open view communication page on redirection.',9,'2023-02-09',2023,2,6,'2023-02-24 12:29:27','2023-02-24 12:29:40'),(5070,8,7,1350,1.25,'Searched and tried different notification redirection ways while app is in terminated state.',9,'2023-02-09',2023,2,6,'2023-02-24 12:30:52','2023-02-24 12:30:52'),(5071,8,7,1192,0.75,'Tried to find out different options for offer detail chart values.',11,'2023-02-10',2023,2,6,'2023-02-24 12:32:03','2023-02-24 12:32:03'),(5072,4,11,1281,0.5,'issue verified',10,'2023-02-24',2023,2,8,'2023-02-24 12:32:13','2023-02-24 12:32:13'),(5073,8,7,1192,0.5,'Fixed chart value\'s visibility.',9,'2023-02-10',2023,2,6,'2023-02-24 12:32:24','2023-02-24 12:32:24'),(5074,4,24,1335,1,'Retest Bug no-1335',10,'2023-02-24',2023,2,8,'2023-02-24 12:33:14','2023-02-24 12:33:14'),(5075,4,11,1169,0.5,'issue verified',10,'2023-02-24',2023,2,8,'2023-02-24 12:34:17','2023-02-24 12:34:17'),(5076,16,14,876,2,'Create company and directory model in admin',9,'2023-02-24',2023,2,8,'2023-02-24 12:41:52','2023-02-24 12:41:52'),(5077,16,14,876,2,'Create personal profile model in admin',9,'2023-02-24',2023,2,8,'2023-02-24 12:42:20','2023-02-24 12:42:20'),(5078,8,24,1393,1,'Retest bug no - 1393',10,'2023-02-24',2023,2,8,'2023-02-24 13:07:49','2023-02-24 13:07:49'),(5079,8,24,1389,1,'Retest bug no-1389',10,'2023-02-24',2023,2,8,'2023-02-24 13:10:58','2023-02-24 13:10:58'),(5080,4,6,1402,2,'Fixed address issues',9,'2023-02-25',2023,2,8,'2023-02-25 09:33:01','2023-02-25 09:33:01'),(5081,4,6,1402,1,'Code clean up',9,'2023-02-25',2023,2,8,'2023-02-25 09:33:19','2023-02-25 09:33:19'),(5082,4,6,1166,1,'Fixed title is wrong',9,'2023-02-24',2023,2,8,'2023-02-25 10:07:30','2023-02-25 10:07:30'),(5083,4,11,1402,0.5,'issue verified',10,'2023-02-25',2023,2,8,'2023-02-25 11:09:37','2023-02-25 11:09:37'),(5084,4,11,1374,0.25,'issue verified',10,'2023-02-25',2023,2,8,'2023-02-25 11:13:49','2023-02-25 11:13:49'),(5085,4,11,1376,0.25,'issue verified',10,'2023-02-25',2023,2,8,'2023-02-25 11:40:35','2023-02-25 11:40:35'),(5086,4,11,1381,0.25,'issue verified',10,'2023-02-25',2023,2,8,'2023-02-25 11:43:00','2023-02-25 11:43:00'),(5087,4,11,1401,2,'analysis of the bank account impact on the assignment change and created the cases',10,'2023-02-23',2023,2,8,'2023-02-25 11:47:41','2023-02-28 04:47:12'),(5088,4,11,1331,0.25,'issue verified',10,'2023-02-25',2023,2,8,'2023-02-25 11:53:17','2023-02-25 11:53:17'),(5089,4,8,1403,1.5,'preserved grid state on admin portal',9,'2023-02-20',2023,2,8,'2023-02-26 11:40:05','2023-02-26 11:40:05'),(5090,4,8,1403,0.5,'updated grid utils name',9,'2023-02-20',2023,2,8,'2023-02-26 11:40:45','2023-02-26 11:40:45'),(5091,4,8,1404,2,'Changed cd date/effective date to month and year dropdown',9,'2023-02-15',2023,2,7,'2023-02-26 11:55:44','2023-02-26 11:55:44'),(5092,4,8,1404,1,'Changed cd date/ effective date to month and year dropdown',9,'2023-02-15',2023,2,7,'2023-02-26 11:57:45','2023-02-26 11:57:45'),(5093,8,7,1192,0.5,'Enabled page reloading on bottom tab changed.',9,'2023-02-10',2023,2,6,'2023-02-27 04:40:34','2023-02-27 04:40:34'),(5094,8,7,1350,1.25,'Handled notification while app is in terminated state.',9,'2023-02-10',2023,2,6,'2023-02-27 04:41:57','2023-02-27 04:41:57'),(5095,4,6,1062,2,'updated property to offer in dashboard',9,'2023-02-01',2023,2,5,'2023-02-27 04:51:11','2023-02-27 04:51:11'),(5096,8,7,1350,2.25,'Added notification redirection.',9,'2023-02-13',2023,2,7,'2023-02-27 05:00:57','2023-02-27 05:00:57'),(5097,8,7,1407,2.25,'Added pages and blocs.',9,'2023-02-13',2023,2,7,'2023-02-27 05:02:45','2023-02-27 05:02:45'),(5098,8,7,1407,1.5,'Added todo list item page and ui changes.',9,'2023-02-13',2023,2,7,'2023-02-27 05:03:46','2023-02-27 05:03:46'),(5099,8,7,1192,0.5,'Added marketplace tag in investment detail.',9,'2023-02-13',2023,2,7,'2023-02-27 05:04:35','2023-02-27 05:04:35'),(5100,8,7,823,0.25,'Changed base url\'s for uat.',9,'2023-02-13',2023,2,7,'2023-02-27 05:05:48','2023-02-27 05:05:48'),(5101,8,7,1407,1.25,'Added to-do redirection.',9,'2023-02-13',2023,2,7,'2023-02-27 05:07:07','2023-02-27 05:07:07'),(5102,8,7,1407,0.5,'Testing.',9,'2023-02-13',2023,2,7,'2023-02-27 05:07:21','2023-02-27 05:07:21'),(5103,10,7,1408,1,'Fixed video encoding message pop-up twice bug.',9,'2023-02-14',2023,2,7,'2023-02-27 05:10:04','2023-02-27 05:10:37'),(5104,4,6,1409,1,'Fixed account selector not working and code clean up',9,'2023-02-27',2023,2,9,'2023-02-27 05:11:51','2023-02-27 05:11:51'),(5105,8,7,1192,1.25,'Fixed HTML font size and margin.',9,'2023-02-15',2023,2,7,'2023-02-27 05:18:34','2023-02-27 05:18:34'),(5106,8,7,1270,2,'Code review and cleanup.',9,'2023-02-15',2023,2,7,'2023-02-27 05:20:52','2023-02-27 05:20:52'),(5107,4,11,1155,1,'Tested the All documents adress',10,'2023-02-27',2023,2,9,'2023-02-27 05:29:34','2023-02-27 05:29:34'),(5108,4,11,1258,1,'Tested the EIN and SSN for all accounts',10,'2023-02-27',2023,2,9,'2023-02-27 05:32:04','2023-02-27 05:32:04'),(5109,8,7,1270,0.5,'Disabled download button for inactive records.',9,'2023-02-15',2023,2,7,'2023-02-27 05:40:17','2023-02-27 05:40:17'),(5110,8,7,1407,1,'Code cleanup and testing.',9,'2023-02-16',2023,2,7,'2023-02-27 05:42:08','2023-02-27 05:43:42'),(5111,4,6,1411,0.5,'Fixed assignment change effective date',9,'2023-02-27',2023,2,9,'2023-02-27 06:05:00','2023-02-27 06:05:00'),(5112,4,6,1412,0.5,'Fixed profile percent',9,'2023-02-27',2023,2,9,'2023-02-27 06:56:41','2023-02-27 06:56:41'),(5113,4,6,1410,0.2,'Fixed spelling',9,'2023-02-27',2023,2,9,'2023-02-27 06:57:08','2023-02-27 06:57:08'),(5114,4,11,1415,0.5,'Testing of the location and documents ',10,'2023-02-27',2023,2,9,'2023-02-27 07:13:16','2023-02-27 07:13:16'),(5115,4,11,1414,0.5,'issue verified',10,'2023-02-27',2023,2,9,'2023-02-27 07:26:50','2023-02-27 07:26:50'),(5116,4,6,1419,2,'Updated default email template',9,'2023-02-27',2023,2,9,'2023-02-27 09:36:30','2023-02-27 09:36:30'),(5117,4,11,1410,0.25,'issue verified',10,'2023-02-27',2023,2,9,'2023-02-27 09:57:59','2023-02-27 09:57:59'),(5118,4,11,1409,0.25,'issue verified',10,'2023-02-27',2023,2,9,'2023-02-27 09:59:45','2023-02-27 09:59:45'),(5119,4,11,1412,0.25,'issue verified',10,'2023-02-27',2023,2,9,'2023-02-27 10:00:57','2023-02-27 10:00:57'),(5120,4,11,1411,0.25,'issue verified',10,'2023-02-27',2023,2,9,'2023-02-27 10:29:54','2023-02-27 10:29:54'),(5121,4,11,1415,0.25,'issue verified',10,'2023-02-27',2023,2,9,'2023-02-27 10:59:59','2023-02-27 10:59:59'),(5122,8,23,1142,6,'Removing certificated and configuration and setting up for latest FCM app in iOS and Android',9,'2023-02-25',2023,2,8,'2023-02-27 11:24:38','2023-02-27 11:24:38'),(5123,4,24,1419,2,'Test header/footer with each email template.',10,'2023-02-27',2023,2,9,'2023-02-27 11:42:28','2023-02-27 11:42:28'),(5124,4,24,1411,1,'Test bug no 1411',10,'2023-02-27',2023,2,9,'2023-02-27 11:43:35','2023-02-27 11:43:35'),(5125,4,24,1415,1,'Test bug no- 1415',10,'2023-02-27',2023,2,9,'2023-02-27 11:44:06','2023-02-27 11:44:06'),(5126,4,24,1412,1,'Test bug no- 1412',10,'2023-02-27',2023,2,9,'2023-02-27 11:45:11','2023-02-27 11:45:11'),(5127,4,24,1409,1,'Test bug no- 1409',10,'2023-02-27',2023,2,9,'2023-02-27 11:45:50','2023-02-27 11:45:50'),(5128,4,11,1387,0.25,'issue verified',10,'2023-02-27',2023,2,9,'2023-02-27 12:27:49','2023-02-27 12:27:49'),(5129,8,7,1271,0.75,'Code review.',12,'2023-02-16',2023,2,7,'2023-02-27 12:28:44','2023-02-27 12:28:44'),(5130,4,11,1419,0.5,'issue verified',10,'2023-02-27',2023,2,9,'2023-02-27 12:38:28','2023-02-27 12:38:28'),(5131,4,8,1405,2,'Updated api\'s for investment details page',9,'2023-02-15',2023,2,7,'2023-02-27 17:33:52','2023-02-27 17:33:52'),(5132,4,8,1405,2,'Updated view and enabled approving , rejecting, deleting subscription from investment details page',9,'2023-02-15',2023,2,7,'2023-02-27 17:34:39','2023-02-27 17:34:39'),(5133,4,8,1422,2,'Assignment approval popup is uneditale for admin\'s approval',9,'2023-02-17',2023,2,7,'2023-02-27 17:43:43','2023-02-27 17:43:43'),(5134,4,8,1284,2,'Implemented to-do when any bank account is created by investor',9,'2023-02-22',2023,2,8,'2023-02-27 17:47:12','2023-02-27 17:47:12'),(5135,4,8,1284,2,'Send communication to investor whenever admin rejects any bank account',9,'2023-02-22',2023,2,8,'2023-02-27 17:48:29','2023-02-27 17:48:29'),(5136,4,8,1284,2,'Admin steps changes ',9,'2023-02-22',2023,2,8,'2023-02-27 17:49:09','2023-02-27 17:49:09'),(5137,4,8,1284,2,'Handled bank account while creating bank account change request from investor',9,'2023-02-21',2023,2,8,'2023-02-27 17:53:00','2023-02-27 17:53:00'),(5138,4,8,1284,2,'Handled creating assignment change request from investor',9,'2023-02-21',2023,2,8,'2023-02-27 17:53:37','2023-02-27 17:53:37'),(5139,4,8,1284,2,'Handled creating change contract from admin portal',9,'2023-02-22',2023,2,8,'2023-02-27 17:54:47','2023-02-27 17:54:47'),(5140,4,8,1284,2,'Handled creating and approving change contract from admin portal',9,'2023-02-23',2023,2,8,'2023-02-27 17:55:54','2023-02-27 17:55:54'),(5141,4,8,1284,2,'Change requests and change contract updates',9,'2023-02-23',2023,2,8,'2023-02-27 17:56:25','2023-02-27 17:56:25'),(5142,4,8,1421,1,'Change contract location is now visible',9,'2023-02-27',2023,2,9,'2023-02-27 17:58:22','2023-02-27 17:58:22'),(5143,4,8,1418,0.25,'Spaces between warning messages has been fixed',9,'2023-02-27',2023,2,9,'2023-02-27 17:59:17','2023-02-27 17:59:17'),(5144,4,8,1417,0.25,'Fixed',9,'2023-02-27',2023,2,9,'2023-02-27 17:59:41','2023-02-27 17:59:41'),(5145,4,8,1401,1,'All other bank accounts are being showed',9,'2023-02-24',2023,2,8,'2023-02-27 18:01:40','2023-02-27 18:01:40'),(5146,4,8,1396,1,'To-do is now being marked as complete',9,'2023-02-24',2023,2,8,'2023-02-27 18:04:46','2023-02-27 18:04:46'),(5147,4,8,1395,1,'Fixed the error',9,'2023-02-24',2023,2,8,'2023-02-27 18:05:41','2023-02-27 18:05:41'),(5148,4,8,1423,2,'Hni cleanup from uat',9,'2023-02-27',2023,2,9,'2023-02-27 18:07:09','2023-02-27 18:07:09'),(5149,4,8,1423,2,'Hni cleanup from dev',9,'2023-02-27',2023,2,9,'2023-02-27 18:07:28','2023-02-27 18:07:28'),(5150,4,8,1423,1,'Hni cleanup from dev',9,'2023-02-27',2023,2,9,'2023-02-27 18:07:44','2023-02-27 18:07:44'),(5151,4,8,1284,2,'Created pages for adding bank account details from admin portal',9,'2023-02-09',2023,2,6,'2023-02-27 18:17:55','2023-02-27 18:17:55'),(5152,4,8,1284,2,'Created page for adding bank account details from investor side',9,'2023-02-09',2023,2,6,'2023-02-27 18:18:22','2023-02-27 18:18:22'),(5153,4,8,1284,2,'Handled bank account while subscribing from investor portal',9,'2023-02-09',2023,2,6,'2023-02-27 18:20:14','2023-02-27 18:20:14'),(5154,4,8,1284,2,'Handled bank account while adding subscription from admin portal',9,'2023-02-09',2023,2,6,'2023-02-27 18:21:57','2023-02-27 18:21:57'),(5155,4,8,1284,2,'Create bank account while creating entity, ira, corporate account from investor side',9,'2023-02-14',2023,2,7,'2023-02-27 18:23:49','2023-02-27 18:23:49'),(5156,4,8,1284,2,'Create bank account while creating entity, ira, corporate account from admin portal',9,'2023-02-14',2023,2,7,'2023-02-27 18:24:35','2023-02-27 18:24:35'),(5157,4,8,1284,2,'Handles bank account while approving, rejecting and deleting entity, corporate and ira account',9,'2023-02-14',2023,2,7,'2023-02-27 18:25:34','2023-02-27 18:25:34'),(5158,4,8,1284,2,'Removed bank account details and cancelled check from personal, entity, ira, corporate details from investor side',9,'2023-02-16',2023,2,7,'2023-02-27 18:27:11','2023-02-27 18:27:11'),(5159,4,8,1284,1,'Removed bank account details and cancelled check  of entity, ira, corporate account from investor portal ',9,'2023-02-16',2023,2,7,'2023-02-27 18:28:10','2023-02-27 18:28:10'),(5160,4,8,1284,2,'Implemented bank account in marketplace section',9,'2023-02-16',2023,2,7,'2023-02-27 18:32:10','2023-02-27 18:32:10'),(5161,4,8,1284,0.5,'Show closed and pending offers in change request',9,'2023-02-16',2023,2,7,'2023-02-27 18:34:26','2023-02-27 18:34:26'),(5162,4,8,1394,1,'Fixed the issue',9,'2023-02-25',2023,2,8,'2023-02-27 18:38:56','2023-02-27 18:38:56'),(5163,4,8,1387,0.5,'Removed the message',9,'2023-02-27',2023,2,9,'2023-02-27 18:39:40','2023-02-27 18:39:40'),(5164,4,8,1384,0.5,'Fixed the issue',9,'2023-02-17',2023,2,7,'2023-02-27 18:40:56','2023-02-27 18:40:56'),(5165,4,8,1381,2,'Assignment change contract is now being approved',9,'2023-02-25',2023,2,8,'2023-02-27 18:42:43','2023-02-27 18:42:43'),(5166,4,8,1371,0.5,'Fixed',9,'2023-02-25',2023,2,8,'2023-02-27 18:43:52','2023-02-27 18:43:52'),(5167,4,8,868,1,'Miscellaneous',9,'2023-02-13',2023,2,7,'2023-02-27 18:49:52','2023-02-27 18:49:52'),(5168,4,8,868,1,'Miscellaneous',9,'2023-02-14',2023,2,7,'2023-02-27 18:50:12','2023-02-27 18:50:12'),(5169,4,8,868,1,'Miscellaneous',9,'2023-02-15',2023,2,7,'2023-02-27 18:50:28','2023-02-27 18:50:28'),(5170,4,8,868,1,'Miscellaneous',9,'2023-02-16',2023,2,7,'2023-02-27 18:50:44','2023-02-27 18:50:44'),(5171,4,8,868,1,'Miscellaneous',9,'2023-02-17',2023,2,7,'2023-02-27 18:51:22','2023-02-27 18:51:22'),(5172,4,8,868,1,'Miscellaneous',9,'2023-02-20',2023,2,8,'2023-02-27 18:51:40','2023-02-27 18:51:40'),(5173,4,8,868,1,'Miscellaneous',9,'2023-02-21',2023,2,8,'2023-02-27 18:52:13','2023-02-27 18:52:13'),(5174,4,8,868,1,'Miscellaneous',9,'2023-02-23',2023,2,8,'2023-02-27 18:52:31','2023-02-27 18:52:31'),(5175,4,8,1284,1,'Fixed bugs',9,'2023-02-27',2023,2,9,'2023-02-27 18:54:49','2023-02-27 18:54:49'),(5176,4,8,1284,1,'Fixed bugs',9,'2023-02-13',2023,2,7,'2023-02-27 18:55:54','2023-02-27 18:55:54'),(5177,4,8,1284,1,'Code cleanup and bug fixes',9,'2023-02-10',2023,2,6,'2023-02-27 18:56:16','2023-02-27 18:56:16'),(5178,27,28,1424,2,'Created Marketplace event and Marketplace state and Marketplace Bloc.',9,'2023-02-21',2023,2,8,'2023-02-28 02:23:32','2023-02-28 02:23:32'),(5179,27,28,1424,2,'Created getMarketPlacePortfolio method in api client page and call this method on marketplace repository.',9,'2023-02-21',2023,2,8,'2023-02-28 02:26:34','2023-02-28 02:26:34'),(5180,27,28,1424,2,'Created  marketplace portfolio event and market place portfolio state then mapped event to state in marketplace bloc.',9,'2023-02-21',2023,2,8,'2023-02-28 02:29:59','2023-02-28 02:29:59'),(5181,27,28,1424,2,'Portfolio  tab view page designed and marketplace bloc connected  with  portfolioTabViewPage. ',9,'2023-02-21',2023,2,8,'2023-02-28 02:32:13','2023-02-28 02:32:13'),(5182,27,28,1424,2,'Created sellRequestEvent and sellRequestLoadedState and connected  event to state with marketplace bloc.',9,'2023-02-22',2023,2,8,'2023-02-28 02:36:53','2023-02-28 02:36:53'),(5183,15,13,792,0.75,'Study promises and observable in angular.  ',9,'2023-02-27',2023,2,9,'2023-02-28 04:34:36','2023-02-28 04:34:49'),(5184,15,13,962,0.75,'Study linq (group by clause and order by clause )',9,'2023-02-27',2023,2,9,'2023-02-28 04:35:54','2023-02-28 04:39:30'),(5185,8,7,1407,0.75,'Testing.',10,'2023-02-14',2023,2,7,'2023-02-28 04:36:25','2023-02-28 04:36:25'),(5186,4,6,1134,1.5,'Communication and notification redirection fix',9,'2023-02-01',2023,2,5,'2023-02-28 04:36:41','2023-02-28 04:36:41'),(5187,4,13,1419,2,'Edit default template. ',9,'2023-02-27',2023,2,9,'2023-02-28 04:36:57','2023-02-28 04:44:07'),(5188,4,8,1284,1,'Fixed console errors in bank account page due to routing validation',9,'2023-02-24',2023,2,8,'2023-02-28 04:37:32','2023-02-28 04:37:32'),(5189,6,7,1427,8,'Leave',11,'2023-02-03',2023,2,5,'2023-02-28 04:37:38','2023-02-28 04:37:38'),(5190,4,6,1062,0.5,'Code clean up equity and cash distribution manager for dashboard',9,'2023-02-01',2023,2,5,'2023-02-28 04:37:43','2023-02-28 04:37:43'),(5191,8,11,1246,2,'tested the assignment change effective date and PPM sign if admin change the investor type by admin error',10,'2023-02-10',2023,2,6,'2023-02-28 04:38:28','2023-02-28 04:38:28'),(5192,4,24,1406,1,'Retest bank account creation and change request functionality.',10,'2023-02-27',2023,2,9,'2023-02-28 04:38:32','2023-02-28 04:38:32'),(5193,4,8,1284,2,'Update to-do when admin edit bank account from bank accounts, entity, ira or corporate account',9,'2023-02-24',2023,2,8,'2023-02-28 04:38:55','2023-02-28 04:38:55'),(5194,4,6,1181,2,'Fixed mass mail attachment issue',9,'2023-02-02',2023,2,5,'2023-02-28 04:39:52','2023-02-28 04:39:52'),(5195,6,7,1428,4,'Leave',11,'2023-02-14',2023,2,7,'2023-02-28 04:40:13','2023-02-28 04:40:13'),(5196,15,13,962,0.75,'Study LINQ where and select clause. ',9,'2023-02-27',2023,2,9,'2023-02-28 04:40:19','2023-02-28 04:46:37'),(5197,4,8,1284,0.75,'Bug fix - Show all bank accounts in bank details page',9,'2023-02-24',2023,2,8,'2023-02-28 04:40:43','2023-02-28 04:40:43'),(5198,6,7,1429,4,'Leave',11,'2023-02-16',2023,2,7,'2023-02-28 04:40:45','2023-02-28 04:40:45'),(5199,4,6,1062,1,'Removed unused code and code cleanup',9,'2023-02-02',2023,2,5,'2023-02-28 04:40:53','2023-02-28 04:40:53'),(5200,8,7,1270,0.75,'Code review',12,'2023-02-15',2023,2,7,'2023-02-28 04:41:12','2023-02-28 04:41:12'),(5201,8,11,1407,2,'Tested the TO-DO with alert navigation and tested the chips states for mobile app and UI',10,'2023-02-16',2023,2,7,'2023-02-28 04:41:17','2023-02-28 05:04:24'),(5202,4,24,1413,1,'Retest navigation for to-do links and alerts.',10,'2023-02-27',2023,2,9,'2023-02-28 04:41:22','2023-02-28 04:41:22'),(5203,15,13,792,0.5,'Study circular dependency error in angular ',9,'2023-02-27',2023,2,9,'2023-02-28 04:41:55','2023-02-28 04:44:40'),(5204,8,28,1426,2,'Created event , state , bloc  and repository for marketplace.',9,'2023-02-21',2023,2,8,'2023-02-28 04:42:43','2023-02-28 04:42:43'),(5205,4,11,1423,0.75,'Tested the Flow after reverting the HNI from both admin and investor portal.',10,'2023-02-08',2023,2,6,'2023-02-28 04:43:17','2023-02-28 04:56:59'),(5206,10,7,1425,1,'Tried to find possibilities to reproduce bug..',10,'2023-02-16',2023,2,7,'2023-02-28 04:43:28','2023-02-28 04:43:28'),(5207,8,28,1426,2,'Created  portfolio model .',9,'2023-02-21',2023,2,8,'2023-02-28 04:43:38','2023-02-28 04:43:38'),(5208,10,7,1425,0.5,'Fixed canva redirection bug.',9,'2023-02-16',2023,2,7,'2023-02-28 04:43:46','2023-02-28 04:43:46'),(5209,10,7,1425,0.5,'Testing.',10,'2023-02-16',2023,2,7,'2023-02-28 04:43:58','2023-02-28 04:43:58'),(5210,4,6,1430,2,'Fixed and added buyer to for document e-sign',9,'2023-02-08',2023,2,6,'2023-02-28 04:44:09','2023-02-28 04:44:09'),(5211,4,11,1422,0.5,'Tested the POP bank account update after adding accounts from admin and investor',10,'2023-02-07',2023,2,6,'2023-02-28 04:44:11','2023-02-28 04:56:44'),(5212,4,24,1374,1,'Verify bug no - 1374',10,'2023-02-25',2023,2,8,'2023-02-28 04:44:58','2023-02-28 04:44:58'),(5213,4,6,1158,1,'Fixed select list items and code clean up',9,'2023-02-08',2023,2,6,'2023-02-28 04:45:02','2023-02-28 04:45:02'),(5214,4,8,1284,0.5,'Miscellaneous - Merge fix',9,'2023-02-23',2023,2,8,'2023-02-28 04:45:06','2023-02-28 04:45:06'),(5215,4,11,1416,0.75,'Retested the location after deployment fro',10,'2023-02-22',2023,2,8,'2023-02-28 04:45:25','2023-02-28 04:45:25'),(5216,10,7,1431,0.5,'Replaced Presenting with enabled.',9,'2023-02-16',2023,2,7,'2023-02-28 04:45:46','2023-02-28 04:45:46'),(5217,4,13,1419,0.75,'Add s3 images link in icons and octave logo. ',9,'2023-02-27',2023,2,9,'2023-02-28 04:45:49','2023-02-28 04:45:59'),(5218,4,24,1394,1,'Verify bug no - 1394',10,'2023-02-25',2023,2,8,'2023-02-28 04:45:52','2023-02-28 04:45:52'),(5219,4,6,1314,1,'Code review and fixed the sso url not replacing',9,'2023-02-08',2023,2,6,'2023-02-28 04:46:34','2023-02-28 04:46:34'),(5220,8,28,1426,2,'Created getPortfolioList method and call this method in marketplace repository form Api_client page. ',9,'2023-02-21',2023,2,8,'2023-02-28 04:46:42','2023-02-28 04:46:42'),(5221,4,8,1364,1,'Call notification service conditionally while adding communication',9,'2023-02-20',2023,2,8,'2023-02-28 04:46:52','2023-02-28 05:09:37'),(5222,4,24,1376,1,'Verify bug no - 1376',10,'2023-02-25',2023,2,8,'2023-02-28 04:47:01','2023-02-28 04:47:01'),(5223,4,6,1158,1,'Code clean up',9,'2023-02-08',2023,2,6,'2023-02-28 04:47:29','2023-02-28 04:47:29'),(5224,15,13,792,0.5,'Study common routing task ',9,'2023-02-27',2023,2,9,'2023-02-28 04:47:30','2023-02-28 04:49:40'),(5225,8,28,1426,2,'Created  FetchPortfolioListEvent and PortfolioLoadedState and mapped event to state in marketplace bloc.',9,'2023-02-21',2023,2,8,'2023-02-28 04:48:26','2023-02-28 04:48:26'),(5226,28,7,1432,0.5,'Review and planing',11,'2023-02-17',2023,2,7,'2023-02-28 04:48:38','2023-02-28 04:48:38'),(5227,4,11,1374,0.5,'Requirement analysis and its testing after deployment ',10,'2023-02-03',2023,2,5,'2023-02-28 04:48:39','2023-02-28 04:56:33'),(5228,15,13,792,0.5,'Study error expression changed after it was checked ',9,'2023-02-27',2023,2,9,'2023-02-28 04:48:45','2023-02-28 04:49:36'),(5229,4,6,1430,1,'Unit testing',10,'2023-02-08',2023,2,6,'2023-02-28 04:48:48','2023-02-28 04:48:48'),(5230,4,24,1381,1,'Verify bug no - 1381',10,'2023-02-25',2023,2,8,'2023-02-28 04:48:49','2023-02-28 04:48:49'),(5231,28,7,1432,1,'Created entities.',9,'2023-02-17',2023,2,7,'2023-02-28 04:49:14','2023-02-28 04:49:14'),(5232,15,13,792,0.5,'Study dependency injection in angular ',9,'2023-02-27',2023,2,9,'2023-02-28 04:49:22','2023-02-28 04:49:32'),(5233,28,7,1432,1,'Created entities config.',9,'2023-02-17',2023,2,7,'2023-02-28 04:49:29','2023-02-28 04:49:29'),(5234,4,11,1392,0.75,'Testing of the additional alerts and CC which was blacked out in excel sheet.',10,'2023-02-02',2023,2,5,'2023-02-28 04:49:56','2023-02-28 04:56:21'),(5235,4,24,1331,1,'Verify bug no - 1331',10,'2023-02-25',2023,2,8,'2023-02-28 04:50:08','2023-02-28 04:50:08'),(5236,8,28,1426,2,'Portfolio tab view page designed and Displayed portfolio data on portfolio tab view.',9,'2023-02-22',2023,2,8,'2023-02-28 04:50:34','2023-02-28 04:50:34'),(5237,4,11,1377,0.5,'Tested the graph for other investors in dev.',10,'2023-02-13',2023,2,7,'2023-02-28 04:50:46','2023-02-28 04:56:10'),(5238,8,7,1271,1.5,'Code cleanup and review and some small fixes.',12,'2023-02-17',2023,2,7,'2023-02-28 04:51:03','2023-02-28 04:51:03'),(5239,4,8,1284,1,'Show pending bank account too when investor is applying to any offer and adjust frontend code acc. to that.',9,'2023-02-16',2023,2,7,'2023-02-28 04:51:10','2023-02-28 04:51:10'),(5240,4,6,1158,2,'Fixed issues related to upload certificate',9,'2023-02-08',2023,2,6,'2023-02-28 04:51:12','2023-02-28 04:51:12'),(5241,4,24,1401,1,'Verify bug no - 1401',10,'2023-02-25',2023,2,8,'2023-02-28 04:51:19','2023-02-28 04:51:19'),(5242,8,28,1426,2,'Created model for Fetch sell request data.',9,'2023-02-22',2023,2,8,'2023-02-28 04:51:43','2023-02-28 04:51:43'),(5243,8,7,1271,1.25,'Merging and post merge code cleanup and testing.',10,'2023-02-17',2023,2,7,'2023-02-28 04:51:55','2023-02-28 04:51:55'),(5244,4,6,1238,0.75,'Fixed received communication not visible investor portal',9,'2023-02-09',2023,2,6,'2023-02-28 04:52:27','2023-02-28 04:52:27'),(5245,4,11,1237,0.5,'Tested the other investors equity and in graph and current equity as well.',10,'2023-02-14',2023,2,7,'2023-02-28 04:52:39','2023-02-28 04:56:00'),(5246,8,7,1350,1,'Created new ui for notification popup',9,'2023-02-17',2023,2,7,'2023-02-28 04:52:39','2023-02-28 04:52:39'),(5247,15,13,792,0.25,'Study form control ',9,'2023-02-27',2023,2,9,'2023-02-28 04:52:41','2023-02-28 04:55:20'),(5248,8,7,1350,0.5,'Testing.',10,'2023-02-17',2023,2,7,'2023-02-28 04:52:52','2023-02-28 04:52:52'),(5249,4,8,1284,2,'Disable approving interest if current bank account is rejected, and ask to create a new bank account',9,'2023-02-17',2023,2,7,'2023-02-28 04:52:55','2023-02-28 04:52:55'),(5250,4,6,1168,1.5,'Fixed not able delete corporate account partner',9,'2023-02-09',2023,2,6,'2023-02-28 04:53:08','2023-02-28 04:53:08'),(5251,8,28,1426,1,'Created GetSellRequestList method and call methos in marketplace repository.',9,'2023-02-22',2023,2,8,'2023-02-28 04:53:21','2023-02-28 04:53:48'),(5252,8,7,1350,1.25,'Added redirection while app is in terminated state with loading first page bottom tab bar.',9,'2023-02-17',2023,2,7,'2023-02-28 04:53:40','2023-02-28 04:53:40'),(5253,15,13,792,0.25,'Study ng optimized image ',9,'2023-02-27',2023,2,9,'2023-02-28 04:53:43','2023-02-28 04:55:10'),(5254,4,6,1282,1.75,'Creating excel files',9,'2023-02-09',2023,2,6,'2023-02-28 04:54:13','2023-02-28 04:54:13'),(5255,8,11,823,0.75,'Searching of the new chart for the mobile and web ',10,'2023-02-20',2023,2,8,'2023-02-28 04:54:22','2023-02-28 05:04:14'),(5256,4,8,1284,2,'Handled creating bank account in offer level.',9,'2023-02-07',2023,2,6,'2023-02-28 04:54:26','2023-02-28 04:54:26'),(5257,15,13,792,0.5,'Study reactive forms in angular ',9,'2023-02-27',2023,2,9,'2023-02-28 04:54:51','2023-02-28 04:55:01'),(5258,4,6,1282,2,'Verifying data ',9,'2023-02-10',2023,2,6,'2023-02-28 04:55:21','2023-02-28 04:55:21'),(5259,10,7,1433,0.75,'Tried to reproduce bug.',9,'2023-02-20',2023,2,8,'2023-02-28 04:55:42','2023-02-28 04:55:42'),(5260,8,28,1426,2,'Created FetchSellRequestEvent and SellRequestLoadedState and mapped event to state in marketplace bloc.',9,'2023-02-22',2023,2,8,'2023-02-28 04:55:51','2023-02-28 04:55:51'),(5261,10,7,1433,0.5,'Code review for possibilities and other scenarios for bug cause',12,'2023-02-20',2023,2,8,'2023-02-28 04:56:35','2023-02-28 04:56:35'),(5262,4,6,1286,1.35,'Code clean up and unit testing',9,'2023-02-14',2023,2,7,'2023-02-28 04:56:43','2023-02-28 04:56:57'),(5263,4,8,1284,1,'Restricted creating bank account with same credentials by investor',9,'2023-02-13',2023,2,7,'2023-02-28 04:56:47','2023-02-28 04:56:47'),(5264,10,7,1433,0.5,'Fixed canva group selection bug.',9,'2023-02-20',2023,2,8,'2023-02-28 04:56:56','2023-02-28 04:56:56'),(5265,10,7,1433,0.5,'Testing.',10,'2023-02-20',2023,2,8,'2023-02-28 04:57:04','2023-02-28 04:59:57'),(5266,8,24,1400,1,'Test communication functionality and navigation .',10,'2023-02-24',2023,2,8,'2023-02-28 04:57:05','2023-02-28 04:57:05'),(5267,8,7,1192,1,'Fixed dashboard and profile view while loading.',9,'2023-02-20',2023,2,8,'2023-02-28 04:58:06','2023-02-28 04:58:06'),(5268,4,11,1386,2,'Email retesting in mobile app and WEB',10,'2023-02-13',2023,2,7,'2023-02-28 04:58:22','2023-02-28 04:58:39'),(5269,4,6,1316,2,'Intial setup',9,'2023-02-15',2023,2,7,'2023-02-28 04:58:29','2023-02-28 04:58:29'),(5270,8,28,1426,2,'SellRequestTabView page designed  and Displayed  SellRequest data on SellRequestTabView.',9,'2023-02-22',2023,2,8,'2023-02-28 04:58:36','2023-02-28 04:58:36'),(5271,8,7,1322,1,'Fixed and testing.',9,'2023-02-20',2023,2,8,'2023-02-28 04:58:54','2023-02-28 04:58:54'),(5272,4,13,1390,1,'Unit testing and error fix ',9,'2023-02-24',2023,2,8,'2023-02-28 04:59:07','2023-02-28 04:59:25'),(5273,10,7,1433,0.5,'Fixed group name view before model is loaded',9,'2023-02-20',2023,2,8,'2023-02-28 04:59:42','2023-02-28 04:59:42'),(5274,4,6,1434,1.5,'Fixed equity calculation',9,'2023-02-28',2023,2,9,'2023-02-28 04:59:43','2023-02-28 04:59:43'),(5275,4,6,1405,1,'Updated investment api and details',9,'2023-02-15',2023,2,7,'2023-02-28 05:00:27','2023-02-28 05:00:27'),(5276,8,28,1426,1,'Created model for FetchSellRequestForMarket .',9,'2023-02-23',2023,2,8,'2023-02-28 05:00:46','2023-02-28 05:00:46'),(5277,4,6,369,0.75,'Merging branches',9,'2023-02-15',2023,2,7,'2023-02-28 05:01:01','2023-02-28 05:01:01'),(5278,4,11,1391,0.5,'Retested after deployment for mobile and web and edited the details as well.',10,'2023-02-17',2023,2,7,'2023-02-28 05:01:09','2023-02-28 05:11:32'),(5279,4,24,1388,1,'Verify bug no - 1388',10,'2023-02-23',2023,2,8,'2023-02-28 05:01:47','2023-02-28 05:01:47'),(5280,4,8,1332,1,'Analysed the issue',9,'2023-02-17',2023,2,7,'2023-02-28 05:01:59','2023-02-28 05:01:59'),(5281,10,7,847,0.25,'Added currency formatter',9,'2023-02-24',2023,2,8,'2023-02-28 05:01:59','2023-02-28 05:01:59'),(5282,4,11,1366,0.75,'Tried to find out the case where joint account holders names are visible for multiple times',10,'2023-02-25',2023,2,8,'2023-02-28 05:02:11','2023-02-28 05:11:19'),(5283,8,28,1426,2,'Created SellRequestForMarketEvent and SellRequestForMarketLoadedState and mapped event to state in marketplace bloc.',9,'2023-02-23',2023,2,8,'2023-02-28 05:02:35','2023-02-28 05:02:35'),(5284,10,7,1380,1.25,'Code review and chargebee fixed amount reasearch.',12,'2023-02-24',2023,2,8,'2023-02-28 05:02:50','2023-02-28 05:02:50'),(5285,4,13,1301,2,'Create method to add notification when new document is uploaded by admin ',9,'2023-02-14',2023,2,7,'2023-02-28 05:02:50','2023-02-28 05:02:50'),(5286,4,6,1258,1.5,'Code clean up and testing',9,'2023-02-20',2023,2,8,'2023-02-28 05:03:19','2023-02-28 05:03:19'),(5287,4,11,369,0.75,'Tested the refresh pages for the all different types of account in the investor portal.',10,'2023-02-18',2023,2,7,'2023-02-28 05:03:26','2023-02-28 05:11:08'),(5288,4,8,1435,0.5,'Looked for the issue',9,'2023-02-16',2023,2,7,'2023-02-28 05:04:16','2023-02-28 05:04:16'),(5289,4,6,1282,1.5,'Created controller and managers and updated code',9,'2023-02-20',2023,2,8,'2023-02-28 05:04:28','2023-02-28 05:04:28'),(5290,8,28,1426,2,'MarketTabView page designed and Displayed SellRequestForMarket data on MarketTabView page.',9,'2023-02-23',2023,2,8,'2023-02-28 05:05:19','2023-02-28 05:05:19'),(5291,4,6,1258,1,'Ui fixes and code clean up',9,'2023-02-20',2023,2,8,'2023-02-28 05:05:26','2023-02-28 05:05:26'),(5292,8,7,1436,2,'Added new bank account selection offer apply page while user have multiple accounts.',9,'2023-02-20',2023,2,8,'2023-02-28 05:05:28','2023-02-28 05:05:28'),(5293,8,7,1436,0.75,'Testing and code review.',10,'2023-02-20',2023,2,8,'2023-02-28 05:05:45','2023-02-28 05:05:45'),(5294,8,11,1358,0.5,'Tested the communication UI and its functionality after deployment.',10,'2023-02-28',2023,2,9,'2023-02-28 05:06:05','2023-02-28 05:06:05'),(5295,4,6,1316,1,'Added option to update corporate share',9,'2023-02-21',2023,2,8,'2023-02-28 05:06:07','2023-02-28 05:06:07'),(5296,4,6,1316,0.5,'Unit testing',9,'2023-02-21',2023,2,8,'2023-02-28 05:06:20','2023-02-28 05:06:20'),(5297,8,28,1426,1,'Model Created  for fetch buyRequestList.',9,'2023-02-23',2023,2,8,'2023-02-28 05:06:27','2023-02-28 05:06:27'),(5298,4,6,1282,1,'code clean up',9,'2023-02-21',2023,2,8,'2023-02-28 05:07:14','2023-02-28 05:07:14'),(5299,8,7,1436,1,'Assigned bank account id to model for offer based bank account details and testing for joint and company type accounts.',9,'2023-02-21',2023,2,8,'2023-02-28 05:07:19','2023-02-28 05:07:19'),(5300,4,13,1258,2,'create api to show ssn list for individual investor ',9,'2023-02-08',2023,2,6,'2023-02-28 05:07:43','2023-02-28 05:07:43'),(5301,4,6,1290,2,'code review and reviewing tickets',9,'2023-02-21',2023,2,8,'2023-02-28 05:08:09','2023-02-28 05:08:09'),(5302,4,11,1419,0.75,'tested the email in different browser and tested all the links',10,'2023-02-27',2023,2,9,'2023-02-28 05:08:33','2023-02-28 05:10:53'),(5303,4,13,1194,0.5,'Unit testing ',9,'2023-02-01',2023,2,5,'2023-02-28 05:08:34','2023-02-28 05:08:34'),(5304,4,24,1310,1,'Retest communication functionality for both admin and investor.',10,'2023-02-23',2023,2,8,'2023-02-28 05:08:39','2023-02-28 05:08:39'),(5305,8,28,1426,1,'GetBuyRequestList mothod created and called this method in marketplace repository  form api client page.',9,'2023-02-23',2023,2,8,'2023-02-28 05:08:54','2023-02-28 05:08:54'),(5306,8,7,1438,1.25,'Reviewed frontend code to understand functionality to develop.',11,'2023-02-21',2023,2,8,'2023-02-28 05:09:37','2023-02-28 05:09:37'),(5307,4,11,1412,0.5,'Testing of the adress for other countries then US and UI',10,'2023-02-03',2023,2,5,'2023-02-28 05:10:07','2023-02-28 05:10:41'),(5308,8,28,1426,1,'Created BuyRequestListEvent and BuyRequestListLoadedState and mapped event to state with marketplace bloc.',9,'2023-02-23',2023,2,8,'2023-02-28 05:10:15','2023-02-28 05:10:15'),(5309,4,6,1368,1.5,'Reviewing and verifying preview option',9,'2023-02-22',2023,2,8,'2023-02-28 05:10:27','2023-02-28 05:10:27'),(5310,4,24,1388,1,'Verify bug no - 1388 and retest reminders functionality.',10,'2023-02-23',2023,2,8,'2023-02-28 05:10:33','2023-02-28 05:10:33'),(5311,8,7,1438,1.25,'Added dropdown and saved investor id for different account.',9,'2023-02-21',2023,2,8,'2023-02-28 05:10:36','2023-02-28 05:10:36'),(5312,4,6,1376,0.5,'Unit testing',9,'2023-02-23',2023,2,8,'2023-02-28 05:11:12','2023-02-28 05:11:12'),(5313,4,8,1437,2,'Admin and investor is getting different communication template when submitting interest. The issue has been misunderstood. ',9,'2023-02-20',2023,2,8,'2023-02-28 05:11:15','2023-02-28 05:11:15'),(5314,8,7,1438,2,'Changed different api\'s for investor based data extraction.',9,'2023-02-21',2023,2,8,'2023-02-28 05:11:16','2023-02-28 05:11:16'),(5315,8,7,1438,0.5,'Testing.',10,'2023-02-21',2023,2,8,'2023-02-28 05:11:25','2023-02-28 05:11:40'),(5316,8,28,1426,2,'BuyRequestTabView page designed  and BuyRequestList data displayed on BuyRequestTabView page.',9,'2023-02-24',2023,2,8,'2023-02-28 05:12:06','2023-02-28 05:12:06'),(5317,4,24,1383,1,'Verify bug no- 1383 and retset payment functionality.',10,'2023-02-23',2023,2,8,'2023-02-28 05:12:40','2023-02-28 05:12:40'),(5318,8,7,1350,1,'Testing for different types of notification.',10,'2023-02-22',2023,2,8,'2023-02-28 05:13:12','2023-02-28 05:13:12'),(5319,8,7,1350,1,'Added service for notification.',9,'2023-02-22',2023,2,8,'2023-02-28 05:13:46','2023-02-28 05:13:46'),(5320,8,28,1426,1,'Marketplace details  event ,state and bloc created.',9,'2023-02-24',2023,2,8,'2023-02-28 05:15:04','2023-02-28 05:15:04'),(5321,8,7,1350,2,'Added notification popup and redirection while we are on any tab or any pages.',9,'2023-02-22',2023,2,8,'2023-02-28 05:15:15','2023-02-28 05:15:15'),(5322,4,24,1390,1,'Verify bug no - 1390',10,'2023-02-23',2023,2,8,'2023-02-28 05:15:24','2023-02-28 05:15:36'),(5323,8,7,1350,0.5,'Branch merging and code cleanup',9,'2023-02-22',2023,2,8,'2023-02-28 05:15:39','2023-02-28 05:15:39'),(5324,8,28,1426,2,'Created model for fetch marketplace valuation list.',9,'2023-02-24',2023,2,8,'2023-02-28 05:16:15','2023-02-28 05:16:15'),(5325,8,7,1350,1,'Testing.',10,'2023-02-22',2023,2,8,'2023-02-28 05:16:17','2023-02-28 05:16:17'),(5326,8,7,1271,1.25,'Code review and cleanup and some ui changes.',12,'2023-02-22',2023,2,8,'2023-02-28 05:18:11','2023-02-28 05:18:11'),(5327,8,7,1271,0.5,'Testing for status color and with different type of accounts.',10,'2023-02-22',2023,2,8,'2023-02-28 05:18:48','2023-02-28 05:18:48'),(5328,8,28,1426,1,'GetMarketplaceValutionList  method list created and call this method in marketplace repository from api client.',9,'2023-02-24',2023,2,8,'2023-02-28 05:18:55','2023-02-28 05:18:55'),(5329,8,28,1426,2,'Created FetchMarketPlaceValuationListEvent and MarketplaceValuationListLoadedState and mapped event to state with bloc.',9,'2023-02-24',2023,2,8,'2023-02-28 05:21:03','2023-02-28 05:21:03'),(5330,4,24,1372,1,'Retest document application functionality, alerts, and cc.',10,'2023-02-22',2023,2,8,'2023-02-28 05:21:16','2023-02-28 05:21:16'),(5331,8,7,1350,0.5,'Added info message for unavailable pages for notification redirection',9,'2023-02-24',2023,2,8,'2023-02-28 05:23:08','2023-02-28 05:23:08'),(5332,8,7,1350,1,'Testing.',10,'2023-02-24',2023,2,8,'2023-02-28 05:23:45','2023-02-28 05:23:45'),(5333,4,11,1398,0.5,'alert testing for  class change and exit contract',10,'2023-02-22',2023,2,8,'2023-02-28 05:25:05','2023-02-28 05:25:25'),(5334,28,7,1439,1.25,'Added admin module and code cleanup',9,'2023-02-27',2023,2,9,'2023-02-28 05:26:27','2023-02-28 05:26:27'),(5335,8,28,1426,2,'ValuationTabView page Designed  and marketplace valuation data displayed  on ValuationTabView.',9,'2023-02-27',2023,2,9,'2023-02-28 05:26:56','2023-02-28 05:26:56'),(5336,4,11,1371,0.75,'Checked the required to show the cancelled check and account number and profile',10,'2023-02-09',2023,2,6,'2023-02-28 05:27:04','2023-02-28 05:27:20'),(5337,28,7,1439,1.25,'Added employee module and code cleanup',9,'2023-02-27',2023,2,9,'2023-02-28 05:27:37','2023-02-28 05:27:37'),(5338,28,7,1439,0.75,'Readded admin module after cleanup.',9,'2023-02-27',2023,2,9,'2023-02-28 05:28:34','2023-02-28 05:28:45'),(5339,28,7,1439,0.75,'Checked for missing files that are not including in git commit.',10,'2023-02-27',2023,2,9,'2023-02-28 05:29:34','2023-02-28 05:29:34'),(5340,8,28,1426,1,'GetMarketPlaceInvestmentList method created and Called this method in marketplace repository.',9,'2023-02-27',2023,2,9,'2023-02-28 05:29:37','2023-02-28 05:29:37'),(5341,28,7,1439,0.5,'Renamed files that are not including in git.',9,'2023-02-27',2023,2,9,'2023-02-28 05:30:02','2023-02-28 05:30:02'),(5342,4,24,1371,1,'Retest the Interface and the project requirements',10,'2023-02-22',2023,2,8,'2023-02-28 05:30:45','2023-02-28 05:30:45'),(5343,28,7,1439,0.25,'Added account module and login component.',9,'2023-02-27',2023,2,9,'2023-02-28 05:30:48','2023-02-28 05:30:48'),(5344,8,28,1426,2,'Created MarketPlaceInvestmentListEvent and MarketPlaceInvestmentListLoadedState and mapped  event to state with bloc in marketplace bloc.',9,'2023-02-27',2023,2,9,'2023-02-28 05:31:06','2023-02-28 05:31:06'),(5345,28,7,1439,0.25,'Removed layout from main template and added router outlet.',9,'2023-02-27',2023,2,9,'2023-02-28 05:31:27','2023-02-28 05:31:27'),(5346,8,7,1350,0.25,'Merged push notification branch into dev and resolved conflicts.',11,'2023-02-27',2023,2,9,'2023-02-28 05:32:43','2023-02-28 05:32:43'),(5347,4,24,1369,2,'Retest bug no- 1369',10,'2023-02-22',2023,2,8,'2023-02-28 05:32:44','2023-02-28 05:32:44'),(5348,4,8,1441,0.75,'Admin is now able to approve bank account.',9,'2023-02-24',2023,2,8,'2023-02-28 05:32:48','2023-02-28 05:32:48'),(5349,8,28,1426,2,'PropertyTabView page designed and Displayed properties data on PropertyTabView page.',9,'2023-02-27',2023,2,9,'2023-02-28 05:33:47','2023-02-28 05:33:47'),(5350,29,7,1442,1.25,'Basic overview of react native.',12,'2023-02-23',2023,2,8,'2023-02-28 05:33:56','2023-02-28 05:33:56'),(5351,29,7,1442,1.5,'Environment setup for react native.',12,'2023-02-23',2023,2,8,'2023-02-28 05:34:16','2023-02-28 05:34:16'),(5352,29,7,1442,1.5,'Basic component creation and element study.',12,'2023-02-23',2023,2,8,'2023-02-28 05:34:52','2023-02-28 05:34:52'),(5353,29,7,1442,1,'Native element study.',12,'2023-02-23',2023,2,8,'2023-02-28 05:35:25','2023-02-28 05:35:35'),(5354,29,7,1442,1.25,'Created basic react native project to practice.',9,'2023-02-24',2023,2,8,'2023-02-28 05:36:20','2023-02-28 05:36:20'),(5355,8,7,823,2,'Created demo project for location research',11,'2023-02-24',2023,2,8,'2023-02-28 05:55:43','2023-02-28 05:55:43'),(5356,4,11,1422,0.5,'issue verified',10,'2023-02-28',2023,2,9,'2023-02-28 06:26:38','2023-02-28 06:26:38'),(5357,4,11,1364,1,'Tested for mobile',10,'2023-02-28',2023,2,9,'2023-02-28 06:27:54','2023-02-28 06:27:54'),(5358,4,11,1434,0.5,'Tested in dev for random investors ',10,'2023-02-28',2023,2,9,'2023-02-28 06:28:57','2023-02-28 06:28:57'),(5359,4,24,1365,1,'Verify bug no - 1365',10,'2023-02-22',2023,2,8,'2023-02-28 06:29:34','2023-02-28 06:29:34'),(5360,4,24,1366,1,'Retest Bug no- 1366',10,'2023-02-22',2023,2,8,'2023-02-28 06:31:14','2023-02-28 06:31:14'),(5361,4,6,1443,1,'Fixed communication bug related to class',9,'2023-02-28',2023,2,9,'2023-02-28 06:36:32','2023-02-28 06:36:32'),(5362,4,6,1253,1,'Fixed pagination through front end',9,'2023-02-28',2023,2,9,'2023-02-28 06:37:25','2023-02-28 06:37:25'),(5363,4,24,1372,1,'Sanity check and document uploading functionality.',10,'2023-02-22',2023,2,8,'2023-02-28 06:37:49','2023-02-28 06:37:49'),(5364,4,6,1107,2,'Created migration script for bank accounts',9,'2023-02-27',2023,2,9,'2023-02-28 06:53:55','2023-02-28 06:53:55'),(5365,4,6,1107,1,'Unit testing of script',9,'2023-02-27',2023,2,9,'2023-02-28 06:54:11','2023-02-28 06:54:20'),(5366,8,24,1328,1,'Regression test after deployment.',10,'2023-02-21',2023,2,8,'2023-02-28 06:55:56','2023-02-28 06:55:56'),(5367,8,24,1271,2,'Test task no- 1271',10,'2023-02-21',2023,2,8,'2023-02-28 07:09:16','2023-02-28 07:09:16'),(5368,4,6,1082,0.5,'Fixed reset password ink expiration',9,'2023-02-28',2023,2,9,'2023-02-28 07:35:58','2023-02-28 07:35:58'),(5369,8,7,823,0.75,'Branch merging and code cleanup.',11,'2023-02-24',2023,2,8,'2023-02-28 07:39:46','2023-02-28 07:39:46'),(5370,29,7,1442,1.2,'Learn about input elements.',9,'2023-02-25',2023,2,8,'2023-02-28 07:41:05','2023-02-28 07:41:05'),(5371,8,7,1447,2,'Added location for doc-sign',9,'2023-02-28',2023,2,9,'2023-02-28 07:42:18','2023-02-28 07:42:18'),(5372,8,7,1447,0.5,'Testing.',9,'2023-02-28',2023,2,9,'2023-02-28 07:42:31','2023-02-28 07:42:31'),(5373,8,7,823,0.75,'Time logging.',11,'2023-02-28',2023,2,9,'2023-02-28 07:43:28','2023-02-28 07:43:28'),(5374,8,7,1350,0.5,'Merged push notification branch into develop',9,'2023-02-27',2023,2,9,'2023-02-28 07:47:10','2023-02-28 07:47:10'),(5375,8,7,1350,1.25,'Identified and fixed post merge build.gradle dependency injection for notification.',9,'2023-02-27',2023,2,9,'2023-02-28 07:51:19','2023-02-28 07:51:19'),(5376,8,7,1350,1,'Testing.',10,'2023-02-27',2023,2,9,'2023-02-28 07:51:31','2023-02-28 07:51:38'),(5377,4,13,1417,0.5,'Add min length check in route number. ',9,'2023-02-28',2023,2,9,'2023-02-28 09:04:49','2023-02-28 09:04:49'),(5378,4,13,1420,0.5,'Show wire routing number on the payment details pop-up window.',9,'2023-02-28',2023,2,9,'2023-02-28 09:05:46','2023-02-28 09:05:46'),(5379,4,13,1343,1,'Show creation date of the bank account on the bank detail page.',9,'2023-02-28',2023,2,9,'2023-02-28 09:06:38','2023-02-28 09:06:38'),(5380,4,13,1440,0.5,'Bug fix- show updated investor name. ',9,'2023-02-28',2023,2,9,'2023-02-28 09:08:34','2023-02-28 09:08:34'),(5381,4,11,1443,0.5,'issue verified',10,'2023-02-28',2023,2,9,'2023-02-28 09:23:12','2023-02-28 09:23:12'),(5382,4,11,1440,0.5,'issue verified',10,'2023-02-28',2023,2,9,'2023-02-28 09:25:23','2023-02-28 09:25:23'),(5383,4,11,1279,0.25,'issue verified',10,'2023-02-28',2023,2,9,'2023-02-28 09:26:17','2023-02-28 09:26:17'),(5384,4,6,1166,1,'reproducing and analyzing ',9,'2023-02-28',2023,2,9,'2023-02-28 09:26:55','2023-02-28 09:26:55'),(5385,4,11,1343,0.5,'checked the old accounts and created new account dates as well ',10,'2023-02-28',2023,2,9,'2023-02-28 09:32:23','2023-02-28 09:32:23'),(5386,4,13,1448,0.5,'Add confirmation dialog box in the payment history. ',9,'2023-02-28',2023,2,9,'2023-02-28 10:12:51','2023-02-28 10:12:51'),(5387,4,13,1448,0.25,'Unit testing ',9,'2023-02-28',2023,2,9,'2023-02-28 10:13:11','2023-02-28 10:13:11'),(5388,4,6,1332,0.5,'Code clean up',9,'2023-02-28',2023,2,9,'2023-02-28 10:22:51','2023-02-28 10:22:51'),(5389,4,11,1316,0.5,'Tested by merging multiple facttrxn.',10,'2023-02-28',2023,2,9,'2023-02-28 10:28:34','2023-02-28 10:28:34'),(5390,4,11,1448,0.5,'Regression testing of the ppm and  payment section and some suggestions',10,'2023-02-28',2023,2,9,'2023-02-28 10:30:09','2023-02-28 10:30:09'),(5391,4,11,1446,1,'testing of the preserve state ',10,'2023-02-28',2023,2,9,'2023-02-28 10:30:54','2023-02-28 10:30:54'),(5392,4,11,1445,0.5,'added the preserve state possibilities ',10,'2023-02-28',2023,2,9,'2023-02-28 10:31:23','2023-02-28 10:31:23'),(5393,4,11,1082,0.25,'issue verified',10,'2023-02-28',2023,2,9,'2023-02-28 10:32:14','2023-02-28 10:32:14'),(5394,8,24,1447,2,'Test location enhancement for doc-sign',10,'2023-02-28',2023,2,9,'2023-02-28 10:53:15','2023-02-28 10:53:15'),(5395,8,24,1192,1,'Test offer Page Update UI',10,'2023-02-28',2023,2,9,'2023-02-28 11:08:23','2023-02-28 11:08:23'),(5396,8,28,1449,1,'Bug #1449- fixed',9,'2023-02-28',2023,2,9,'2023-02-28 11:17:00','2023-02-28 11:17:00'),(5397,8,24,1407,1,'Test To-Do in mobile app',10,'2023-02-28',2023,2,9,'2023-02-28 11:34:20','2023-02-28 11:34:20'),(5398,8,24,1438,1,'Test multiple account view for investor.',10,'2023-02-28',2023,2,9,'2023-02-28 11:36:48','2023-02-28 11:36:48'),(5399,8,28,1426,2,'Delete click functionality on sell request tab view page.',9,'2023-02-28',2023,2,9,'2023-02-28 11:37:22','2023-02-28 11:37:22'),(5400,8,28,1426,2,'Designed  Sell request tab view page and Displayed data on tab view in marketplace details page.',9,'2023-02-28',2023,2,9,'2023-02-28 11:39:27','2023-02-28 11:39:27'),(5401,4,6,1444,1,'Fixed default sorting',9,'2023-02-28',2023,2,9,'2023-02-28 11:45:03','2023-02-28 11:45:03'),(5402,28,7,1432,0.75,'Added entity config.',9,'2023-02-28',2023,2,9,'2023-02-28 12:08:58','2023-02-28 12:08:58'),(5403,28,7,1432,0.5,'Added seed manager and repo. and added code to seed data in program file.',9,'2023-02-28',2023,2,9,'2023-02-28 12:09:44','2023-02-28 12:09:44'),(5404,28,7,1432,1.25,'Added user and company data to seed',9,'2023-02-28',2023,2,9,'2023-02-28 12:10:33','2023-02-28 12:10:33'),(5405,4,11,1253,0.25,'issue verified',10,'2023-02-28',2023,2,9,'2023-02-28 12:28:14','2023-02-28 12:28:14'),(5406,4,11,1446,0.25,'issue verified',10,'2023-02-28',2023,2,9,'2023-02-28 12:29:24','2023-02-28 12:29:24'),(5407,4,11,1444,0.25,'issue verified',10,'2023-02-28',2023,2,9,'2023-02-28 12:34:51','2023-02-28 12:34:51'),(5408,15,13,962,1.75,'Study sql(like, wild card)',9,'2023-02-28',2023,2,9,'2023-02-28 12:37:08','2023-02-28 12:37:08'),(5409,15,13,962,2,'Study sql ( In, between, aliases)',9,'2023-02-28',2023,2,9,'2023-02-28 12:37:54','2023-02-28 12:37:54'),(5410,15,13,962,1,'Study sql(joins)',9,'2023-02-28',2023,2,9,'2023-02-28 12:38:12','2023-02-28 12:38:12'),(5411,4,11,1445,0.5,'issue verified',10,'2023-02-28',2023,2,9,'2023-02-28 12:57:29','2023-02-28 12:57:29'),(5412,4,6,1290,0.5,'Merging branches',9,'2023-02-28',2023,2,9,'2023-02-28 13:11:16','2023-02-28 13:11:38'),(5413,4,8,1446,1,'Issue has been fixed',9,'2023-02-28',2023,2,9,'2023-02-28 13:22:57','2023-02-28 13:22:57'),(5414,4,8,1445,1.5,'Remove preserved tab index',9,'2023-02-28',2023,2,9,'2023-02-28 13:23:36','2023-02-28 13:23:36'),(5415,4,8,1403,2,'Does not preserve grid & tab state when redirecting from to-do, alert, communication',9,'2023-02-28',2023,2,9,'2023-02-28 13:25:48','2023-02-28 13:25:48'),(5416,4,8,1403,0.5,'Preserve state with offer id',9,'2023-02-28',2023,2,9,'2023-02-28 13:27:04','2023-02-28 13:27:04'),(5417,28,7,1432,1.75,'Added employee repo and managers to add employee.',9,'2023-02-28',2023,2,9,'2023-03-01 04:08:14','2023-03-01 04:08:14'),(5418,8,7,823,0.75,'Discussion.',11,'2023-02-28',2023,2,9,'2023-03-01 04:09:06','2023-03-01 04:09:17'),(5419,16,14,876,2,'Create personal profile model in admin',9,'2023-02-24',2023,2,8,'2023-03-01 04:10:02','2023-03-01 04:10:02'),(5420,8,28,1426,2,'Document download click   functionality.',9,'2023-02-28',2023,2,9,'2023-03-01 04:12:54','2023-03-04 02:45:06'),(5421,16,14,876,2,'Create attendance model and binding',9,'2023-02-20',2023,2,8,'2023-03-01 04:15:38','2023-03-01 04:19:13'),(5422,16,14,876,2,'Updated some hrms screens',8,'2023-02-22',2023,2,8,'2023-03-01 04:17:16','2023-03-01 04:17:16'),(5423,16,14,876,2,'Design new screen for leaves',8,'2023-02-21',2023,2,8,'2023-03-01 04:17:53','2023-03-01 04:21:54'),(5424,16,14,876,2,'Create attendance manage details and upsert component',8,'2023-02-21',2023,2,8,'2023-03-01 04:22:40','2023-03-01 04:22:40'),(5425,16,14,876,2,'Make attendance component and page in admin side',8,'2023-02-17',2023,2,7,'2023-03-01 04:24:26','2023-03-01 04:24:26'),(5426,16,14,876,2,'Create directory component in employee side',9,'2023-02-17',2023,2,7,'2023-03-01 04:25:15','2023-03-01 04:25:15'),(5427,16,14,876,2,'Add attendance component in employee side',9,'2023-02-17',2023,2,7,'2023-03-01 04:25:54','2023-03-01 04:25:54'),(5428,16,14,876,2,'Create company, directory and attendance model and binding',9,'2023-02-23',2023,2,8,'2023-03-01 04:27:01','2023-03-01 04:27:01'),(5429,4,24,1406,1,'Test bug no- 1406',10,'2023-02-28',2023,2,9,'2023-03-01 05:50:27','2023-03-01 05:50:27'),(5430,4,24,1413,1,'Retest Bug No- 1413',10,'2023-02-28',2023,2,9,'2023-03-01 07:59:55','2023-03-01 07:59:55'),(5431,8,24,1449,1,'Retest Bug no- 1449',10,'2023-02-28',2023,2,9,'2023-03-01 08:01:15','2023-03-01 08:01:15'),(5432,4,6,1460,1,'Fixed assignment change request pop details',9,'2023-03-01',2023,3,9,'2023-03-01 08:48:37','2023-03-01 08:48:37'),(5433,28,14,1439,2,'Create leave rules page and component ',9,'2023-03-01',2023,3,9,'2023-03-01 09:06:13','2023-03-01 09:06:13'),(5434,28,14,1439,2,'Create leave upsert, detail page and component ',9,'2023-03-01',2023,3,9,'2023-03-01 09:06:48','2023-03-01 09:06:48'),(5435,4,11,1467,1,'Tested the preserve grid for the offer details page.',10,'2023-03-01',2023,3,9,'2023-03-01 09:30:56','2023-03-01 09:30:56'),(5436,4,11,369,0.75,'Tested the comment or issues given by client ',10,'2023-03-01',2023,3,9,'2023-03-01 09:31:41','2023-03-01 09:31:41'),(5437,4,11,1464,0.25,'Tested the preserve filter and tabs for templates ',10,'2023-03-01',2023,3,9,'2023-03-01 09:33:11','2023-03-01 09:33:11'),(5438,4,11,1452,1.5,'tested the finance section preserve possibilities and reported the issues',10,'2023-03-01',2023,3,9,'2023-03-01 09:34:04','2023-03-01 09:34:25'),(5439,4,11,1450,0.25,'Tested and added some suggestion when compared from other modules',10,'2023-03-01',2023,3,9,'2023-03-01 09:35:20','2023-03-01 09:35:20'),(5440,4,11,1457,0.5,'Tested the marketplace preserve possibilities and alert redirection impact on preserved things',10,'2023-03-01',2023,3,9,'2023-03-01 09:36:41','2023-03-01 09:36:41'),(5441,4,6,1419,1.5,'Fixed font sizes and added login button',9,'2023-03-01',2023,3,9,'2023-03-01 10:11:50','2023-03-01 10:11:50'),(5442,4,6,1469,1,'updated detail menu items and revisited tabs and menus',9,'2023-03-01',2023,3,9,'2023-03-01 10:12:21','2023-03-01 12:43:20'),(5443,4,6,1451,1.5,'Fixed beneficiary details and unit testing',9,'2023-03-01',2023,3,9,'2023-03-01 10:14:49','2023-03-01 12:42:45'),(5444,8,24,1449,1,'Verify bug no- 1449',10,'2023-03-01',2023,3,9,'2023-03-01 10:37:26','2023-03-01 10:37:26'),(5445,4,11,1454,0.25,'issue verified',10,'2023-03-01',2023,3,9,'2023-03-01 10:49:50','2023-03-01 10:49:50'),(5446,4,11,1455,0.25,'issue verified',10,'2023-03-01',2023,3,9,'2023-03-01 11:12:14','2023-03-01 11:12:14'),(5447,4,11,1459,0.25,'issue verified',10,'2023-03-01',2023,3,9,'2023-03-01 11:17:09','2023-03-01 11:17:09'),(5448,4,11,1467,0.25,'issue verified',10,'2023-03-01',2023,3,9,'2023-03-01 11:22:19','2023-03-01 11:22:19'),(5449,4,11,1464,0.25,'issue verified',10,'2023-03-01',2023,3,9,'2023-03-01 11:27:32','2023-03-01 11:27:32'),(5450,4,11,1451,0.25,'issue verified',10,'2023-03-01',2023,3,9,'2023-03-01 11:28:51','2023-03-01 11:28:51'),(5451,4,11,1455,0.25,'issue verified',10,'2023-03-01',2023,3,9,'2023-03-01 11:32:19','2023-03-01 11:32:19'),(5452,4,11,1465,0.25,'issue verified',10,'2023-03-01',2023,3,9,'2023-03-01 11:36:09','2023-03-01 11:36:09'),(5453,4,8,1284,2,'Added communication when bank account gets approved, also added alert for both rejecting and approving bank account',9,'2023-03-01',2023,3,9,'2023-03-01 12:06:55','2023-03-01 12:06:55'),(5454,4,8,1468,0.5,'Fixed the issue',9,'2023-03-01',2023,3,9,'2023-03-01 12:07:33','2023-03-01 12:07:33'),(5455,4,8,1467,0.25,'Fixed the issue',9,'2023-03-01',2023,3,9,'2023-03-01 12:08:02','2023-03-01 12:08:02'),(5456,4,8,1466,0.25,'Route number has been replaced by routing number.',9,'2023-03-01',2023,3,9,'2023-03-01 12:09:15','2023-03-01 12:09:15'),(5457,4,8,1465,0.5,'Preserved filters and tabs in offer module',9,'2023-03-01',2023,3,9,'2023-03-01 12:09:56','2023-03-01 12:09:56'),(5458,4,8,1464,0.5,'Filter has been preserved in templates',9,'2023-03-01',2023,3,9,'2023-03-01 12:10:39','2023-03-01 12:10:39'),(5459,4,11,369,1,'Login button testing and template modification for dev.',10,'2023-03-01',2023,3,9,'2023-03-01 12:11:35','2023-03-01 12:11:35'),(5460,4,6,1460,0.5,'Unit testing',10,'2023-03-01',2023,3,9,'2023-03-01 12:43:52','2023-03-01 12:43:52'),(5461,28,14,1439,2,'Create company component and model binding',9,'2023-03-01',2023,3,9,'2023-03-01 12:52:40','2023-03-01 12:52:40'),(5462,28,14,1439,2,'Make login page and model binding',9,'2023-03-01',2023,3,9,'2023-03-01 12:53:34','2023-03-01 12:53:34'),(5463,28,13,1470,2,'Create api to update company details. ',9,'2023-03-01',2023,3,9,'2023-03-01 12:58:37','2023-03-01 12:58:37'),(5464,28,13,1470,2,'Add method to update and add registered office address. ',9,'2023-03-01',2023,3,9,'2023-03-01 12:59:11','2023-03-01 12:59:11'),(5465,28,13,1470,2,'Add method to update and add corporate office address. ',9,'2023-03-01',2023,3,9,'2023-03-01 12:59:36','2023-03-01 12:59:36'),(5466,28,13,1470,0.5,'Create api to show detail of company ',9,'2023-03-01',2023,3,9,'2023-03-01 13:00:42','2023-03-01 13:00:42'),(5467,28,13,1470,0.5,'Code checkout',9,'2023-03-01',2023,3,9,'2023-03-01 13:01:14','2023-03-01 13:01:14'),(5468,8,28,1426,2,'Sell request page data  rearrange.',9,'2023-03-01',2023,3,9,'2023-03-01 15:48:20','2023-03-01 15:48:20'),(5469,8,28,1426,2,'Send  sell request button functionality.',9,'2023-03-01',2023,3,9,'2023-03-01 15:50:26','2023-03-01 15:50:26'),(5470,8,28,1426,2,'The exception was handled after clicking the send button',9,'2023-03-01',2023,3,9,'2023-03-01 15:54:10','2023-03-01 15:54:10'),(5471,8,28,1426,2,'Created model for send sell request.',9,'2023-03-01',2023,3,9,'2023-03-01 15:58:57','2023-03-01 15:58:57'),(5472,4,6,369,0.75,'Merging branches and fixing conflicts',9,'2023-03-01',2023,3,9,'2023-03-02 04:08:06','2023-03-02 04:08:58'),(5473,4,6,369,1,'Code clean up and review',9,'2023-03-01',2023,3,9,'2023-03-02 04:12:25','2023-03-02 04:12:25'),(5474,4,11,1474,2,'Analysed the corporate share functionality and tested',10,'2023-03-02',2023,3,9,'2023-03-02 06:52:24','2023-03-02 06:52:24'),(5475,4,11,1477,2,'Tested the equity section in finance tab and added cash distribution compared old cash distribution with new.',10,'2023-03-02',2023,3,9,'2023-03-02 07:46:09','2023-03-02 07:46:09'),(5476,4,11,369,0.5,'Created test cases for google assistance location.',10,'2023-03-01',2023,3,9,'2023-03-02 10:32:19','2023-03-02 10:32:40'),(5477,4,11,369,2,'Created test cases for custom header footer ',10,'2023-03-02',2023,3,9,'2023-03-02 11:25:36','2023-03-02 11:25:36'),(5478,4,11,1477,0.5,'Tested the activation history and deployment history ',10,'2023-03-02',2023,3,9,'2023-03-02 11:26:43','2023-03-02 11:26:43'),(5479,10,7,1481,0.25,'Replaced dialog content.',9,'2023-03-02',2023,3,9,'2023-03-02 11:32:07','2023-03-02 11:32:07'),(5480,10,7,1481,0.25,'Testing.',9,'2023-03-02',2023,3,9,'2023-03-02 11:32:17','2023-03-02 11:32:17'),(5481,10,7,1482,1,'Code analysis and tried to find possible reasons.',10,'2023-03-02',2023,3,9,'2023-03-02 11:34:00','2023-03-02 11:34:00'),(5482,10,7,1482,0.5,'Reviewed store procedures to find root cause.',12,'2023-03-01',2023,3,9,'2023-03-02 11:34:30','2023-03-02 11:34:30'),(5483,10,7,1482,0.5,'Testing.',10,'2023-03-02',2023,3,9,'2023-03-02 11:34:40','2023-03-02 11:34:40'),(5484,10,7,1482,0.5,'Tried to find reason for connection not fund error multiple times.',12,'2023-03-02',2023,3,9,'2023-03-02 11:35:11','2023-03-02 11:35:11'),(5486,28,13,1470,1,'Updating method name and unit testing ',9,'2023-03-01',2023,3,9,'2023-03-02 11:38:03','2023-03-02 11:38:03'),(5487,28,13,1483,2,'Created api to add and update designation. ',9,'2023-03-02',2023,3,9,'2023-03-02 11:39:50','2023-03-02 11:39:50'),(5488,28,13,1483,1,'Crated designation repository, manager and controller  ',9,'2023-03-02',2023,3,9,'2023-03-02 11:41:14','2023-03-02 11:41:14'),(5489,28,13,1483,1,'Created api to get and delete designation. ',9,'2023-03-02',2023,3,9,'2023-03-02 11:41:41','2023-03-02 11:41:41'),(5490,28,13,1483,1,'Unit testing and error fix ',9,'2023-03-02',2023,3,9,'2023-03-02 11:42:28','2023-03-02 11:42:28'),(5491,15,13,962,1.5,'Study basic of entity frame work ',9,'2023-03-02',2023,3,9,'2023-03-02 11:45:13','2023-03-02 11:45:13'),(5492,8,7,1400,0.5,'Fixed',9,'2023-03-01',2023,3,9,'2023-03-02 11:50:34','2023-03-02 11:50:34'),(5493,4,13,1472,0.5,'Bug fix- property detail page navigation ',9,'2023-03-02',2023,3,9,'2023-03-02 12:18:47','2023-03-02 12:18:47'),(5494,4,11,1485,0.5,'Tested the UI of the investor',10,'2023-03-02',2023,3,9,'2023-03-02 12:46:31','2023-03-02 12:46:31'),(5495,4,7,369,0.75,'Code review.',12,'2023-03-02',2023,3,9,'2023-03-02 12:50:16','2023-03-02 12:50:16'),(5496,28,7,1439,2,'Added components and authguard with login page and routing.',9,'2023-03-02',2023,3,9,'2023-03-02 12:51:31','2023-03-02 12:51:31'),(5497,28,7,1439,1.25,'Implemented login, redirection, code cleanup and testing.',9,'2023-03-02',2023,3,9,'2023-03-02 12:52:20','2023-03-02 12:52:20'),(5498,28,7,1483,0.25,'Guided Rishu that what he have to do.',11,'2023-03-02',2023,3,9,'2023-03-02 12:53:15','2023-03-02 12:53:15'),(5499,28,7,1439,0.25,'Guided Nikhil that what he have to do.',11,'2023-03-02',2023,3,9,'2023-03-02 12:53:58','2023-03-02 12:53:58'),(5500,4,11,369,0.5,'SSN retested for new and existing holder and primary also.',10,'2023-03-02',2023,3,9,'2023-03-02 13:05:55','2023-03-02 13:05:55'),(5501,4,11,369,0.5,'Tested the location of the joint account holders.',10,'2023-03-02',2023,3,9,'2023-03-02 13:08:16','2023-03-02 13:08:16'),(5502,28,14,1439,2,'Model binding in company page',9,'2023-03-02',2023,3,9,'2023-03-03 04:09:15','2023-03-03 04:09:15'),(5503,28,14,1439,2,'Implement login page',9,'2023-03-02',2023,3,9,'2023-03-03 04:10:06','2023-03-03 04:10:06'),(5504,28,14,1439,2,'Setup new hrms project and code review',12,'2023-03-03',2023,3,9,'2023-03-03 04:10:52','2023-03-03 04:10:52'),(5505,28,14,1439,2,'Implement sidenav for hrms',9,'2023-03-02',2023,3,9,'2023-03-03 04:11:18','2023-03-03 04:11:18'),(5506,8,7,1475,1,'Code cleanup and looking up for phone number mask accuracy.',9,'2023-03-02',2023,3,9,'2023-03-03 04:18:22','2023-03-03 04:18:22'),(5507,28,13,1483,2,'Created department repository, manager & controller. ',9,'2023-03-02',2023,3,9,'2023-03-03 04:21:22','2023-03-03 04:21:22'),(5508,28,13,1483,0.5,'Created add department api ',9,'2023-03-02',2023,3,9,'2023-03-03 04:21:41','2023-03-03 04:21:41'),(5509,8,7,1475,0.75,'Fixed.',9,'2023-03-03',2023,3,9,'2023-03-03 05:15:11','2023-03-03 05:15:11'),(5510,8,7,1475,0.5,'Testing.',10,'2023-03-03',2023,3,9,'2023-03-03 05:15:21','2023-03-03 05:15:21'),(5511,10,7,1492,0.25,'Added method call to set display online on broadcast start request.',9,'2023-03-03',2023,3,9,'2023-03-03 08:46:55','2023-03-03 08:46:55'),(5512,10,7,1492,0.5,'Testing.',10,'2023-03-03',2023,3,9,'2023-03-03 08:47:05','2023-03-03 08:47:05'),(5513,8,7,823,1,'Looking for logout on idle timeout.',11,'2023-03-03',2023,3,9,'2023-03-03 08:48:32','2023-03-03 08:48:32'),(5514,8,7,823,1,'Study about deep linking.',11,'2023-03-03',2023,3,9,'2023-03-03 08:48:48','2023-03-03 08:48:48'),(5516,8,24,1351,1,'Test Task no- 1351',10,'2023-03-01',2023,3,9,'2023-03-03 09:06:10','2023-03-03 09:06:10'),(5517,4,24,1107,1,'Test task no- 1107 on dev portals',10,'2023-03-01',2023,3,9,'2023-03-03 09:10:45','2023-03-03 09:10:45'),(5518,4,24,1456,1,'Test bug no- 1456',10,'2023-03-01',2023,3,9,'2023-03-03 09:17:36','2023-03-03 09:17:48'),(5519,4,6,1316,2,'working on corporate share update and merge issues',9,'2023-03-02',2023,3,9,'2023-03-03 09:19:10','2023-03-03 09:19:10'),(5520,4,6,1316,2,'Added deployed amount and units with total corporate share',9,'2023-03-02',2023,3,9,'2023-03-03 09:19:46','2023-03-03 09:21:35'),(5521,4,24,1469,1,'Test bug no- 1469',10,'2023-03-01',2023,3,9,'2023-03-03 09:19:47','2023-03-03 09:19:47'),(5522,4,6,1316,2,'Updated filter and showing row as red if record is dirty',9,'2023-03-03',2023,3,9,'2023-03-03 09:20:18','2023-03-03 09:20:18'),(5523,4,6,1368,2,'Fixed equity calculation for excluded properties',9,'2023-03-02',2023,3,9,'2023-03-03 09:20:58','2023-03-03 09:20:58'),(5524,4,6,1368,1,'Unit testing',9,'2023-03-02',2023,3,9,'2023-03-03 09:21:13','2023-03-03 09:21:13'),(5525,4,24,1460,1,'Test bug no -1460',10,'2023-03-01',2023,3,9,'2023-03-03 09:22:30','2023-03-03 09:22:41'),(5526,4,24,1478,1,'Test bug no-1478',10,'2023-03-02',2023,3,9,'2023-03-03 09:25:03','2023-03-03 09:25:03'),(5527,4,24,1479,1,'Test bug no- 1479',10,'2023-03-02',2023,3,9,'2023-03-03 09:27:15','2023-03-03 09:29:18'),(5528,4,24,1484,1,'Test bug no.- 1484',10,'2023-03-02',2023,3,9,'2023-03-03 09:28:03','2023-03-03 09:28:03'),(5529,8,24,1373,1,'Test bug no- 1373',10,'2023-03-03',2023,3,9,'2023-03-03 09:31:11','2023-03-03 09:31:11'),(5530,8,24,1397,1,'Test bug no - 1397',10,'2023-03-03',2023,3,9,'2023-03-03 09:54:13','2023-03-03 09:54:13'),(5531,4,13,1486,2,'Bug fix ',9,'2023-03-03',2023,3,9,'2023-03-03 10:28:39','2023-03-03 10:28:39'),(5532,4,13,1486,1.5,'Create get location method in document sign request repository & unit testing ',9,'2023-03-03',2023,3,9,'2023-03-03 10:29:36','2023-03-03 12:29:20'),(5533,8,7,1493,0.5,'Fixed document sign request dialog content and signed request misplaced bug.',9,'2023-03-03',2023,3,9,'2023-03-03 10:50:26','2023-03-03 10:54:11'),(5534,8,7,1493,0.25,'Testing.',10,'2023-03-03',2023,3,9,'2023-03-03 10:50:40','2023-03-03 10:50:40'),(5535,4,24,1166,1,'Retest bug no- 1166',10,'2023-03-03',2023,3,9,'2023-03-03 10:52:28','2023-03-03 10:52:28'),(5536,9,7,628,0.75,'Tested deleting claims for failed firebase tokens.',10,'2023-03-03',2023,3,9,'2023-03-03 10:54:52','2023-03-03 10:54:52'),(5537,9,7,628,0.25,'Code review.',12,'2023-03-03',2023,3,9,'2023-03-03 10:56:34','2023-03-03 10:56:34'),(5538,8,24,1493,1,'Retest bug no- 1493',10,'2023-03-03',2023,3,9,'2023-03-03 10:58:43','2023-03-03 10:58:43'),(5539,4,6,770,1,'Added hosted service and unit testing',9,'2023-03-03',2023,3,9,'2023-03-03 11:58:51','2023-03-03 11:58:51'),(5540,4,6,1316,0.75,'Fixed ui and grid on finance tab',9,'2023-03-03',2023,3,9,'2023-03-03 12:01:08','2023-03-03 12:01:08'),(5541,4,6,1316,1,'Unit testing',10,'2023-03-03',2023,3,9,'2023-03-03 12:01:22','2023-03-03 12:01:22'),(5542,4,6,1107,1,'Code tweak and code clean up',9,'2023-03-03',2023,3,9,'2023-03-03 12:02:46','2023-03-03 12:02:46'),(5543,4,24,1486,1,'Retest bug no- 1486',10,'2023-03-03',2023,3,9,'2023-03-03 12:05:30','2023-03-03 12:05:30'),(5544,4,6,1107,1,'Updated change contract status in repositories for deployed amount to get deployed amount and unit testing',9,'2023-03-03',2023,3,9,'2023-03-03 12:08:06','2023-03-03 12:08:06'),(5545,4,24,1490,1,'Retest bug no- 1490',10,'2023-03-03',2023,3,9,'2023-03-03 12:10:43','2023-03-03 12:10:43'),(5546,4,24,1484,1,'Retest bug no- 1484',10,'2023-03-03',2023,3,9,'2023-03-03 12:20:11','2023-03-03 12:20:11'),(5547,28,13,1483,1,'Created api to add & get department. ',9,'2023-03-03',2023,3,9,'2023-03-03 12:30:29','2023-03-03 12:30:29'),(5548,28,13,1483,1.5,'Created api to get, get list and update department.  ',9,'2023-03-03',2023,3,9,'2023-03-03 12:31:15','2023-03-03 12:31:15'),(5549,28,7,1483,0.5,'Added company repository and managers',9,'2023-03-01',2023,3,9,'2023-03-03 12:31:15','2023-03-03 12:31:15'),(5550,28,13,1483,0.75,'Create api to delete department ',9,'2023-03-03',2023,3,9,'2023-03-03 12:31:36','2023-03-03 12:31:36'),(5551,28,7,1483,0.5,'Implemented company info edit.',9,'2023-03-01',2023,3,9,'2023-03-03 12:31:40','2023-03-03 12:31:40'),(5552,28,13,1483,0.25,'Api testing ',9,'2023-03-03',2023,3,9,'2023-03-03 12:31:46','2023-03-03 12:31:46'),(5553,28,7,1483,1,'Code cleanup.',9,'2023-03-01',2023,3,9,'2023-03-03 12:32:06','2023-03-03 12:32:06'),(5554,28,7,1439,1,'Frontend code cleanup.',9,'2023-03-01',2023,3,9,'2023-03-03 12:32:27','2023-03-03 12:33:11'),(5555,28,13,1483,1,'Create entity, entity configuration for leave role',9,'2023-03-03',2023,3,9,'2023-03-03 12:32:39','2023-03-03 12:32:39'),(5556,28,7,1439,2,'Added authguard and redirection',9,'2023-03-01',2023,3,9,'2023-03-03 12:34:32','2023-03-03 12:34:32'),(5557,8,7,1350,1,'Testing notification with uat environment.',9,'2023-03-01',2023,3,9,'2023-03-03 12:36:09','2023-03-03 12:36:16'),(5558,8,7,1426,0.5,'Code review.',12,'2023-03-01',2023,3,9,'2023-03-03 12:36:56','2023-03-03 12:36:56'),(5559,8,7,1426,0.5,'Code cleanup',9,'2023-03-01',2023,3,9,'2023-03-03 12:37:11','2023-03-03 12:37:11'),(5560,8,7,1494,1.25,'Tried to implement deep linking and testing in emulator.',9,'2023-03-03',2023,3,9,'2023-03-03 12:38:46','2023-03-03 12:38:46'),(5561,10,7,413,0.25,'Analyzing bugs and task assigned to us.',11,'2023-03-03',2023,3,9,'2023-03-03 12:48:40','2023-03-03 12:48:40'),(5562,28,7,1483,0.25,'Code review.',12,'2023-03-03',2023,3,9,'2023-03-03 12:49:06','2023-03-03 12:49:06'),(5563,28,7,1439,0.25,'Code review.',12,'2023-03-03',2023,3,9,'2023-03-03 12:49:22','2023-03-03 12:49:22'),(5564,8,7,1494,0.25,'Testing in other mobiles.',10,'2023-03-03',2023,3,9,'2023-03-03 12:51:05','2023-03-03 12:51:05'),(5565,28,14,1439,2,'Implemnt side nav for new hrms setup',9,'2023-03-03',2023,3,9,'2023-03-03 13:33:04','2023-03-03 13:33:04'),(5566,28,14,1439,2,'Create services and model binding in company overview screen',9,'2023-03-03',2023,3,9,'2023-03-03 13:33:47','2023-03-03 13:33:47'),(5567,28,14,1439,2,'Create services and model binding and validation in address screen',9,'2023-03-03',2023,3,9,'2023-03-03 13:34:30','2023-03-03 13:34:30'),(5568,8,28,1426,2,'Created model for display Image and Show Quarterly Statement.',9,'2023-03-02',2023,3,9,'2023-03-04 02:29:24','2023-03-04 02:29:24'),(5569,8,28,1426,2,'Created Event and state for view image and mapped event to state with marketplace bloc.',9,'2023-03-02',2023,3,9,'2023-03-04 02:32:04','2023-03-04 02:32:04'),(5570,8,28,1426,2,'Design dialog box and the image shown on the dialog box',9,'2023-03-02',2023,3,9,'2023-03-04 02:34:47','2023-03-04 02:34:47'),(5571,8,28,1426,2,'Exception Handled which was coming after display image.',9,'2023-03-02',2023,3,9,'2023-03-04 02:38:13','2023-03-04 02:44:20'),(5572,8,28,1426,2,'Created model for change request edit.',9,'2023-03-03',2023,3,9,'2023-03-04 02:39:15','2023-03-04 02:39:15'),(5573,8,28,1426,2,'Change request edit method cheated and  call this method  in change request repository from API clent.',9,'2023-03-03',2023,3,9,'2023-03-04 02:40:35','2023-03-04 02:40:35'),(5574,8,28,1426,2,'Change request edit event and state created and mapped event to state with marketplace detail bloc. ',9,'2023-03-03',2023,3,9,'2023-03-04 02:42:25','2023-03-04 02:42:25'),(5575,8,28,1426,2,'Edit button functionality and  Fixed some calculations on the sell request tab view.',9,'2023-03-03',2023,3,9,'2023-03-04 02:48:14','2023-03-04 02:59:24'),(5576,28,13,1483,0.75,'Created state, city and country repository, manager and controller ',9,'2023-03-04',2023,3,9,'2023-03-06 04:13:14','2023-03-06 04:15:41'),(5577,28,13,1483,1,'Created get select list item method for city, state and country. ',9,'2023-03-04',2023,3,9,'2023-03-06 04:14:15','2023-03-06 04:14:15'),(5578,28,13,1483,0.75,'Created entity configuration for leave role.',9,'2023-03-04',2023,3,9,'2023-03-06 04:14:43','2023-03-06 04:14:43'),(5579,28,13,1483,1,'Create add, delete, update get and get list method for leave role. ',9,'2023-03-04',2023,3,9,'2023-03-06 04:15:23','2023-03-06 04:15:23'),(5580,4,11,1474,0.25,'issue verified',10,'2023-03-06',2023,3,10,'2023-03-06 05:12:25','2023-03-06 05:12:25'),(5581,4,11,1471,2,'requirement analysis and test case ceration',10,'2023-03-06',2023,3,10,'2023-03-06 06:08:08','2023-03-06 06:08:08'),(5582,4,11,1495,2,'analysis and test case creation.',10,'2023-03-06',2023,3,10,'2023-03-06 07:50:04','2023-03-06 07:50:04'),(5583,28,13,1483,2,'Added entity configuration for attendance rule and leave rule.',9,'2023-03-06',2023,3,10,'2023-03-06 10:55:14','2023-03-06 10:55:14'),(5584,28,13,1483,1,'Created Repository manager and controller for attendance rule and leave rule.  ',9,'2023-03-06',2023,3,10,'2023-03-06 10:56:10','2023-03-06 10:56:10'),(5585,28,13,1483,1.5,'Created add get update and delete methods for attendance rule and leave rule. ',9,'2023-03-06',2023,3,10,'2023-03-06 10:57:10','2023-03-06 10:57:35'),(5586,4,6,1316,2,'Unit testing corporate share module',10,'2023-03-06',2023,3,10,'2023-03-06 10:57:11','2023-03-06 10:57:11'),(5587,28,13,1483,0.5,'Api testing. ',9,'2023-03-06',2023,3,10,'2023-03-06 10:57:20','2023-03-06 10:57:20'),(5588,4,6,1316,2,'Added auto adjust feature and unit testing',9,'2023-03-06',2023,3,10,'2023-03-06 10:57:38','2023-03-06 10:57:38'),(5589,4,6,1316,1,'Testing auto adjust corporate share',10,'2023-03-06',2023,3,10,'2023-03-06 11:51:12','2023-03-06 11:51:12'),(5590,28,14,1439,2,'Create overview screen model binding and services',9,'2023-03-06',2023,3,10,'2023-03-06 12:14:07','2023-03-06 12:14:07'),(5591,28,14,1439,2,'Create department screen model binding services and validation',9,'2023-03-06',2023,3,10,'2023-03-06 12:14:52','2023-03-06 12:14:52'),(5592,28,14,1439,2,'Create designation screen model binding services and validation',9,'2023-03-06',2023,3,10,'2023-03-06 12:15:05','2023-03-06 12:15:05'),(5593,8,11,1400,0.25,'issue verified',10,'2023-03-06',2023,3,10,'2023-03-06 12:29:45','2023-03-06 12:29:45'),(5594,8,11,1498,2,'notification mobile testing with bell icon',10,'2023-03-06',2023,3,10,'2023-03-06 12:32:16','2023-03-06 12:32:16'),(5595,4,6,1364,1,'Added notification id claim and updated code every where with reference',9,'2023-03-06',2023,3,10,'2023-03-06 12:44:49','2023-03-06 12:44:49'),(5596,4,11,1487,0.5,'issue verified',10,'2023-03-06',2023,3,10,'2023-03-06 12:45:15','2023-03-06 12:45:15'),(5597,4,11,1497,0.5,'Tested login by creating new investor through joint account holder entity partner.',10,'2023-03-06',2023,3,10,'2023-03-06 12:52:07','2023-03-06 12:52:07'),(5598,28,14,1439,2,'Add baseservice in place of toastr and implement figma hrms admin screens',9,'2023-03-06',2023,3,10,'2023-03-06 13:19:56','2023-03-06 13:19:56'),(5599,4,6,1497,1,'Fixed user status not getting active when adding joint account from admin',9,'2023-03-07',2023,3,10,'2023-03-07 05:11:46','2023-03-07 05:11:46'),(5600,4,11,1480,0.25,'issue verified',10,'2023-03-07',2023,3,10,'2023-03-07 06:07:55','2023-03-07 06:07:55'),(5601,4,11,1477,1,'issue verified',10,'2023-03-07',2023,3,10,'2023-03-07 06:08:50','2023-03-07 06:08:50'),(5602,4,11,1479,0.5,'issue verified',10,'2023-03-07',2023,3,10,'2023-03-07 06:10:58','2023-03-07 06:10:58'),(5603,4,11,1450,0.25,'issue verified',10,'2023-03-07',2023,3,10,'2023-03-07 06:14:05','2023-03-07 06:14:05'),(5604,8,11,1498,0.25,'issue verified',10,'2023-03-07',2023,3,10,'2023-03-07 06:23:25','2023-03-07 06:23:25'),(5605,10,7,1501,1,'Added refresh option for display status.',9,'2023-03-07',2023,3,10,'2023-03-07 06:26:20','2023-03-07 08:04:36'),(5606,10,7,1501,0.25,'Testing.',10,'2023-03-07',2023,3,10,'2023-03-07 06:26:33','2023-03-07 08:04:48'),(5607,10,7,1500,0.25,'Reviewed code to analyze possibilities.',12,'2023-03-07',2023,3,10,'2023-03-07 06:27:50','2023-03-07 06:27:50'),(5608,10,7,1500,0.25,'Fixed expired broadcast status changing bug.',9,'2023-03-07',2023,3,10,'2023-03-07 06:28:13','2023-03-07 06:28:13'),(5609,10,7,1500,0.5,'Testing.',10,'2023-03-07',2023,3,10,'2023-03-07 06:28:23','2023-03-07 06:28:23'),(5610,4,11,1461,0.25,'issue verified',10,'2023-03-07',2023,3,10,'2023-03-07 06:31:00','2023-03-07 06:31:00'),(5611,8,7,1350,2,'Added notification page and apis\'',9,'2023-03-06',2023,3,10,'2023-03-07 06:32:41','2023-03-07 06:32:41'),(5612,8,7,1350,1.5,'Implemented redirection for notification from notification page.',9,'2023-03-06',2023,3,10,'2023-03-07 06:33:22','2023-03-07 06:33:22'),(5613,8,7,1350,1,'Implemented status changing and reloading count on notification seen.',9,'2023-03-06',2023,3,10,'2023-03-07 06:34:25','2023-03-07 06:34:25'),(5614,8,7,1350,1,'Implemented reloading count on new notification arrived.',9,'2023-03-06',2023,3,10,'2023-03-07 06:34:58','2023-03-07 06:34:58'),(5615,8,7,1350,1.5,'Testing.',10,'2023-03-06',2023,3,10,'2023-03-07 06:35:08','2023-03-07 06:35:08'),(5616,8,7,1350,1.5,'Shifted document tab to more page and UI code cleanup.',9,'2023-03-06',2023,3,10,'2023-03-07 06:36:03','2023-03-07 06:36:03'),(5617,4,11,1497,0.75,'issue verified',10,'2023-03-07',2023,3,10,'2023-03-07 07:17:00','2023-03-07 07:17:00'),(5618,4,11,1499,0.5,'Tested for all 4 type of accounts verified',10,'2023-03-07',2023,3,10,'2023-03-07 07:18:06','2023-03-07 07:18:06');

--
-- Table structure for table `tokens`
--

CREATE TABLE `tokens` (
  `id` int NOT NULL AUTO_INCREMENT,
  `user_id` int NOT NULL DEFAULT '0',
  `action` varchar(30) NOT NULL DEFAULT '',
  `value` varchar(40) NOT NULL DEFAULT '',
  `created_on` datetime NOT NULL,
  `updated_on` timestamp NULL DEFAULT NULL,
  PRIMARY KEY (`id`),
  UNIQUE KEY `tokens_value` (`value`),
  KEY `index_tokens_on_user_id` (`user_id`)
) ENGINE=InnoDB AUTO_INCREMENT=1690 DEFAULT CHARSET=utf8mb3;

--
-- Dumping data for table `tokens`
--

INSERT INTO `tokens` VALUES (4,1,'feeds','439c64339853a8d232ad08d8072d6c5e014b93d7','2022-07-13 16:08:33','2022-07-13 16:08:33'),(9,5,'feeds','3585f4f5a55caa3e5f54607c25cff3e9d19b9d55','2022-07-14 02:55:42','2022-07-14 02:55:42'),(12,6,'feeds','06fd4ff4cbe7a371b92f47de19c0f994a746de8c','2022-07-14 05:34:50','2022-07-14 05:34:50'),(17,10,'feeds','9423687e7f15dfd0a6416f96bb6da482bef7406e','2022-07-14 06:29:49','2022-07-14 06:29:49'),(19,13,'feeds','593cdcb14bcb0867eaf29fa126f02bc8e0532ea9','2022-07-14 06:30:21','2022-07-14 06:30:21'),(22,12,'feeds','23961d38b2a340b12109b0745f70fe17713805f3','2022-07-14 06:31:50','2022-07-14 06:31:50'),(23,8,'feeds','0d9bef8e3d0fb32f7d790f6bc67ecb5b09bd9174','2022-07-14 06:32:01','2022-07-14 06:32:01'),(26,9,'feeds','1f14d558c30b6751d1488b769da603e8187a0afb','2022-07-14 06:32:14','2022-07-14 06:32:14'),(28,14,'feeds','1baa40ec7cd700c2e0ed419b1a11107148d284a9','2022-07-14 06:32:40','2022-07-14 06:32:40'),(31,11,'feeds','4a268eeb51d9b06c1c39285ab5820f4842ebfd03','2022-07-14 06:34:36','2022-07-14 06:34:36'),(39,18,'feeds','bfff3e16418b07e69bd8281b62c7a4911c4e5cad','2022-07-14 10:16:23','2022-07-14 10:16:23'),(48,17,'session','44be5f29cdbf49ab2724af555bca38c0f8ddf930','2022-07-14 14:21:59','2022-07-15 14:19:29'),(49,17,'autologin','05a15625290124fe9bc38328b9746a227fcd07ba','2022-07-14 14:22:00','2022-07-14 14:22:00'),(50,17,'feeds','e6f9b845504ac0b3c19c9d7552ce985ce8c81df4','2022-07-14 14:22:00','2022-07-14 14:22:00'),(70,6,'autologin','631342b6ece990f6f6a63e00a2ac2f03eca9615b','2022-07-15 04:41:42','2022-07-15 04:41:42'),(74,7,'feeds','35a63c2a69d0e13dbcd7441faffc21a7f2ece96c','2022-07-15 04:53:19','2022-07-15 04:53:19'),(76,8,'autologin','dd4b3a93b3d7c743138336bec20ac1357c8611dd','2022-07-15 05:04:28','2022-07-15 05:04:28'),(78,16,'session','0a945c5a106736d7b85d232fe94bd2e996edb2d7','2022-07-15 08:04:54','2022-12-27 18:02:25'),(79,16,'autologin','89f6ca3d511b56541730af8b2de581a3c3746314','2022-07-15 08:04:54','2022-07-15 08:04:54'),(80,16,'feeds','4f618ad8b8dd8c36b09d7ba742c5f8ffd40edf93','2022-07-15 08:04:54','2022-07-15 08:04:54'),(108,1,'autologin','a04b2f1ab190d14ba541ba445eb8dcc65473def2','2022-07-18 16:18:23','2022-07-18 16:18:23'),(299,17,'session','c730d4e29b8f7325b988f4a9e69d7a5d0ef5e87e','2022-08-04 19:54:43','2022-09-12 18:41:11'),(300,17,'autologin','b1ad38a211cf42be784203a6581eabde6b34d87a','2022-08-04 19:54:43','2022-08-04 19:54:43'),(377,8,'autologin','e692dd4ff256edf941002d106ac1622d8ba61b2d','2022-08-16 05:27:23','2022-08-16 05:27:23'),(381,23,'autologin','fdd25bc1bf20e8d7a8eac501790ff266ab82700d','2022-08-16 10:37:54','2022-08-16 10:37:54'),(382,23,'feeds','ef391ea655910f83b4f58d8a57500909dbee02f8','2022-08-16 10:37:55','2022-08-16 10:37:55'),(453,18,'session','d1c9e2ccc8abd4e5bd532f832c2c5e519baeba6b','2022-08-24 09:44:08','2022-08-24 09:49:16'),(505,18,'session','a32d7c33b4b7d5f60c4a681248ee07803f6f85b1','2022-08-31 14:48:25','2022-08-31 14:54:18'),(513,13,'autologin','a7f350f7af77879d356aa9563a5ed2c0433d4f9e','2022-09-01 09:20:28','2022-09-01 09:20:28'),(528,13,'autologin','e62791f6ae29558b51b5bf7bfc6697b2322da5f7','2022-09-03 10:10:09','2022-09-03 10:10:09'),(541,24,'feeds','9221fd9eae82c8bca8a11e587799e628a39372fa','2022-09-05 09:30:14','2022-09-05 09:30:14'),(543,24,'autologin','1b317304d8d43e7cba3bdb668bacee90aacb6fbc','2022-09-05 09:32:06','2022-09-05 09:32:06'),(545,13,'autologin','36d59c0808e71a93c8b85a1d477467d878d5b757','2022-09-05 10:24:19','2022-09-05 10:24:19'),(570,16,'session','2f4932e103af12675910b95a2fa470c0988264c7','2022-09-07 20:33:43','2022-09-08 16:24:28'),(571,16,'autologin','89104e0a3abc82416d864a45d374a1a42562bf38','2022-09-07 20:33:43','2022-09-07 20:33:43'),(583,26,'feeds','1c39cc5044cb16ed85a2b2aa9d1d1b0e02b4ed80','2022-09-08 09:16:16','2022-09-08 09:16:16'),(592,11,'autologin','a379f99d9acd12f51f82e09848b1a620bb2872bc','2022-09-09 04:08:46','2022-09-09 04:08:46'),(636,23,'autologin','721367fa6ec99f6c8866ba07ab89d4fe6fff9638','2022-09-14 06:20:27','2022-09-14 06:20:27'),(642,1,'session','e069b0d3c81f1a3e7fb25beeb1194ba2357f1342','2022-09-14 10:14:01','2022-09-14 10:15:32'),(648,8,'autologin','dbd806db48969ddac09ae6ac9f0576129d94e67f','2022-09-15 05:51:09','2022-09-15 05:51:09'),(811,13,'autologin','5ff2426296d34c188533499383ba933923bc7b0f','2022-10-10 12:47:38','2022-10-10 12:47:38'),(839,8,'autologin','774a32ba59df14b9b368c774c1ae0e2266fc54a7','2022-10-17 05:06:02','2022-10-17 05:06:02'),(878,17,'session','32830a2ba4e62d46507d86cb760494f6e9068067','2022-10-21 14:57:51','2022-10-21 14:59:52'),(889,14,'autologin','7863a637001472e6209dd8ecd2424d6db55558d9','2022-10-27 06:26:09','2022-10-27 06:26:09'),(993,13,'autologin','eca00c56fee80949bfd32c205dcbff8910981a2a','2022-11-16 04:25:27','2022-11-16 04:25:27'),(1002,8,'autologin','743664d50c08cd1086c859aa745fb3dd724ab7e3','2022-11-17 04:44:05','2022-11-17 04:44:05'),(1011,23,'autologin','b43d78e19d5e7f3b58a49cd80cc09846447bdeea','2022-11-17 14:19:38','2022-11-17 14:19:38'),(1022,1,'session','2bc9f687644374dc47047c4631bef661837bb87d','2022-11-18 09:29:21','2022-11-18 13:12:59'),(1025,27,'feeds','8fa921f3c168c3a7eebe86b3a05527ea19d97357','2022-11-18 10:16:20','2022-11-18 10:16:20'),(1034,1,'session','287132f7318ccd82490e5df65f4adb5cbe47f2d9','2022-11-21 06:30:28','2022-11-21 06:31:21'),(1058,1,'session','30451444391f94ec31f04a5dc1efac461ee45d7d','2022-11-24 15:23:10','2022-11-24 15:23:44'),(1164,11,'autologin','285e4b194c725ba3d8c7854cea54b60a230e0c95','2022-12-14 06:04:13','2022-12-14 06:04:13'),(1198,11,'recovery','0217fb3c0bcd88f4f16d0fc5287f7b3ab90b3526','2022-12-20 05:29:08','2022-12-20 05:29:08'),(1203,13,'autologin','b1d100f47be329b5906b5921cc501615cc056f1e','2022-12-20 12:18:17','2022-12-20 12:18:17'),(1215,24,'recovery','577ddc48d4212d623bf9dcc52319dc71cda9d2bb','2022-12-22 11:01:14','2022-12-22 11:01:14'),(1217,24,'autologin','02ecde7ff0dbac5b1ab00338c48ee66a894787fe','2022-12-22 11:11:29','2022-12-22 11:11:29'),(1226,24,'autologin','941be7454355ccd061404bee62ec1ad11ba34a86','2022-12-26 04:51:34','2022-12-26 04:51:34'),(1236,13,'autologin','4eb718a112cf404714ebb6f52460d9a1d7d50b31','2022-12-27 11:18:16','2022-12-27 11:18:16'),(1244,13,'autologin','f6787c216abefd7d7889741426091c4c8d0dbb17','2022-12-28 12:36:38','2022-12-28 12:36:38'),(1255,8,'autologin','2661d5f435e4b953f9f64392138afb3deea313ce','2022-12-30 10:25:22','2022-12-30 10:25:22'),(1268,1,'session','ac2353c7d51cb09cce85e034f585bff794f73c26','2023-01-02 10:11:09','2023-01-02 10:15:27'),(1270,28,'autologin','795d8fdef08dc5b97d1e4af3bce4a3ea7a1bbb5d','2023-01-02 10:19:32','2023-01-02 10:19:32'),(1271,28,'feeds','f0a5764ba1b823b3c3fd27e7df5a4a1f46245b01','2023-01-02 10:19:32','2023-01-02 10:19:32'),(1288,24,'autologin','4132b05cbf3fd8814fe6c81f7c1f9ceb1395879f','2023-01-04 11:07:33','2023-01-04 11:07:33'),(1352,6,'autologin','41e6683abc99aeaa80944118ace89af0e9598d76','2023-01-13 06:10:39','2023-01-13 06:10:39'),(1361,5,'session','6f2395d8b29324c64e50a85864a9082536fb5b14','2023-01-16 06:35:44','2023-01-16 12:17:56'),(1376,1,'session','f332cde0e03b181aa5d2fcfc77b781dd1891b2cb','2023-01-18 05:43:42','2023-01-18 05:43:52'),(1377,23,'session','c4c184660c6dff88fe00f80f276eaab5bf6ee797','2023-01-18 06:14:39','2023-01-18 06:18:21'),(1382,5,'session','679e5032f179eadc5ae75d8873ed3d8cf0e0bc7e','2023-01-18 17:41:27','2023-01-18 17:41:47'),(1387,23,'session','d58dbf4ab466a6a1c0f261f1189cbad8289742c8','2023-01-19 08:23:31','2023-01-19 08:23:32'),(1388,23,'autologin','58fc832a33c78df6f494ed4844c1b28ede77b8f6','2023-01-19 08:23:32','2023-01-19 08:23:32'),(1389,23,'session','de257dd2f437c2953ce567a3d5b59c1377db9065','2023-01-19 09:29:49','2023-01-19 09:32:11'),(1392,23,'session','9c53b45cc2556391aa71cd4f9f0a591a5dcdd5a2','2023-01-20 00:35:09','2023-01-20 00:42:45'),(1394,5,'session','0e9ae961456cfb01b873caee04109b7f394cc441','2023-01-20 02:21:51','2023-01-20 02:21:51'),(1395,23,'session','5494b8823cc95b0d2309baee06ee9461d254fdb6','2023-01-20 02:23:03','2023-01-20 02:23:03'),(1401,5,'session','8e947e6c13c02691a9d64aa3980b7150e50c88ca','2023-01-20 13:50:04','2023-01-20 13:59:58'),(1405,23,'session','215769cc81b57ea3b1dbf250eb839f6ab0102842','2023-01-22 06:14:10','2023-01-22 06:19:50'),(1408,23,'session','514d2aaebf0f6b22b26ac9794e8746870f3d02ec','2023-01-23 07:03:40','2023-01-24 10:15:51'),(1409,23,'autologin','3fc3e0891586e8c31ad2e8fdb22eb89c33548fa9','2023-01-23 07:03:40','2023-01-23 07:03:40'),(1432,8,'session','3c133809d3423bc2f8b40fd361cc27d86ef23896','2023-01-27 11:40:13','2023-01-27 12:15:31'),(1433,23,'session','35f5dc35fc75fcd80832c313fe18ab72d59fceb3','2023-01-28 08:00:30','2023-01-28 08:02:26'),(1434,8,'session','abf055ad130a1146b81e1dc9d364a090ae9f5b66','2023-01-29 16:21:53','2023-01-29 16:45:47'),(1435,8,'autologin','ca0d684d30b4fa561d84b9330fd3f5b77ccbe6da','2023-01-29 16:21:53','2023-01-29 16:21:53'),(1438,8,'session','fbdc163489dcbf0fef639109885ad49edc523bcb','2023-01-30 04:37:53','2023-01-30 12:55:10'),(1447,13,'autologin','770f8cc2d6dcf7f96344e850292f8331d6bff719','2023-01-31 04:19:35','2023-01-31 04:19:35'),(1456,8,'session','a8bcfabe0c960748eeed02c4a8996ca6e3ec8678','2023-01-31 11:04:12','2023-01-31 13:13:16'),(1460,8,'session','ce01cd5b923c78c06741e49d220de3bbb8474aeb','2023-02-01 04:30:23','2023-02-01 06:11:10'),(1474,1,'session','2b252662824434f1bf6d61ef9477cdba0f192230','2023-02-03 04:38:54','2023-02-03 04:39:22'),(1482,23,'session','bfed79ae1d8c3452c4ced724c89f4c1999b63ef4','2023-02-05 11:07:55','2023-02-16 15:34:23'),(1486,8,'session','81629c038e5e993d0e2f6abdb5dbc433764e8536','2023-02-06 04:36:50','2023-02-13 07:37:34'),(1514,28,'recovery','7a12442eb3df3b22a3f019273007d097007cf0b7','2023-02-10 04:12:59','2023-02-10 04:12:59'),(1517,7,'autologin','a38ba66b5c394b5ab71bf1cdda2f1891346ae28f','2023-02-10 04:15:27','2023-02-10 04:15:27'),(1537,8,'session','0118d3ba170e650f8f4a43487035496c087051fa','2023-02-14 06:43:01','2023-02-14 07:03:32'),(1541,8,'session','4e9e2bebe4ca447ca8acccadec84927ef6fdfbbc','2023-02-14 10:18:22','2023-02-14 10:20:24'),(1543,13,'autologin','0d19267e5ffa1bc78de36aed4fd35203e0502ecc','2023-02-14 12:04:28','2023-02-14 12:04:28'),(1559,8,'session','4667bcd3f5595fc0894c95390fbcf97bbbd669fe','2023-02-16 12:23:45','2023-02-26 12:11:55'),(1560,5,'session','2fbb600263ef4c338abd1dcb9f3b0da320309e5c','2023-02-16 13:10:33','2023-02-16 13:13:00'),(1568,16,'session','d74abe9fd717b2777ec947321cda442a6c85a393','2023-02-17 09:16:17','2023-02-17 10:17:22'),(1569,5,'session','258b76f8b6a5e5e03de9a1eb85828a4c2f80b9e5','2023-02-17 10:18:15','2023-02-17 10:18:15'),(1570,5,'session','77848447095b5ee4441d34ab53971a4b580edcc5','2023-02-17 10:20:47','2023-02-17 10:20:56'),(1580,7,'autologin','835355c7f2804a6c0d57815cea19b63f9b2cfd9a','2023-02-20 04:57:34','2023-02-20 04:57:34'),(1582,14,'session','276c27a8a0c4554a23eff46ad7ec8fe1c9ad6f0a','2023-02-20 11:41:02','2023-02-20 13:24:51'),(1589,28,'session','8cc5ceb1722479b945588621e943a0e327eea6f6','2023-02-21 06:01:22','2023-02-21 06:07:49'),(1591,14,'session','8285e61a40fe68de7b6a44f31cb842320c5fc80a','2023-02-21 12:13:27','2023-02-21 12:14:43'),(1592,28,'session','7854e6405d17ccec97ad698a36129fff84dfc74a','2023-02-21 12:33:35','2023-02-21 12:33:44'),(1596,28,'session','e7f60f91f3f289545708556c7165676b4748d2cd','2023-02-22 07:01:39','2023-02-22 07:10:23'),(1599,14,'session','9eca5061931a4691b87b14fa0b5417e1984dfecf','2023-02-22 10:09:36','2023-02-22 12:39:53'),(1602,5,'session','826537797e91df718345443543b6b093ae3b4555','2023-02-22 13:13:50','2023-02-22 13:16:39'),(1604,23,'session','c03e73264296b4e31f8b6a530e02b75e42e1cce7','2023-02-22 14:13:46','2023-02-27 11:24:38'),(1605,6,'session','2a389c0b41525199cfc9b4803304ed2aeb291ada','2023-02-23 04:08:46','2023-02-23 13:08:26'),(1607,24,'session','50371c0c2b8588aa5ed62f4267955699f2f32fb2','2023-02-23 04:47:43','2023-02-23 13:13:33'),(1609,14,'session','a0d935dca3128a1bae161e01f970c08fec0da290','2023-02-23 05:43:10','2023-02-23 10:15:59'),(1612,6,'session','889f6ed93e8cd588993e046edf8b07e2c6bfc076','2023-02-23 13:11:38','2023-02-23 13:11:52'),(1613,14,'session','541060bd84a182a5ed613b51e19f128f8cc518bd','2023-02-23 13:14:57','2023-02-23 13:16:36'),(1615,6,'session','e81c5b3fd9b216cfedac8c4e373ecadb39fdb8b8','2023-02-24 04:02:32','2023-02-24 08:39:41'),(1616,14,'session','d0991676aa3cf646b051c8a1e6037b69abf65f11','2023-02-24 04:10:54','2023-02-24 12:42:20'),(1617,24,'session','0003ce6b5b5a4b44101f3fe2840e99dc98f2bcf6','2023-02-24 04:38:01','2023-02-24 13:20:38'),(1618,11,'session','7c29bbe252bd9382b16a0d81fba259c59ec733ca','2023-02-24 04:45:34','2023-02-24 12:41:46'),(1620,13,'session','16b6d5f63fce17035464d7680593595f7210e221','2023-02-24 05:36:09','2023-02-24 08:59:54'),(1624,6,'session','6e84a267b0ff835e85a9638a22b1f8848e05737c','2023-02-24 10:53:29','2023-02-24 13:06:57'),(1625,13,'session','8b0eabe7a7ba624f08afaa927a581a3b24f4e05d','2023-02-24 10:57:57','2023-02-24 12:14:49'),(1627,24,'session','5c69e2b28e89f73ac7c7a3ce33c622343a5d3bdd','2023-02-25 05:05:37','2023-02-25 06:31:20'),(1628,6,'session','789bea05ec76b4ccac1a03b54be1e8c01eb66d2c','2023-02-25 06:11:49','2023-02-25 13:30:16'),(1629,24,'session','c8a2d9055f31df875b199af76f0ed9b2f65bc23c','2023-02-25 09:50:56','2023-02-25 12:03:40'),(1630,11,'session','ed47b1644b4a7656b37b62ce47a074828b876f32','2023-02-25 10:57:17','2023-02-25 11:54:52'),(1631,6,'session','40d87f7c762add9464ce54ec96d0721b1e4b3692','2023-02-27 04:26:23','2023-02-28 13:17:01'),(1633,24,'session','afea431bedf6ce612dd6704fca1b0299f5de2f3d','2023-02-27 04:37:01','2023-02-27 12:59:17'),(1635,28,'session','bbcda9b50d01c538bf222ffcfd933721134ee60a','2023-02-27 05:19:59','2023-02-27 05:20:10'),(1636,11,'session','c644eb6c8eef10cc1559e4ca661107114cf388b6','2023-02-27 05:24:52','2023-02-27 12:41:17'),(1637,1,'session','32b3835a856b67544b23dde4d0b2ef22685f8006','2023-02-27 05:31:51','2023-02-27 09:35:59'),(1638,8,'session','d42fce58f06de47e9a3bdb4380cc243f7c4ba44f','2023-02-27 09:36:17','2023-03-07 08:57:34'),(1639,24,'session','6bd60d857371d7e7121070056ee4d325fdb579ee','2023-02-27 13:20:26','2023-02-27 13:20:27'),(1640,5,'session','dc14b986b6f6c12f855cef332786860822c8b0d2','2023-02-27 13:23:19','2023-02-27 13:26:56'),(1641,28,'session','9371c9133278a9d3ad5fb1b39d63bd73754aa3db','2023-02-28 02:15:16','2023-02-28 02:36:56'),(1642,24,'session','d6e1754c1e510a5f80dca98658525f562fe750cf','2023-02-28 04:20:51','2023-02-28 13:38:09'),(1644,11,'session','8a73e99d0db231adf5cf71e422e6b9feb2011a4a','2023-02-28 04:24:22','2023-02-28 12:57:49'),(1645,13,'session','c6645ebd40ccd97fe7628adfec0a959655435e03','2023-02-28 04:26:03','2023-02-28 12:45:22'),(1647,28,'session','81ba975930313ff3019ee31c1ba800d72291db7e','2023-02-28 04:26:29','2023-02-28 11:44:06'),(1649,1,'session','93c30fb46260b52550e0060432df099093edfda1','2023-02-28 05:24:53','2023-02-28 05:27:45'),(1650,7,'session','600649e152bc5029479d7eef114f55fe4789ab39','2023-02-28 05:54:28','2023-02-28 12:17:43'),(1652,11,'session','b9cd89330c3c99e622be402b544c2e8b0526c56a','2023-02-28 13:17:02','2023-02-28 13:18:42'),(1653,7,'session','0476fb13ce8d634b8b9a39d916e93415f80b5b8e','2023-02-28 13:38:49','2023-02-28 13:40:17'),(1654,7,'session','a7074a4cc930fbc57ed2039b7f936e11e8711701','2023-03-01 04:05:47','2023-03-01 04:09:18'),(1655,14,'session','f53c66ccfdc3616f3a619eed8323b705e667b7f5','2023-03-01 04:06:53','2023-03-01 04:27:30'),(1656,6,'session','b30e0b2bad35ddacb2f9f30c4f3b144fe4b96679','2023-03-01 04:07:03','2023-03-01 12:44:59'),(1657,28,'session','14861d341c7c81cd173faae139fd3dd75473c4f5','2023-03-01 04:08:32','2023-03-01 04:13:21'),(1658,13,'session','64a40059d20afb2357292f71e53bfcf80311ca9b','2023-03-01 04:11:24','2023-03-01 13:01:15'),(1659,11,'session','6664325f7d5d3886645ab6dc9866850af3409573','2023-03-01 05:29:33','2023-03-01 10:54:47'),(1660,24,'session','1124fc0258f5394446b812ce120a65751da4ee33','2023-03-01 05:37:01','2023-03-01 13:08:36'),(1661,14,'session','0d19cb7f7e2f5499adacdf3471976de1452e4afd','2023-03-01 09:05:01','2023-03-01 12:53:35'),(1662,11,'session','c467d0c243d76a81aff42561f55cfcc8b56da28f','2023-03-01 11:10:22','2023-03-01 12:33:08'),(1663,28,'session','1b25594398b796605214f51b5b41258b3712b32a','2023-03-01 12:22:45','2023-03-01 12:23:23'),(1664,28,'session','1f6992cd94d38e52db24131f83720c8e04a2931c','2023-03-01 15:45:34','2023-03-01 15:59:02'),(1665,6,'session','f74bd25265b7e7d912ffa3751827179923761ff0','2023-03-02 04:07:00','2023-03-02 06:12:59'),(1666,24,'session','a057f8159d1b85247bd9906c0aeab0de40e1afb0','2023-03-02 04:14:21','2023-03-02 13:05:14'),(1667,11,'session','0e68982abb17bc8ca400d4928781525a025c9ab0','2023-03-02 05:20:18','2023-03-02 13:08:18'),(1668,13,'session','59890ba0c714a9838e452f5051cc80e0fba91cc6','2023-03-02 09:07:58','2023-03-02 12:19:01'),(1669,7,'session','d696386c52fb83af768ab79f0bcfe36b18082462','2023-03-02 11:30:12','2023-03-02 12:53:59'),(1670,14,'session','0045243d37059020dd1c25418b6d759332947e10','2023-03-03 04:08:21','2023-03-03 13:34:30'),(1671,7,'session','6c4639795201b965636e08877aca5d961a5a2e97','2023-03-03 04:11:46','2023-03-03 08:48:51'),(1672,13,'session','ec57ef5d3a3b5c6f0d2a32d2c94c402e899f8215','2023-03-03 04:19:19','2023-03-03 05:25:51'),(1673,11,'session','adfb205c927cfdf18339a09353c4fde530ef6b4f','2023-03-03 04:35:00','2023-03-06 13:19:26'),(1674,13,'session','7af4a2fbe75d87430b7a26cfb6550fa5152622d1','2023-03-03 05:36:36','2023-03-03 05:41:33'),(1675,24,'session','77085cb75fa3c8badc5545727e42297c97e86fef','2023-03-03 05:38:26','2023-03-03 13:07:35'),(1676,13,'session','9bb5d8440e68c27d9431baf450e980cd2fe177a6','2023-03-03 05:47:49','2023-03-03 05:53:18'),(1677,13,'session','b744f689d3dd7d1be7aa2af44fe5eeb1523b360f','2023-03-03 05:59:04','2023-03-03 12:43:10'),(1678,7,'session','bff7a436b50aa83e1556ea1ae303e2737e874fc1','2023-03-03 08:45:16','2023-03-03 08:48:55'),(1679,6,'session','96e944980b10a0e9f0e259d4b628475c16cc43c1','2023-03-03 09:17:58','2023-03-06 12:47:38'),(1680,7,'session','534c2924ae6140b20782184b28a8c97a70d88a1e','2023-03-03 10:35:59','2023-03-03 12:51:05'),(1681,7,'session','42a9c583677c3a49f82458a07e6210b520157bf3','2023-03-03 10:52:53','2023-03-03 12:51:16'),(1682,28,'session','76c59fde2032df8d0462551416a0cbc2ce953039','2023-03-04 02:23:47','2023-03-04 12:28:33'),(1683,13,'session','78a7f9ef07404c9dbfd1a42a66262b4bed001af1','2023-03-06 04:11:41','2023-03-06 11:27:57'),(1684,7,'session','ffc2d54b04d3d8bee405f2539bef5ad7bc2c11d6','2023-03-06 10:09:34','2023-03-06 12:19:42'),(1685,14,'session','66173ad9aae9255c97e7af7ee99a12a0c77014e2','2023-03-06 12:13:07','2023-03-06 13:19:57'),(1686,1,'session','74ffa98a0f2c22ff9ff8966dec52e0e274ac1066','2023-03-06 13:17:02','2023-03-06 13:19:31'),(1687,7,'session','343cb15bb01a664a32e3a519fa5029210140931d','2023-03-07 04:42:17','2023-03-07 08:44:10'),(1688,6,'session','2fc9a188e857607a7c5e325a1515e6a63bcf8859','2023-03-07 05:11:09','2023-03-07 05:20:02'),(1689,11,'session','592b92c986d0f62d962e01464e5f0e9f4a70e1ff','2023-03-07 05:55:00','2023-03-07 08:46:43');

--
-- Table structure for table `trackers`
--

CREATE TABLE `trackers` (
  `id` int NOT NULL AUTO_INCREMENT,
  `name` varchar(30) NOT NULL DEFAULT '',
  `is_in_chlog` tinyint(1) NOT NULL DEFAULT '0',
  `position` int DEFAULT NULL,
  `is_in_roadmap` tinyint(1) NOT NULL DEFAULT '1',
  `fields_bits` int DEFAULT '0',
  `default_status_id` int DEFAULT NULL,
  PRIMARY KEY (`id`)
) ENGINE=InnoDB AUTO_INCREMENT=8 DEFAULT CHARSET=utf8mb3;

--
-- Dumping data for table `trackers`
--

INSERT INTO `trackers` VALUES (1,'Bug',1,1,0,0,1),(2,'Feature',1,2,1,0,1),(3,'Support',0,3,0,0,1),(4,'Task',0,4,1,0,1),(5,'Risk',0,5,1,0,1),(6,'Change Request',0,6,1,0,1),(7,'Suggestion',0,7,1,0,1);

--
-- Table structure for table `user_preferences`
--

CREATE TABLE `user_preferences` (
  `id` int NOT NULL AUTO_INCREMENT,
  `user_id` int NOT NULL DEFAULT '0',
  `others` text,
  `hide_mail` tinyint(1) DEFAULT '1',
  `time_zone` varchar(255) DEFAULT NULL,
  PRIMARY KEY (`id`),
  KEY `index_user_preferences_on_user_id` (`user_id`)
) ENGINE=InnoDB AUTO_INCREMENT=26 DEFAULT CHARSET=utf8mb3;

--
-- Dumping data for table `user_preferences`
--

INSERT INTO `user_preferences` VALUES (1,1,'---\n:no_self_notified: \'1\'\n:my_page_layout:\n  left:\n  - issuesassignedtome\n  right:\n  - issuesreportedbyme\n:my_page_settings: {}\n:comments_sorting: asc\n:warn_on_leaving_unsaved: \'1\'\n:textarea_font: \'\'\n:gantt_zoom: 2\n:gantt_months: 6\n',1,''),(2,5,'---\n:no_self_notified: \'1\'\n:comments_sorting: asc\n:warn_on_leaving_unsaved: \'1\'\n:textarea_font: \'\'\n:my_page_layout:\n  left:\n  - issuesassignedtome\n  right:\n  - issuesreportedbyme\n:my_page_settings: {}\n:gantt_zoom: 2\n:gantt_months: 6\n',1,'New Delhi'),(3,6,'---\n:no_self_notified: \'1\'\n:comments_sorting: asc\n:warn_on_leaving_unsaved: \'1\'\n:textarea_font: \'\'\n:my_page_layout:\n  left:\n  - issuesassignedtome\n  right:\n  - issuesreportedbyme\n:my_page_settings:\n  issuesreportedbyme:\n    :sort: tracker,project:desc,id\n:gantt_zoom: 2\n:gantt_months: 6\n:activity_scope:\n- issues\n- changesets\n- news\n- documents\n- files\n- messages\n- time_entries\n',1,'New Delhi'),(4,7,'---\n:no_self_notified: \'1\'\n:comments_sorting: asc\n:warn_on_leaving_unsaved: \'1\'\n:textarea_font: \'\'\n:my_page_layout:\n  left:\n  - issuesreportedbyme\n  right:\n  - issuesassignedtome\n:my_page_settings: {}\n:gantt_zoom: 2\n:gantt_months: 6\n',1,'New Delhi'),(5,8,'---\n:no_self_notified: \'1\'\n:comments_sorting: asc\n:warn_on_leaving_unsaved: \'1\'\n:textarea_font: \'\'\n:my_page_layout:\n  left:\n  - issuesassignedtome\n  right:\n  - issuesreportedbyme\n:my_page_settings: {}\n:gantt_zoom: 2\n:gantt_months: 6\n',1,'New Delhi'),(6,9,'---\n:no_self_notified: \'1\'\n:comments_sorting: asc\n:warn_on_leaving_unsaved: \'1\'\n:textarea_font: \'\'\n:my_page_layout:\n  left:\n  - issuesassignedtome\n  right:\n  - issuesreportedbyme\n:my_page_settings: {}\n:gantt_zoom: 2\n:gantt_months: 6\n',1,'New Delhi'),(7,10,'---\n:no_self_notified: \'1\'\n:comments_sorting: asc\n:warn_on_leaving_unsaved: \'1\'\n:textarea_font: \'\'\n:my_page_layout:\n  left:\n  - issuesassignedtome\n  right:\n  - issuesreportedbyme\n:my_page_settings: {}\n:gantt_zoom: 2\n:gantt_months: 6\n',1,'New Delhi'),(8,11,'---\n:no_self_notified: \'1\'\n:comments_sorting: asc\n:warn_on_leaving_unsaved: \'1\'\n:textarea_font: \'\'\n:my_page_layout:\n  left:\n  - issuesassignedtome\n  right:\n  - issuesreportedbyme\n:my_page_settings: {}\n:gantt_zoom: 2\n:gantt_months: 6\n',1,'New Delhi'),(9,12,'---\n:no_self_notified: \'1\'\n:comments_sorting: asc\n:warn_on_leaving_unsaved: \'1\'\n:textarea_font: \'\'\n:my_page_layout:\n  left:\n  - issuesassignedtome\n  right:\n  - issuesreportedbyme\n:my_page_settings: {}\n:gantt_zoom: 2\n:gantt_months: 6\n',1,'New Delhi'),(10,13,'---\n:no_self_notified: \'1\'\n:comments_sorting: asc\n:warn_on_leaving_unsaved: \'1\'\n:textarea_font: \'\'\n:my_page_layout:\n  left:\n  - issuesassignedtome\n  right:\n  - issuesreportedbyme\n:my_page_settings: {}\n:gantt_zoom: 2\n:gantt_months: 6\n',1,'New Delhi'),(11,14,'---\n:no_self_notified: \'1\'\n:comments_sorting: asc\n:warn_on_leaving_unsaved: \'1\'\n:textarea_font: \'\'\n:my_page_layout:\n  left:\n  - issuesassignedtome\n  right:\n  - issuesreportedbyme\n:my_page_settings: {}\n:gantt_zoom: 2\n:gantt_months: 6\n',1,'New Delhi'),(13,16,'---\n:no_self_notified: \'1\'\n:comments_sorting: asc\n:warn_on_leaving_unsaved: \'1\'\n:textarea_font: \'\'\n:my_page_layout:\n  left:\n  - issuesassignedtome\n  right:\n  - issuesreportedbyme\n:my_page_settings: {}\n:gantt_zoom: 2\n:gantt_months: 6\n',1,'Athens'),(14,17,'---\n:no_self_notified: \'1\'\n:comments_sorting: asc\n:warn_on_leaving_unsaved: \'1\'\n:textarea_font: \'\'\n:my_page_layout:\n  left:\n  - issuesassignedtome\n  right:\n  - issuesreportedbyme\n:my_page_settings: {}\n:gantt_zoom: 2\n:gantt_months: 6\n',1,'Georgetown'),(15,18,'---\n:no_self_notified: \'1\'\n:comments_sorting: asc\n:warn_on_leaving_unsaved: \'1\'\n:textarea_font: \'\'\n:my_page_layout:\n  left:\n  - issuesassignedtome\n  right:\n  - issuesreportedbyme\n:my_page_settings: {}\n',1,'New Delhi'),(20,23,'---\n:no_self_notified: \'1\'\n:comments_sorting: asc\n:warn_on_leaving_unsaved: \'1\'\n:textarea_font: \'\'\n:my_page_layout:\n  left:\n  - issuesassignedtome\n  right:\n  - issuesreportedbyme\n:my_page_settings: {}\n:gantt_zoom: 2\n:gantt_months: 6\n',1,'New Delhi'),(21,24,'---\n:no_self_notified: \'1\'\n:comments_sorting: asc\n:warn_on_leaving_unsaved: \'1\'\n:textarea_font: \'\'\n:my_page_layout:\n  left:\n  - issuesassignedtome\n  right:\n  - issuesreportedbyme\n:my_page_settings:\n  issuesassignedtome:\n    :sort: status,subject:desc,priority:desc\n:gantt_zoom: 2\n:gantt_months: 6\n:activity_scope:\n- issues\n',1,'New Delhi'),(23,26,'---\n:no_self_notified: \'1\'\n:comments_sorting: asc\n:warn_on_leaving_unsaved: \'1\'\n:textarea_font: \'\'\n:my_page_layout:\n  left:\n  - issuesassignedtome\n  right:\n  - issuesreportedbyme\n:my_page_settings: {}\n:gantt_zoom: 2\n:gantt_months: 6\n',1,'New Delhi'),(24,27,'---\n:no_self_notified: \'1\'\n:comments_sorting: asc\n:warn_on_leaving_unsaved: \'1\'\n:textarea_font: \'\'\n:my_page_layout:\n  left:\n  - issuesassignedtome\n  right: []\n:my_page_settings: {}\n:gantt_zoom: 2\n:gantt_months: 6\n',1,'New Delhi'),(25,28,'---\n:no_self_notified: \'1\'\n:comments_sorting: asc\n:warn_on_leaving_unsaved: \'1\'\n:textarea_font: \'\'\n:my_page_layout:\n  left:\n  - issuesassignedtome\n  right:\n  - issuesreportedbyme\n:my_page_settings: {}\n:gantt_zoom: 2\n:gantt_months: 6\n',1,'New Delhi');

--
-- Table structure for table `users`
--

CREATE TABLE `users` (
  `id` int NOT NULL AUTO_INCREMENT,
  `login` varchar(255) NOT NULL DEFAULT '',
  `hashed_password` varchar(40) NOT NULL DEFAULT '',
  `firstname` varchar(30) NOT NULL DEFAULT '',
  `lastname` varchar(255) NOT NULL DEFAULT '',
  `admin` tinyint(1) NOT NULL DEFAULT '0',
  `status` int NOT NULL DEFAULT '1',
  `last_login_on` datetime DEFAULT NULL,
  `language` varchar(5) DEFAULT '',
  `auth_source_id` int DEFAULT NULL,
  `created_on` timestamp NULL DEFAULT NULL,
  `updated_on` timestamp NULL DEFAULT NULL,
  `type` varchar(255) DEFAULT NULL,
  `identity_url` varchar(255) DEFAULT NULL,
  `mail_notification` varchar(255) NOT NULL DEFAULT '',
  `salt` varchar(64) DEFAULT NULL,
  `must_change_passwd` tinyint(1) NOT NULL DEFAULT '0',
  `passwd_changed_on` datetime DEFAULT NULL,
  PRIMARY KEY (`id`),
  KEY `index_users_on_id_and_type` (`id`,`type`),
  KEY `index_users_on_auth_source_id` (`auth_source_id`),
  KEY `index_users_on_type` (`type`)
) ENGINE=InnoDB AUTO_INCREMENT=29 DEFAULT CHARSET=utf8mb3;

--
-- Dumping data for table `users`
--

INSERT INTO `users` VALUES (1,'admin','4acee5262f2c189c35b7adda3ac34e0020e0e532','Redmine','Admin',1,1,'2023-03-06 13:17:01','',NULL,'2022-07-13 15:51:27','2022-07-13 16:05:54','User',NULL,'all','364a7c39e4d6ab875668849d8eb34cbc',0,'2022-07-13 16:05:54'),(2,'','','','Anonymous users',0,1,NULL,'',NULL,'2022-07-13 15:51:47','2022-07-13 15:51:47','GroupAnonymous',NULL,'',NULL,0,NULL),(3,'','','','Non member users',0,1,NULL,'',NULL,'2022-07-13 15:51:47','2022-07-13 15:51:47','GroupNonMember',NULL,'',NULL,0,NULL),(4,'','','','Anonymous',0,0,NULL,'',NULL,'2022-07-13 16:02:24','2022-07-13 16:02:24','AnonymousUser',NULL,'only_my_events',NULL,0,NULL),(5,'anupam.shukla','380910f48728803b0d1fac63f4d8064fdc2c8563','Anupam','Shukla',0,1,'2023-02-28 04:26:19','en',NULL,'2022-07-13 17:16:16','2022-07-13 17:16:16','User',NULL,'only_my_events','69c0d150155bf224e28cb2569fc9d760',0,'2022-07-13 17:16:16'),(6,'devchandra.patel','fa5f89d11cb09c51b43beb6ae8bcb651f9976068','Devchandra','Patel',0,1,'2023-03-07 05:11:09','en',NULL,'2022-07-13 17:19:29','2022-07-13 17:19:29','User',NULL,'only_my_events','fd1a5790e9e43d9a02811a99eb87b887',0,'2022-07-13 17:19:29'),(7,'haribhagwan.patel','52df8dcb57a221b834f70edcf96c5d972fda22e6','Haribhagwan','Patel',0,1,'2023-03-07 04:42:17','en',NULL,'2022-07-13 17:21:08','2022-07-15 06:10:05','User',NULL,'only_my_events','671158ed20ec0d9598e5362d894abe92',0,'2022-07-15 06:10:05'),(8,'aarti.hariharno','0324ef07b7f98edaa5bf12388b665dfffaf6c07b','Aarti','Hariharno',0,1,'2023-02-27 09:36:17','en',NULL,'2022-07-13 17:23:53','2022-07-13 17:23:53','User',NULL,'only_my_events','bfa09df344f95e12076c131f0b921cf8',0,'2022-07-13 17:23:53'),(9,'priyal.jain','920b3b33b1b84062422fc973fb9e179067f1d0aa','Priyal','Jain',0,3,'2022-08-27 04:53:06','en',NULL,'2022-07-13 17:25:23','2022-09-08 09:08:56','User',NULL,'only_my_events','1a0695af35449a1776cea3511c324538',0,'2022-07-13 17:25:23'),(10,'roshni.bahadur','50974c2f0c9bf593d9e3c4ec056bd24260545c24','Roshni','Bahadur',0,3,'2022-08-30 04:22:02','en',NULL,'2022-07-13 17:28:31','2022-08-30 06:38:15','User',NULL,'only_my_events','fb6d977777cc0b6fb6867486066e77ac',0,'2022-07-13 17:28:31'),(11,'suraj.shukla','557698ff966e7605578e1adf7befba05a90315bb','Suraj','Shukla',0,1,'2023-03-07 05:55:00','en',NULL,'2022-07-13 17:31:26','2022-07-13 17:31:26','User',NULL,'only_my_events','c394ab7371408d0fe75f14c6ff2c3f8e',0,'2022-07-13 17:31:26'),(12,'priyanka.yadav','c22a71013fe8d7d870a67a99a3ecb500f3cf6948','Priyanka','Yadav',0,3,'2022-08-05 05:34:01','en',NULL,'2022-07-13 17:32:57','2022-08-24 06:49:50','User',NULL,'only_my_events','f5736d1bb7adda4f8780b0464046db5c',0,'2022-07-13 17:32:57'),(13,'rishu.mishra','36177ba7dcc360e23b855d2e7d11718c0c1baf46','Rishu','Mishra',0,1,'2023-03-06 04:11:41','en',NULL,'2022-07-13 17:39:08','2022-07-13 17:39:08','User',NULL,'only_my_events','6296270d4b43db80f9628f7f1de5c19d',0,'2022-07-13 17:39:08'),(14,'nikhil.sahu','1dd81b3359bd076fdcb9264d19cc3b56e41f8316','Nikhil','Sahu',0,1,'2023-03-06 12:13:07','en',NULL,'2022-07-13 17:40:30','2022-07-19 06:38:09','User',NULL,'only_my_events','d400fd31d427c4f980fec61c0634a569',0,'2022-07-19 06:38:09'),(16,'orjan.aleksander','fc5da81f562d810267c3435d003f7387b24fdc86','Orjan','Aleksander',0,1,'2023-02-17 09:16:17','en',NULL,'2022-07-14 08:27:47','2022-07-14 08:27:47','User',NULL,'only_my_events','9cf26c32df872b91133f0e71c7e9e69b',0,'2022-07-14 08:27:47'),(17,'somya.chaudhary','1165f21478c858809619a4c9f66d7669c9e2e272','Somya','Chaudhary',0,1,'2022-10-21 14:57:51','en',NULL,'2022-07-14 08:35:00','2022-07-14 08:35:00','User',NULL,'only_my_events','1a46c62d0efa72ce2679de7cfaaa06c8',0,'2022-07-14 08:35:00'),(18,'vaibhav.garg','3d012b233ec5a21416cef49e954241cca1df3b60','Vaibhav','Garg',0,1,'2022-08-31 14:48:25','en',NULL,'2022-07-14 08:43:01','2022-08-24 09:44:08','User',NULL,'only_my_events','efc57346965ece73b0b76328265ea0e1',0,'2022-08-24 09:44:08'),(23,'ashish.tiwari','db7565ac69de0d7e76683cc30c2f0ade3707485d','Ashish','Tiwari',0,1,'2023-02-22 14:13:43','en',NULL,'2022-08-11 16:02:43','2022-08-11 16:02:43','User',NULL,'only_my_events','c4edb1c5e3b28720a91d4d5bc6de50f3',0,'2022-08-11 16:02:43'),(24,'anuj.jain','772eeb63b0620fac7749b6b12499454b981e155a','Anuj','Jain',0,1,'2023-03-03 05:38:26','en',NULL,'2022-09-05 08:31:41','2022-09-05 08:31:41','User',NULL,'only_my_events','a350b4dc650fad79650f2f08edd5c41c',0,'2022-09-05 08:31:41'),(26,'jaya.shrivastava','9014387de5ef37eabc81266eee961c487e93a8be','Jaya','Shrivastava',0,3,'2022-09-09 05:18:38','en',NULL,'2022-09-08 09:11:34','2022-09-10 07:10:32','User',NULL,'only_my_events','ed6aaaaae3d1ef0323517baa0204a1d0',0,'2022-09-08 09:16:07'),(27,'preeti.vishwakarma','e450573c4fd59758bf19c2ed5ce416520863165f','Preeti','Vishwakarma',0,3,'2022-11-29 07:34:03','en',NULL,'2022-11-18 09:35:11','2023-01-02 10:15:08','User',NULL,'only_my_events','f457159a5308a070440ae3cd59526cac',0,'2022-11-18 09:35:11'),(28,'rupesh.rajak','85a389f3747dd45b6416c6dffedb786bf34ac699','Rupesh','Rajak',0,1,'2023-03-04 02:23:47','en',NULL,'2023-01-02 10:12:08','2023-01-02 10:12:08','User',NULL,'only_my_events','446fc2ce5f30a8dc1ae057ed4b524b1f',0,'2023-01-02 10:12:08');

--
-- Table structure for table `versions`
--

CREATE TABLE `versions` (
  `id` int NOT NULL AUTO_INCREMENT,
  `project_id` int NOT NULL DEFAULT '0',
  `name` varchar(255) NOT NULL DEFAULT '',
  `description` varchar(255) DEFAULT '',
  `effective_date` date DEFAULT NULL,
  `created_on` timestamp NULL DEFAULT NULL,
  `updated_on` timestamp NULL DEFAULT NULL,
  `wiki_page_title` varchar(255) DEFAULT NULL,
  `status` varchar(255) DEFAULT 'open',
  `sharing` varchar(255) NOT NULL DEFAULT 'none',
  PRIMARY KEY (`id`),
  KEY `versions_project_id` (`project_id`),
  KEY `index_versions_on_sharing` (`sharing`)
) ENGINE=InnoDB DEFAULT CHARSET=utf8mb3;

--
-- Dumping data for table `versions`
--


--
-- Table structure for table `watchers`
--

CREATE TABLE `watchers` (
  `id` int NOT NULL AUTO_INCREMENT,
  `watchable_type` varchar(255) NOT NULL DEFAULT '',
  `watchable_id` int NOT NULL DEFAULT '0',
  `user_id` int DEFAULT NULL,
  PRIMARY KEY (`id`),
  KEY `watchers_user_id_type` (`user_id`,`watchable_type`),
  KEY `index_watchers_on_user_id` (`user_id`),
  KEY `index_watchers_on_watchable_id_and_watchable_type` (`watchable_id`,`watchable_type`)
) ENGINE=InnoDB AUTO_INCREMENT=58 DEFAULT CHARSET=utf8mb3;

--
-- Dumping data for table `watchers`
--

INSERT INTO `watchers` VALUES (1,'Issue',4,14),(3,'Issue',43,17),(4,'Issue',45,17),(8,'Issue',105,7),(10,'Issue',193,5),(11,'Issue',194,5),(12,'Issue',195,5),(13,'Issue',196,5),(14,'Issue',307,5),(15,'Issue',328,5),(16,'Issue',380,5),(17,'Issue',422,23),(18,'Issue',423,23),(19,'Issue',424,23),(20,'Issue',426,23),(21,'Issue',427,23),(22,'Issue',428,23),(23,'Issue',429,23),(24,'Issue',430,23),(25,'Issue',431,23),(26,'Issue',432,23),(27,'Issue',444,5),(28,'Issue',451,5),(29,'Issue',452,5),(30,'Issue',453,5),(31,'Issue',526,5),(32,'Issue',509,13),(33,'Issue',548,5),(35,'Issue',551,5),(36,'Issue',553,5),(37,'Issue',554,5),(39,'Issue',635,8),(40,'Issue',636,5),(41,'Issue',637,5),(43,'Issue',691,5),(44,'Issue',692,11),(45,'Issue',698,5),(46,'Issue',709,5),(47,'Issue',710,5),(48,'Issue',740,5),(49,'Issue',741,5),(50,'Issue',749,5),(51,'Issue',750,5),(52,'Issue',864,5),(54,'Issue',1142,5),(55,'Issue',1142,23),(56,'Issue',1334,5),(57,'Issue',1426,28);

--
-- Table structure for table `wiki_content_versions`
--

CREATE TABLE `wiki_content_versions` (
  `id` int NOT NULL AUTO_INCREMENT,
  `wiki_content_id` int NOT NULL,
  `page_id` int NOT NULL,
  `author_id` int DEFAULT NULL,
  `data` longblob,
  `compression` varchar(6) DEFAULT '',
  `comments` varchar(1024) DEFAULT '',
  `updated_on` datetime NOT NULL,
  `version` int NOT NULL,
  PRIMARY KEY (`id`),
  KEY `wiki_content_versions_wcid` (`wiki_content_id`),
  KEY `index_wiki_content_versions_on_updated_on` (`updated_on`)
) ENGINE=InnoDB AUTO_INCREMENT=9 DEFAULT CHARSET=utf8mb3;

--
-- Dumping data for table `wiki_content_versions`
--

INSERT INTO `wiki_content_versions` VALUES (1,1,1,1,_binary 'Admin credentials: admin@plnms.com / Password1','','','2022-07-14 14:32:39',1),(2,2,2,5,_binary 'Testing','','Credentials','2022-08-12 07:01:49',1),(3,2,2,5,_binary 'h2. SendGrid Credentials\r\n\r\nUsername: orjan.aleksander@juu.no\r\nPassword: qLy9j93/?e6B@$=E','','','2022-08-12 07:03:01',2),(4,2,2,5,_binary 'h2. SendGrid Credentials\r\n\r\nUsername: orjan.aleksander@juu.no\r\nPassword: qLy9j93/?e6B@$=E\r\n\r\nUsername: anupam_juu\r\nPassword: qLy9j93/?e6B@$=E','','','2022-08-12 13:50:07',3),(5,2,2,5,_binary 'h2. SendGrid Credentials\r\n\r\nUsername: orjan.aleksander@juu.no\r\nPassword: qLy9j93/?e6B@$=E\r\n\r\nUsername: anupam_juu\r\nPassword: qLy9j93/?e6B@$=E\r\n\r\nh2. Domain\r\n\r\nhttps://domene.shop/\r\noerjan.jenssen@gmail.com\r\n36-hold-Skryt-ytret-ingeLag nytt','','','2022-08-12 14:03:12',4),(6,2,2,5,_binary 'h2. SendGrid Credentials\r\n\r\nUsername: orjan.aleksander@juu.no\r\nPassword: qLy9j93/?e6B@$=E\r\n\r\nUsername: anupam_juu\r\nPassword: qLy9j93/?e6B@$=E\r\n\r\nKey: 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\r\n\r\nh2. Domain\r\n\r\nhttps://domene.shop/\r\noerjan.jenssen@gmail.com\r\n36-hold-Skryt-ytret-ingeLag nytt\r\n\r\n','','','2022-08-13 09:30:34',5),(7,2,2,5,_binary 'h2. SendGrid Credentials\r\n\r\nUsername: orjan.aleksander@juu.no\r\nPassword: qLy9j93/?e6B@$=E\r\n\r\nUsername: anupam_juu\r\nPassword: qLy9j93/?e6B@$=E\r\n\r\nNew Key: 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 \r\nOld Key: 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\r\n\r\nh2. Domain\r\n\r\nhttps://domene.shop/\r\noerjan.jenssen@gmail.com\r\n36-hold-Skryt-ytret-ingeLag nytt\r\n\r\n','','','2022-08-13 10:16:49',6),(8,2,2,5,_binary 'h2. SendGrid Credentials\r\n\r\nUsername: orjan.aleksander@juu.no\r\nPassword: qLy9j93/?e6B@$=E\r\n\r\nUsername: anupam_juu\r\nPassword: qLy9j93/?e6B@$=E\r\n\r\nNew Key: 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 \r\nOld Key: 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\r\n\r\nh2. Domain\r\n\r\nhttps://domene.shop/\r\noerjan.jenssen@gmail.com\r\n36-hold-Skryt-ytret-ingeLag nytt\r\n\r\nh2. Bring API\r\n\r\nUsername: bring@juu.no\r\nPassword: PindemBring2019!','','','2022-09-10 05:42:18',7);

--
-- Table structure for table `wiki_contents`
--

CREATE TABLE `wiki_contents` (
  `id` int NOT NULL AUTO_INCREMENT,
  `page_id` int NOT NULL,
  `author_id` int DEFAULT NULL,
  `text` longtext,
  `comments` varchar(1024) DEFAULT '',
  `updated_on` datetime NOT NULL,
  `version` int NOT NULL,
  PRIMARY KEY (`id`),
  KEY `wiki_contents_page_id` (`page_id`),
  KEY `index_wiki_contents_on_author_id` (`author_id`)
) ENGINE=InnoDB AUTO_INCREMENT=3 DEFAULT CHARSET=utf8mb3;

--
-- Dumping data for table `wiki_contents`
--

INSERT INTO `wiki_contents` VALUES (1,1,1,'Admin credentials: admin@plnms.com / Password1','','2022-07-14 14:32:39',1),(2,2,5,'h2. SendGrid Credentials\r\n\r\nUsername: orjan.aleksander@juu.no\r\nPassword: qLy9j93/?e6B@$=E\r\n\r\nUsername: anupam_juu\r\nPassword: qLy9j93/?e6B@$=E\r\n\r\nNew Key: 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 \r\nOld Key: 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\r\n\r\nh2. Domain\r\n\r\nhttps://domene.shop/\r\noerjan.jenssen@gmail.com\r\n36-hold-Skryt-ytret-ingeLag nytt\r\n\r\nh2. Bring API\r\n\r\nUsername: bring@juu.no\r\nPassword: PindemBring2019!','','2022-09-10 05:42:18',7);

--
-- Table structure for table `wiki_pages`
--

CREATE TABLE `wiki_pages` (
  `id` int NOT NULL AUTO_INCREMENT,
  `wiki_id` int NOT NULL,
  `title` varchar(255) NOT NULL,
  `created_on` datetime NOT NULL,
  `protected` tinyint(1) NOT NULL DEFAULT '0',
  `parent_id` int DEFAULT NULL,
  PRIMARY KEY (`id`),
  KEY `wiki_pages_wiki_id_title` (`wiki_id`,`title`),
  KEY `index_wiki_pages_on_wiki_id` (`wiki_id`),
  KEY `index_wiki_pages_on_parent_id` (`parent_id`)
) ENGINE=InnoDB AUTO_INCREMENT=3 DEFAULT CHARSET=utf8mb3;

--
-- Dumping data for table `wiki_pages`
--

INSERT INTO `wiki_pages` VALUES (1,4,'Wiki','2022-07-14 14:32:39',0,NULL),(2,3,'Wiki','2022-08-12 07:01:49',0,NULL);

--
-- Table structure for table `wiki_redirects`
--

CREATE TABLE `wiki_redirects` (
  `id` int NOT NULL AUTO_INCREMENT,
  `wiki_id` int NOT NULL,
  `title` varchar(255) DEFAULT NULL,
  `redirects_to` varchar(255) DEFAULT NULL,
  `created_on` datetime NOT NULL,
  `redirects_to_wiki_id` int NOT NULL,
  PRIMARY KEY (`id`),
  KEY `wiki_redirects_wiki_id_title` (`wiki_id`,`title`),
  KEY `index_wiki_redirects_on_wiki_id` (`wiki_id`)
) ENGINE=InnoDB DEFAULT CHARSET=utf8mb3;

--
-- Dumping data for table `wiki_redirects`
--


--
-- Table structure for table `wikis`
--

CREATE TABLE `wikis` (
  `id` int NOT NULL AUTO_INCREMENT,
  `project_id` int NOT NULL,
  `start_page` varchar(255) NOT NULL,
  `status` int NOT NULL DEFAULT '1',
  PRIMARY KEY (`id`),
  KEY `wikis_project_id` (`project_id`)
) ENGINE=InnoDB AUTO_INCREMENT=29 DEFAULT CHARSET=utf8mb3;

--
-- Dumping data for table `wikis`
--

INSERT INTO `wikis` VALUES (1,1,'Wiki',1),(2,2,'Wiki',1),(3,3,'Wiki',1),(4,4,'Wiki',1),(5,5,'Wiki',1),(6,7,'Wiki',1),(7,8,'Wiki',1),(8,9,'Wiki',1),(9,10,'Wiki',1),(10,11,'Wiki',1),(11,12,'Wiki',1),(13,14,'Wiki',1),(14,15,'Wiki',1),(15,16,'Wiki',1),(16,17,'Wiki',1),(17,18,'Wiki',1),(18,19,'Wiki',1),(19,20,'Wiki',1),(20,21,'Wiki',1),(21,22,'Wiki',1),(22,23,'Wiki',1),(23,24,'Wiki',1),(24,25,'Wiki',1),(25,26,'Wiki',1),(26,27,'Wiki',1),(27,28,'Wiki',1),(28,29,'Wiki',1);

--
-- Table structure for table `workflows`
--

CREATE TABLE `workflows` (
  `id` int NOT NULL AUTO_INCREMENT,
  `tracker_id` int NOT NULL DEFAULT '0',
  `old_status_id` int NOT NULL DEFAULT '0',
  `new_status_id` int NOT NULL DEFAULT '0',
  `role_id` int NOT NULL DEFAULT '0',
  `assignee` tinyint(1) NOT NULL DEFAULT '0',
  `author` tinyint(1) NOT NULL DEFAULT '0',
  `type` varchar(30) DEFAULT NULL,
  `field_name` varchar(30) DEFAULT NULL,
  `rule` varchar(30) DEFAULT NULL,
  PRIMARY KEY (`id`),
  KEY `wkfs_role_tracker_old_status` (`role_id`,`tracker_id`,`old_status_id`),
  KEY `index_workflows_on_old_status_id` (`old_status_id`),
  KEY `index_workflows_on_role_id` (`role_id`),
  KEY `index_workflows_on_new_status_id` (`new_status_id`),
  KEY `index_workflows_on_tracker_id` (`tracker_id`)
) ENGINE=InnoDB AUTO_INCREMENT=1067 DEFAULT CHARSET=utf8mb3;

--
-- Dumping data for table `workflows`
--

INSERT INTO `workflows` VALUES (1,1,1,2,3,0,0,'WorkflowTransition',NULL,NULL),(2,1,1,3,3,0,0,'WorkflowTransition',NULL,NULL),(3,1,1,4,3,0,0,'WorkflowTransition',NULL,NULL),(4,1,1,5,3,0,0,'WorkflowTransition',NULL,NULL),(5,1,1,6,3,0,0,'WorkflowTransition',NULL,NULL),(6,1,2,1,3,0,0,'WorkflowTransition',NULL,NULL),(7,1,2,3,3,0,0,'WorkflowTransition',NULL,NULL),(8,1,2,4,3,0,0,'WorkflowTransition',NULL,NULL),(9,1,2,5,3,0,0,'WorkflowTransition',NULL,NULL),(10,1,2,6,3,0,0,'WorkflowTransition',NULL,NULL),(11,1,3,1,3,0,0,'WorkflowTransition',NULL,NULL),(12,1,3,2,3,0,0,'WorkflowTransition',NULL,NULL),(13,1,3,4,3,0,0,'WorkflowTransition',NULL,NULL),(14,1,3,5,3,0,0,'WorkflowTransition',NULL,NULL),(15,1,3,6,3,0,0,'WorkflowTransition',NULL,NULL),(16,1,4,1,3,0,0,'WorkflowTransition',NULL,NULL),(17,1,4,2,3,0,0,'WorkflowTransition',NULL,NULL),(18,1,4,3,3,0,0,'WorkflowTransition',NULL,NULL),(19,1,4,5,3,0,0,'WorkflowTransition',NULL,NULL),(20,1,4,6,3,0,0,'WorkflowTransition',NULL,NULL),(21,1,5,1,3,0,0,'WorkflowTransition',NULL,NULL),(22,1,5,2,3,0,0,'WorkflowTransition',NULL,NULL),(23,1,5,3,3,0,0,'WorkflowTransition',NULL,NULL),(24,1,5,4,3,0,0,'WorkflowTransition',NULL,NULL),(25,1,5,6,3,0,0,'WorkflowTransition',NULL,NULL),(26,1,6,1,3,0,0,'WorkflowTransition',NULL,NULL),(27,1,6,2,3,0,0,'WorkflowTransition',NULL,NULL),(28,1,6,3,3,0,0,'WorkflowTransition',NULL,NULL),(29,1,6,4,3,0,0,'WorkflowTransition',NULL,NULL),(30,1,6,5,3,0,0,'WorkflowTransition',NULL,NULL),(31,2,1,2,3,0,0,'WorkflowTransition',NULL,NULL),(32,2,1,3,3,0,0,'WorkflowTransition',NULL,NULL),(33,2,1,4,3,0,0,'WorkflowTransition',NULL,NULL),(34,2,1,5,3,0,0,'WorkflowTransition',NULL,NULL),(35,2,1,6,3,0,0,'WorkflowTransition',NULL,NULL),(36,2,2,1,3,0,0,'WorkflowTransition',NULL,NULL),(37,2,2,3,3,0,0,'WorkflowTransition',NULL,NULL),(38,2,2,4,3,0,0,'WorkflowTransition',NULL,NULL),(39,2,2,5,3,0,0,'WorkflowTransition',NULL,NULL),(40,2,2,6,3,0,0,'WorkflowTransition',NULL,NULL),(41,2,3,1,3,0,0,'WorkflowTransition',NULL,NULL),(42,2,3,2,3,0,0,'WorkflowTransition',NULL,NULL),(43,2,3,4,3,0,0,'WorkflowTransition',NULL,NULL),(44,2,3,5,3,0,0,'WorkflowTransition',NULL,NULL),(45,2,3,6,3,0,0,'WorkflowTransition',NULL,NULL),(46,2,4,1,3,0,0,'WorkflowTransition',NULL,NULL),(47,2,4,2,3,0,0,'WorkflowTransition',NULL,NULL),(48,2,4,3,3,0,0,'WorkflowTransition',NULL,NULL),(49,2,4,5,3,0,0,'WorkflowTransition',NULL,NULL),(50,2,4,6,3,0,0,'WorkflowTransition',NULL,NULL),(51,2,5,1,3,0,0,'WorkflowTransition',NULL,NULL),(52,2,5,2,3,0,0,'WorkflowTransition',NULL,NULL),(53,2,5,3,3,0,0,'WorkflowTransition',NULL,NULL),(54,2,5,4,3,0,0,'WorkflowTransition',NULL,NULL),(55,2,5,6,3,0,0,'WorkflowTransition',NULL,NULL),(56,2,6,1,3,0,0,'WorkflowTransition',NULL,NULL),(57,2,6,2,3,0,0,'WorkflowTransition',NULL,NULL),(58,2,6,3,3,0,0,'WorkflowTransition',NULL,NULL),(59,2,6,4,3,0,0,'WorkflowTransition',NULL,NULL),(60,2,6,5,3,0,0,'WorkflowTransition',NULL,NULL),(61,3,1,2,3,0,0,'WorkflowTransition',NULL,NULL),(62,3,1,3,3,0,0,'WorkflowTransition',NULL,NULL),(63,3,1,4,3,0,0,'WorkflowTransition',NULL,NULL),(64,3,1,5,3,0,0,'WorkflowTransition',NULL,NULL),(65,3,1,6,3,0,0,'WorkflowTransition',NULL,NULL),(66,3,2,1,3,0,0,'WorkflowTransition',NULL,NULL),(67,3,2,3,3,0,0,'WorkflowTransition',NULL,NULL),(68,3,2,4,3,0,0,'WorkflowTransition',NULL,NULL),(69,3,2,5,3,0,0,'WorkflowTransition',NULL,NULL),(70,3,2,6,3,0,0,'WorkflowTransition',NULL,NULL),(71,3,3,1,3,0,0,'WorkflowTransition',NULL,NULL),(72,3,3,2,3,0,0,'WorkflowTransition',NULL,NULL),(73,3,3,4,3,0,0,'WorkflowTransition',NULL,NULL),(74,3,3,5,3,0,0,'WorkflowTransition',NULL,NULL),(75,3,3,6,3,0,0,'WorkflowTransition',NULL,NULL),(76,3,4,1,3,0,0,'WorkflowTransition',NULL,NULL),(77,3,4,2,3,0,0,'WorkflowTransition',NULL,NULL),(78,3,4,3,3,0,0,'WorkflowTransition',NULL,NULL),(79,3,4,5,3,0,0,'WorkflowTransition',NULL,NULL),(80,3,4,6,3,0,0,'WorkflowTransition',NULL,NULL),(81,3,5,1,3,0,0,'WorkflowTransition',NULL,NULL),(82,3,5,2,3,0,0,'WorkflowTransition',NULL,NULL),(83,3,5,3,3,0,0,'WorkflowTransition',NULL,NULL),(84,3,5,4,3,0,0,'WorkflowTransition',NULL,NULL),(85,3,5,6,3,0,0,'WorkflowTransition',NULL,NULL),(86,3,6,1,3,0,0,'WorkflowTransition',NULL,NULL),(87,3,6,2,3,0,0,'WorkflowTransition',NULL,NULL),(88,3,6,3,3,0,0,'WorkflowTransition',NULL,NULL),(89,3,6,4,3,0,0,'WorkflowTransition',NULL,NULL),(90,3,6,5,3,0,0,'WorkflowTransition',NULL,NULL),(91,1,1,2,4,0,0,'WorkflowTransition',NULL,NULL),(95,1,2,3,4,0,0,'WorkflowTransition',NULL,NULL),(96,1,2,4,4,0,0,'WorkflowTransition',NULL,NULL),(98,1,3,2,4,0,0,'WorkflowTransition',NULL,NULL),(99,1,3,4,4,0,0,'WorkflowTransition',NULL,NULL),(101,1,4,2,4,0,0,'WorkflowTransition',NULL,NULL),(102,1,4,3,4,0,0,'WorkflowTransition',NULL,NULL),(104,2,1,2,4,0,0,'WorkflowTransition',NULL,NULL),(108,2,2,3,4,0,0,'WorkflowTransition',NULL,NULL),(109,2,2,4,4,0,0,'WorkflowTransition',NULL,NULL),(111,2,3,2,4,0,0,'WorkflowTransition',NULL,NULL),(112,2,3,4,4,0,0,'WorkflowTransition',NULL,NULL),(114,2,4,2,4,0,0,'WorkflowTransition',NULL,NULL),(115,2,4,3,4,0,0,'WorkflowTransition',NULL,NULL),(117,3,1,2,4,0,0,'WorkflowTransition',NULL,NULL),(121,3,2,3,4,0,0,'WorkflowTransition',NULL,NULL),(122,3,2,4,4,0,0,'WorkflowTransition',NULL,NULL),(124,3,3,2,4,0,0,'WorkflowTransition',NULL,NULL),(125,3,3,4,4,0,0,'WorkflowTransition',NULL,NULL),(127,3,4,2,4,0,0,'WorkflowTransition',NULL,NULL),(128,3,4,3,4,0,0,'WorkflowTransition',NULL,NULL),(130,1,1,5,5,0,0,'WorkflowTransition',NULL,NULL),(131,1,2,5,5,0,0,'WorkflowTransition',NULL,NULL),(132,1,3,5,5,0,0,'WorkflowTransition',NULL,NULL),(133,1,4,5,5,0,0,'WorkflowTransition',NULL,NULL),(134,1,3,4,5,0,0,'WorkflowTransition',NULL,NULL),(135,2,1,5,5,0,0,'WorkflowTransition',NULL,NULL),(136,2,2,5,5,0,0,'WorkflowTransition',NULL,NULL),(137,2,3,5,5,0,0,'WorkflowTransition',NULL,NULL),(138,2,4,5,5,0,0,'WorkflowTransition',NULL,NULL),(139,2,3,4,5,0,0,'WorkflowTransition',NULL,NULL),(140,3,1,5,5,0,0,'WorkflowTransition',NULL,NULL),(141,3,2,5,5,0,0,'WorkflowTransition',NULL,NULL),(142,3,3,5,5,0,0,'WorkflowTransition',NULL,NULL),(143,3,4,5,5,0,0,'WorkflowTransition',NULL,NULL),(144,3,3,4,5,0,0,'WorkflowTransition',NULL,NULL),(145,4,1,2,3,0,0,'WorkflowTransition',NULL,NULL),(146,4,1,3,3,0,0,'WorkflowTransition',NULL,NULL),(147,4,1,4,3,0,0,'WorkflowTransition',NULL,NULL),(148,4,1,5,3,0,0,'WorkflowTransition',NULL,NULL),(149,4,1,6,3,0,0,'WorkflowTransition',NULL,NULL),(150,4,2,1,3,0,0,'WorkflowTransition',NULL,NULL),(151,4,2,3,3,0,0,'WorkflowTransition',NULL,NULL),(152,4,2,4,3,0,0,'WorkflowTransition',NULL,NULL),(153,4,2,5,3,0,0,'WorkflowTransition',NULL,NULL),(154,4,2,6,3,0,0,'WorkflowTransition',NULL,NULL),(155,4,3,1,3,0,0,'WorkflowTransition',NULL,NULL),(156,4,3,2,3,0,0,'WorkflowTransition',NULL,NULL),(157,4,3,4,3,0,0,'WorkflowTransition',NULL,NULL),(158,4,3,5,3,0,0,'WorkflowTransition',NULL,NULL),(159,4,3,6,3,0,0,'WorkflowTransition',NULL,NULL),(160,4,4,1,3,0,0,'WorkflowTransition',NULL,NULL),(161,4,4,2,3,0,0,'WorkflowTransition',NULL,NULL),(162,4,4,3,3,0,0,'WorkflowTransition',NULL,NULL),(163,4,4,5,3,0,0,'WorkflowTransition',NULL,NULL),(164,4,4,6,3,0,0,'WorkflowTransition',NULL,NULL),(165,4,5,1,3,0,0,'WorkflowTransition',NULL,NULL),(166,4,5,2,3,0,0,'WorkflowTransition',NULL,NULL),(167,4,5,3,3,0,0,'WorkflowTransition',NULL,NULL),(168,4,5,4,3,0,0,'WorkflowTransition',NULL,NULL),(169,4,5,6,3,0,0,'WorkflowTransition',NULL,NULL),(170,4,6,1,3,0,0,'WorkflowTransition',NULL,NULL),(171,4,6,2,3,0,0,'WorkflowTransition',NULL,NULL),(172,4,6,3,3,0,0,'WorkflowTransition',NULL,NULL),(173,4,6,4,3,0,0,'WorkflowTransition',NULL,NULL),(174,4,6,5,3,0,0,'WorkflowTransition',NULL,NULL),(176,4,1,2,4,0,0,'WorkflowTransition',NULL,NULL),(180,4,2,3,4,0,0,'WorkflowTransition',NULL,NULL),(181,4,2,4,4,0,0,'WorkflowTransition',NULL,NULL),(183,4,3,2,4,0,0,'WorkflowTransition',NULL,NULL),(184,4,3,4,4,0,0,'WorkflowTransition',NULL,NULL),(186,4,4,2,4,0,0,'WorkflowTransition',NULL,NULL),(187,4,4,3,4,0,0,'WorkflowTransition',NULL,NULL),(191,4,1,5,5,0,0,'WorkflowTransition',NULL,NULL),(192,4,2,5,5,0,0,'WorkflowTransition',NULL,NULL),(193,4,3,5,5,0,0,'WorkflowTransition',NULL,NULL),(194,4,3,4,5,0,0,'WorkflowTransition',NULL,NULL),(195,4,4,5,5,0,0,'WorkflowTransition',NULL,NULL),(199,1,2,5,6,0,0,'WorkflowTransition',NULL,NULL),(200,1,3,5,6,0,0,'WorkflowTransition',NULL,NULL),(201,1,3,4,6,0,0,'WorkflowTransition',NULL,NULL),(202,1,4,5,6,0,0,'WorkflowTransition',NULL,NULL),(206,2,2,5,6,0,0,'WorkflowTransition',NULL,NULL),(207,2,3,5,6,0,0,'WorkflowTransition',NULL,NULL),(208,2,3,4,6,0,0,'WorkflowTransition',NULL,NULL),(209,2,4,5,6,0,0,'WorkflowTransition',NULL,NULL),(213,3,2,5,6,0,0,'WorkflowTransition',NULL,NULL),(214,3,3,5,6,0,0,'WorkflowTransition',NULL,NULL),(215,3,3,4,6,0,0,'WorkflowTransition',NULL,NULL),(216,3,4,5,6,0,0,'WorkflowTransition',NULL,NULL),(220,4,2,5,6,0,0,'WorkflowTransition',NULL,NULL),(221,4,3,5,6,0,0,'WorkflowTransition',NULL,NULL),(222,4,3,4,6,0,0,'WorkflowTransition',NULL,NULL),(223,4,4,5,6,0,0,'WorkflowTransition',NULL,NULL),(226,1,1,2,7,0,0,'WorkflowTransition',NULL,NULL),(227,1,1,3,7,0,0,'WorkflowTransition',NULL,NULL),(228,1,1,4,7,0,0,'WorkflowTransition',NULL,NULL),(229,1,1,5,7,0,0,'WorkflowTransition',NULL,NULL),(230,1,1,6,7,0,0,'WorkflowTransition',NULL,NULL),(231,1,2,1,7,0,0,'WorkflowTransition',NULL,NULL),(232,1,2,3,7,0,0,'WorkflowTransition',NULL,NULL),(233,1,2,4,7,0,0,'WorkflowTransition',NULL,NULL),(234,1,2,5,7,0,0,'WorkflowTransition',NULL,NULL),(235,1,2,6,7,0,0,'WorkflowTransition',NULL,NULL),(236,1,3,1,7,0,0,'WorkflowTransition',NULL,NULL),(237,1,3,2,7,0,0,'WorkflowTransition',NULL,NULL),(238,1,3,4,7,0,0,'WorkflowTransition',NULL,NULL),(239,1,3,5,7,0,0,'WorkflowTransition',NULL,NULL),(240,1,3,6,7,0,0,'WorkflowTransition',NULL,NULL),(241,1,4,1,7,0,0,'WorkflowTransition',NULL,NULL),(242,1,4,2,7,0,0,'WorkflowTransition',NULL,NULL),(243,1,4,3,7,0,0,'WorkflowTransition',NULL,NULL),(244,1,4,5,7,0,0,'WorkflowTransition',NULL,NULL),(245,1,4,6,7,0,0,'WorkflowTransition',NULL,NULL),(246,1,5,1,7,0,0,'WorkflowTransition',NULL,NULL),(247,1,5,2,7,0,0,'WorkflowTransition',NULL,NULL),(248,1,5,3,7,0,0,'WorkflowTransition',NULL,NULL),(249,1,5,4,7,0,0,'WorkflowTransition',NULL,NULL),(250,1,5,6,7,0,0,'WorkflowTransition',NULL,NULL),(251,1,6,1,7,0,0,'WorkflowTransition',NULL,NULL),(252,1,6,2,7,0,0,'WorkflowTransition',NULL,NULL),(253,1,6,3,7,0,0,'WorkflowTransition',NULL,NULL),(254,1,6,4,7,0,0,'WorkflowTransition',NULL,NULL),(255,1,6,5,7,0,0,'WorkflowTransition',NULL,NULL),(257,2,1,2,7,0,0,'WorkflowTransition',NULL,NULL),(258,2,1,3,7,0,0,'WorkflowTransition',NULL,NULL),(259,2,1,4,7,0,0,'WorkflowTransition',NULL,NULL),(260,2,1,5,7,0,0,'WorkflowTransition',NULL,NULL),(261,2,1,6,7,0,0,'WorkflowTransition',NULL,NULL),(262,2,2,1,7,0,0,'WorkflowTransition',NULL,NULL),(263,2,2,3,7,0,0,'WorkflowTransition',NULL,NULL),(264,2,2,4,7,0,0,'WorkflowTransition',NULL,NULL),(265,2,2,5,7,0,0,'WorkflowTransition',NULL,NULL),(266,2,2,6,7,0,0,'WorkflowTransition',NULL,NULL),(267,2,3,1,7,0,0,'WorkflowTransition',NULL,NULL),(268,2,3,2,7,0,0,'WorkflowTransition',NULL,NULL),(269,2,3,4,7,0,0,'WorkflowTransition',NULL,NULL),(270,2,3,5,7,0,0,'WorkflowTransition',NULL,NULL),(271,2,3,6,7,0,0,'WorkflowTransition',NULL,NULL),(272,2,4,1,7,0,0,'WorkflowTransition',NULL,NULL),(273,2,4,2,7,0,0,'WorkflowTransition',NULL,NULL),(274,2,4,3,7,0,0,'WorkflowTransition',NULL,NULL),(275,2,4,5,7,0,0,'WorkflowTransition',NULL,NULL),(276,2,4,6,7,0,0,'WorkflowTransition',NULL,NULL),(277,2,5,1,7,0,0,'WorkflowTransition',NULL,NULL),(278,2,5,2,7,0,0,'WorkflowTransition',NULL,NULL),(279,2,5,3,7,0,0,'WorkflowTransition',NULL,NULL),(280,2,5,4,7,0,0,'WorkflowTransition',NULL,NULL),(281,2,5,6,7,0,0,'WorkflowTransition',NULL,NULL),(282,2,6,1,7,0,0,'WorkflowTransition',NULL,NULL),(283,2,6,2,7,0,0,'WorkflowTransition',NULL,NULL),(284,2,6,3,7,0,0,'WorkflowTransition',NULL,NULL),(285,2,6,4,7,0,0,'WorkflowTransition',NULL,NULL),(286,2,6,5,7,0,0,'WorkflowTransition',NULL,NULL),(288,3,1,2,7,0,0,'WorkflowTransition',NULL,NULL),(289,3,1,3,7,0,0,'WorkflowTransition',NULL,NULL),(290,3,1,4,7,0,0,'WorkflowTransition',NULL,NULL),(291,3,1,5,7,0,0,'WorkflowTransition',NULL,NULL),(292,3,1,6,7,0,0,'WorkflowTransition',NULL,NULL),(293,3,2,1,7,0,0,'WorkflowTransition',NULL,NULL),(294,3,2,3,7,0,0,'WorkflowTransition',NULL,NULL),(295,3,2,4,7,0,0,'WorkflowTransition',NULL,NULL),(296,3,2,5,7,0,0,'WorkflowTransition',NULL,NULL),(297,3,2,6,7,0,0,'WorkflowTransition',NULL,NULL),(298,3,3,1,7,0,0,'WorkflowTransition',NULL,NULL),(299,3,3,2,7,0,0,'WorkflowTransition',NULL,NULL),(300,3,3,4,7,0,0,'WorkflowTransition',NULL,NULL),(301,3,3,5,7,0,0,'WorkflowTransition',NULL,NULL),(302,3,3,6,7,0,0,'WorkflowTransition',NULL,NULL),(303,3,4,1,7,0,0,'WorkflowTransition',NULL,NULL),(304,3,4,2,7,0,0,'WorkflowTransition',NULL,NULL),(305,3,4,3,7,0,0,'WorkflowTransition',NULL,NULL),(306,3,4,5,7,0,0,'WorkflowTransition',NULL,NULL),(307,3,4,6,7,0,0,'WorkflowTransition',NULL,NULL),(308,3,5,1,7,0,0,'WorkflowTransition',NULL,NULL),(309,3,5,2,7,0,0,'WorkflowTransition',NULL,NULL),(310,3,5,3,7,0,0,'WorkflowTransition',NULL,NULL),(311,3,5,4,7,0,0,'WorkflowTransition',NULL,NULL),(312,3,5,6,7,0,0,'WorkflowTransition',NULL,NULL),(313,3,6,1,7,0,0,'WorkflowTransition',NULL,NULL),(314,3,6,2,7,0,0,'WorkflowTransition',NULL,NULL),(315,3,6,3,7,0,0,'WorkflowTransition',NULL,NULL),(316,3,6,4,7,0,0,'WorkflowTransition',NULL,NULL),(317,3,6,5,7,0,0,'WorkflowTransition',NULL,NULL),(319,4,1,2,7,0,0,'WorkflowTransition',NULL,NULL),(320,4,1,3,7,0,0,'WorkflowTransition',NULL,NULL),(321,4,1,4,7,0,0,'WorkflowTransition',NULL,NULL),(322,4,1,5,7,0,0,'WorkflowTransition',NULL,NULL),(323,4,1,6,7,0,0,'WorkflowTransition',NULL,NULL),(324,4,2,1,7,0,0,'WorkflowTransition',NULL,NULL),(325,4,2,3,7,0,0,'WorkflowTransition',NULL,NULL),(326,4,2,4,7,0,0,'WorkflowTransition',NULL,NULL),(327,4,2,5,7,0,0,'WorkflowTransition',NULL,NULL),(328,4,2,6,7,0,0,'WorkflowTransition',NULL,NULL),(329,4,3,1,7,0,0,'WorkflowTransition',NULL,NULL),(330,4,3,2,7,0,0,'WorkflowTransition',NULL,NULL),(331,4,3,4,7,0,0,'WorkflowTransition',NULL,NULL),(332,4,3,5,7,0,0,'WorkflowTransition',NULL,NULL),(333,4,3,6,7,0,0,'WorkflowTransition',NULL,NULL),(334,4,4,1,7,0,0,'WorkflowTransition',NULL,NULL),(335,4,4,2,7,0,0,'WorkflowTransition',NULL,NULL),(336,4,4,3,7,0,0,'WorkflowTransition',NULL,NULL),(337,4,4,5,7,0,0,'WorkflowTransition',NULL,NULL),(338,4,4,6,7,0,0,'WorkflowTransition',NULL,NULL),(339,4,5,1,7,0,0,'WorkflowTransition',NULL,NULL),(340,4,5,2,7,0,0,'WorkflowTransition',NULL,NULL),(341,4,5,3,7,0,0,'WorkflowTransition',NULL,NULL),(342,4,5,4,7,0,0,'WorkflowTransition',NULL,NULL),(343,4,5,6,7,0,0,'WorkflowTransition',NULL,NULL),(344,4,6,1,7,0,0,'WorkflowTransition',NULL,NULL),(345,4,6,2,7,0,0,'WorkflowTransition',NULL,NULL),(346,4,6,3,7,0,0,'WorkflowTransition',NULL,NULL),(347,4,6,4,7,0,0,'WorkflowTransition',NULL,NULL),(348,4,6,5,7,0,0,'WorkflowTransition',NULL,NULL),(350,1,1,5,8,0,0,'WorkflowTransition',NULL,NULL),(351,1,2,5,8,0,0,'WorkflowTransition',NULL,NULL),(352,1,3,5,8,0,0,'WorkflowTransition',NULL,NULL),(353,1,3,4,8,0,0,'WorkflowTransition',NULL,NULL),(354,1,4,5,8,0,0,'WorkflowTransition',NULL,NULL),(357,2,1,5,8,0,0,'WorkflowTransition',NULL,NULL),(358,2,2,5,8,0,0,'WorkflowTransition',NULL,NULL),(359,2,3,5,8,0,0,'WorkflowTransition',NULL,NULL),(360,2,3,4,8,0,0,'WorkflowTransition',NULL,NULL),(361,2,4,5,8,0,0,'WorkflowTransition',NULL,NULL),(364,3,1,5,8,0,0,'WorkflowTransition',NULL,NULL),(365,3,2,5,8,0,0,'WorkflowTransition',NULL,NULL),(366,3,3,5,8,0,0,'WorkflowTransition',NULL,NULL),(367,3,3,4,8,0,0,'WorkflowTransition',NULL,NULL),(368,3,4,5,8,0,0,'WorkflowTransition',NULL,NULL),(371,4,1,5,8,0,0,'WorkflowTransition',NULL,NULL),(372,4,2,5,8,0,0,'WorkflowTransition',NULL,NULL),(373,4,3,5,8,0,0,'WorkflowTransition',NULL,NULL),(374,4,3,4,8,0,0,'WorkflowTransition',NULL,NULL),(375,4,4,5,8,0,0,'WorkflowTransition',NULL,NULL),(378,5,1,2,3,0,0,'WorkflowTransition',NULL,NULL),(379,5,1,3,3,0,0,'WorkflowTransition',NULL,NULL),(380,5,1,4,3,0,0,'WorkflowTransition',NULL,NULL),(381,5,1,5,3,0,0,'WorkflowTransition',NULL,NULL),(382,5,1,6,3,0,0,'WorkflowTransition',NULL,NULL),(383,5,2,1,3,0,0,'WorkflowTransition',NULL,NULL),(384,5,2,3,3,0,0,'WorkflowTransition',NULL,NULL),(385,5,2,4,3,0,0,'WorkflowTransition',NULL,NULL),(386,5,2,5,3,0,0,'WorkflowTransition',NULL,NULL),(387,5,2,6,3,0,0,'WorkflowTransition',NULL,NULL),(388,5,3,1,3,0,0,'WorkflowTransition',NULL,NULL),(389,5,3,2,3,0,0,'WorkflowTransition',NULL,NULL),(390,5,3,4,3,0,0,'WorkflowTransition',NULL,NULL),(391,5,3,5,3,0,0,'WorkflowTransition',NULL,NULL),(392,5,3,6,3,0,0,'WorkflowTransition',NULL,NULL),(393,5,4,1,3,0,0,'WorkflowTransition',NULL,NULL),(394,5,4,2,3,0,0,'WorkflowTransition',NULL,NULL),(395,5,4,3,3,0,0,'WorkflowTransition',NULL,NULL),(396,5,4,5,3,0,0,'WorkflowTransition',NULL,NULL),(397,5,4,6,3,0,0,'WorkflowTransition',NULL,NULL),(398,5,5,1,3,0,0,'WorkflowTransition',NULL,NULL),(399,5,5,2,3,0,0,'WorkflowTransition',NULL,NULL),(400,5,5,3,3,0,0,'WorkflowTransition',NULL,NULL),(401,5,5,4,3,0,0,'WorkflowTransition',NULL,NULL),(402,5,5,6,3,0,0,'WorkflowTransition',NULL,NULL),(403,5,6,1,3,0,0,'WorkflowTransition',NULL,NULL),(404,5,6,2,3,0,0,'WorkflowTransition',NULL,NULL),(405,5,6,3,3,0,0,'WorkflowTransition',NULL,NULL),(406,5,6,4,3,0,0,'WorkflowTransition',NULL,NULL),(407,5,6,5,3,0,0,'WorkflowTransition',NULL,NULL),(409,5,1,2,4,0,0,'WorkflowTransition',NULL,NULL),(413,5,2,3,4,0,0,'WorkflowTransition',NULL,NULL),(414,5,2,4,4,0,0,'WorkflowTransition',NULL,NULL),(416,5,3,2,4,0,0,'WorkflowTransition',NULL,NULL),(417,5,3,4,4,0,0,'WorkflowTransition',NULL,NULL),(419,5,4,2,4,0,0,'WorkflowTransition',NULL,NULL),(420,5,4,3,4,0,0,'WorkflowTransition',NULL,NULL),(424,5,1,5,5,0,0,'WorkflowTransition',NULL,NULL),(425,5,2,5,5,0,0,'WorkflowTransition',NULL,NULL),(426,5,3,5,5,0,0,'WorkflowTransition',NULL,NULL),(427,5,3,4,5,0,0,'WorkflowTransition',NULL,NULL),(428,5,4,5,5,0,0,'WorkflowTransition',NULL,NULL),(432,5,2,5,6,0,0,'WorkflowTransition',NULL,NULL),(433,5,3,5,6,0,0,'WorkflowTransition',NULL,NULL),(434,5,3,4,6,0,0,'WorkflowTransition',NULL,NULL),(435,5,4,5,6,0,0,'WorkflowTransition',NULL,NULL),(438,5,1,2,7,0,0,'WorkflowTransition',NULL,NULL),(439,5,1,3,7,0,0,'WorkflowTransition',NULL,NULL),(440,5,1,4,7,0,0,'WorkflowTransition',NULL,NULL),(441,5,1,5,7,0,0,'WorkflowTransition',NULL,NULL),(442,5,1,6,7,0,0,'WorkflowTransition',NULL,NULL),(443,5,2,1,7,0,0,'WorkflowTransition',NULL,NULL),(444,5,2,3,7,0,0,'WorkflowTransition',NULL,NULL),(445,5,2,4,7,0,0,'WorkflowTransition',NULL,NULL),(446,5,2,5,7,0,0,'WorkflowTransition',NULL,NULL),(447,5,2,6,7,0,0,'WorkflowTransition',NULL,NULL),(448,5,3,1,7,0,0,'WorkflowTransition',NULL,NULL),(449,5,3,2,7,0,0,'WorkflowTransition',NULL,NULL),(450,5,3,4,7,0,0,'WorkflowTransition',NULL,NULL),(451,5,3,5,7,0,0,'WorkflowTransition',NULL,NULL),(452,5,3,6,7,0,0,'WorkflowTransition',NULL,NULL),(453,5,4,1,7,0,0,'WorkflowTransition',NULL,NULL),(454,5,4,2,7,0,0,'WorkflowTransition',NULL,NULL),(455,5,4,3,7,0,0,'WorkflowTransition',NULL,NULL),(456,5,4,5,7,0,0,'WorkflowTransition',NULL,NULL),(457,5,4,6,7,0,0,'WorkflowTransition',NULL,NULL),(458,5,5,1,7,0,0,'WorkflowTransition',NULL,NULL),(459,5,5,2,7,0,0,'WorkflowTransition',NULL,NULL),(460,5,5,3,7,0,0,'WorkflowTransition',NULL,NULL),(461,5,5,4,7,0,0,'WorkflowTransition',NULL,NULL),(462,5,5,6,7,0,0,'WorkflowTransition',NULL,NULL),(463,5,6,1,7,0,0,'WorkflowTransition',NULL,NULL),(464,5,6,2,7,0,0,'WorkflowTransition',NULL,NULL),(465,5,6,3,7,0,0,'WorkflowTransition',NULL,NULL),(466,5,6,4,7,0,0,'WorkflowTransition',NULL,NULL),(467,5,6,5,7,0,0,'WorkflowTransition',NULL,NULL),(469,5,1,5,8,0,0,'WorkflowTransition',NULL,NULL),(470,5,2,5,8,0,0,'WorkflowTransition',NULL,NULL),(471,5,3,5,8,0,0,'WorkflowTransition',NULL,NULL),(472,5,3,4,8,0,0,'WorkflowTransition',NULL,NULL),(473,5,4,5,8,0,0,'WorkflowTransition',NULL,NULL),(476,1,2,6,4,0,0,'WorkflowTransition',NULL,NULL),(477,2,2,6,4,0,0,'WorkflowTransition',NULL,NULL),(478,3,2,6,4,0,0,'WorkflowTransition',NULL,NULL),(479,4,2,6,4,0,0,'WorkflowTransition',NULL,NULL),(480,5,2,6,4,0,0,'WorkflowTransition',NULL,NULL),(481,1,2,7,4,0,0,'WorkflowTransition',NULL,NULL),(482,2,2,7,4,0,0,'WorkflowTransition',NULL,NULL),(483,3,2,7,4,0,0,'WorkflowTransition',NULL,NULL),(484,4,2,7,4,0,0,'WorkflowTransition',NULL,NULL),(485,5,2,7,4,0,0,'WorkflowTransition',NULL,NULL),(486,1,3,7,4,0,0,'WorkflowTransition',NULL,NULL),(487,2,3,7,4,0,0,'WorkflowTransition',NULL,NULL),(488,3,3,7,4,0,0,'WorkflowTransition',NULL,NULL),(489,4,3,7,4,0,0,'WorkflowTransition',NULL,NULL),(490,5,3,7,4,0,0,'WorkflowTransition',NULL,NULL),(491,1,7,2,4,0,0,'WorkflowTransition',NULL,NULL),(492,2,7,2,4,0,0,'WorkflowTransition',NULL,NULL),(493,3,7,2,4,0,0,'WorkflowTransition',NULL,NULL),(494,4,7,2,4,0,0,'WorkflowTransition',NULL,NULL),(495,5,7,2,4,0,0,'WorkflowTransition',NULL,NULL),(496,6,1,2,3,0,0,'WorkflowTransition',NULL,NULL),(497,6,1,3,3,0,0,'WorkflowTransition',NULL,NULL),(498,6,1,4,3,0,0,'WorkflowTransition',NULL,NULL),(499,6,1,5,3,0,0,'WorkflowTransition',NULL,NULL),(500,6,1,6,3,0,0,'WorkflowTransition',NULL,NULL),(501,6,2,1,3,0,0,'WorkflowTransition',NULL,NULL),(502,6,2,3,3,0,0,'WorkflowTransition',NULL,NULL),(503,6,2,4,3,0,0,'WorkflowTransition',NULL,NULL),(504,6,2,5,3,0,0,'WorkflowTransition',NULL,NULL),(505,6,2,6,3,0,0,'WorkflowTransition',NULL,NULL),(506,6,3,1,3,0,0,'WorkflowTransition',NULL,NULL),(507,6,3,2,3,0,0,'WorkflowTransition',NULL,NULL),(508,6,3,4,3,0,0,'WorkflowTransition',NULL,NULL),(509,6,3,5,3,0,0,'WorkflowTransition',NULL,NULL),(510,6,3,6,3,0,0,'WorkflowTransition',NULL,NULL),(511,6,4,1,3,0,0,'WorkflowTransition',NULL,NULL),(512,6,4,2,3,0,0,'WorkflowTransition',NULL,NULL),(513,6,4,3,3,0,0,'WorkflowTransition',NULL,NULL),(514,6,4,5,3,0,0,'WorkflowTransition',NULL,NULL),(515,6,4,6,3,0,0,'WorkflowTransition',NULL,NULL),(516,6,5,1,3,0,0,'WorkflowTransition',NULL,NULL),(517,6,5,2,3,0,0,'WorkflowTransition',NULL,NULL),(518,6,5,3,3,0,0,'WorkflowTransition',NULL,NULL),(519,6,5,4,3,0,0,'WorkflowTransition',NULL,NULL),(520,6,5,6,3,0,0,'WorkflowTransition',NULL,NULL),(521,6,6,1,3,0,0,'WorkflowTransition',NULL,NULL),(522,6,6,2,3,0,0,'WorkflowTransition',NULL,NULL),(523,6,6,3,3,0,0,'WorkflowTransition',NULL,NULL),(524,6,6,4,3,0,0,'WorkflowTransition',NULL,NULL),(525,6,6,5,3,0,0,'WorkflowTransition',NULL,NULL),(527,6,1,2,4,0,0,'WorkflowTransition',NULL,NULL),(528,6,2,3,4,0,0,'WorkflowTransition',NULL,NULL),(529,6,2,4,4,0,0,'WorkflowTransition',NULL,NULL),(530,6,3,2,4,0,0,'WorkflowTransition',NULL,NULL),(531,6,3,4,4,0,0,'WorkflowTransition',NULL,NULL),(532,6,4,2,4,0,0,'WorkflowTransition',NULL,NULL),(533,6,4,3,4,0,0,'WorkflowTransition',NULL,NULL),(534,6,2,6,4,0,0,'WorkflowTransition',NULL,NULL),(535,6,2,7,4,0,0,'WorkflowTransition',NULL,NULL),(536,6,3,7,4,0,0,'WorkflowTransition',NULL,NULL),(537,6,7,2,4,0,0,'WorkflowTransition',NULL,NULL),(542,6,1,5,5,0,0,'WorkflowTransition',NULL,NULL),(543,6,2,5,5,0,0,'WorkflowTransition',NULL,NULL),(544,6,3,5,5,0,0,'WorkflowTransition',NULL,NULL),(545,6,3,4,5,0,0,'WorkflowTransition',NULL,NULL),(546,6,4,5,5,0,0,'WorkflowTransition',NULL,NULL),(550,6,2,5,6,0,0,'WorkflowTransition',NULL,NULL),(551,6,3,5,6,0,0,'WorkflowTransition',NULL,NULL),(552,6,3,4,6,0,0,'WorkflowTransition',NULL,NULL),(553,6,4,5,6,0,0,'WorkflowTransition',NULL,NULL),(556,6,1,2,7,0,0,'WorkflowTransition',NULL,NULL),(557,6,1,3,7,0,0,'WorkflowTransition',NULL,NULL),(558,6,1,4,7,0,0,'WorkflowTransition',NULL,NULL),(559,6,1,5,7,0,0,'WorkflowTransition',NULL,NULL),(560,6,1,6,7,0,0,'WorkflowTransition',NULL,NULL),(561,6,2,1,7,0,0,'WorkflowTransition',NULL,NULL),(562,6,2,3,7,0,0,'WorkflowTransition',NULL,NULL),(563,6,2,4,7,0,0,'WorkflowTransition',NULL,NULL),(564,6,2,5,7,0,0,'WorkflowTransition',NULL,NULL),(565,6,2,6,7,0,0,'WorkflowTransition',NULL,NULL),(566,6,3,1,7,0,0,'WorkflowTransition',NULL,NULL),(567,6,3,2,7,0,0,'WorkflowTransition',NULL,NULL),(568,6,3,4,7,0,0,'WorkflowTransition',NULL,NULL),(569,6,3,5,7,0,0,'WorkflowTransition',NULL,NULL),(570,6,3,6,7,0,0,'WorkflowTransition',NULL,NULL),(571,6,4,1,7,0,0,'WorkflowTransition',NULL,NULL),(572,6,4,2,7,0,0,'WorkflowTransition',NULL,NULL),(573,6,4,3,7,0,0,'WorkflowTransition',NULL,NULL),(574,6,4,5,7,0,0,'WorkflowTransition',NULL,NULL),(575,6,4,6,7,0,0,'WorkflowTransition',NULL,NULL),(576,6,5,1,7,0,0,'WorkflowTransition',NULL,NULL),(577,6,5,2,7,0,0,'WorkflowTransition',NULL,NULL),(578,6,5,3,7,0,0,'WorkflowTransition',NULL,NULL),(579,6,5,4,7,0,0,'WorkflowTransition',NULL,NULL),(580,6,5,6,7,0,0,'WorkflowTransition',NULL,NULL),(581,6,6,1,7,0,0,'WorkflowTransition',NULL,NULL),(582,6,6,2,7,0,0,'WorkflowTransition',NULL,NULL),(583,6,6,3,7,0,0,'WorkflowTransition',NULL,NULL),(584,6,6,4,7,0,0,'WorkflowTransition',NULL,NULL),(585,6,6,5,7,0,0,'WorkflowTransition',NULL,NULL),(587,6,1,5,8,0,0,'WorkflowTransition',NULL,NULL),(588,6,2,5,8,0,0,'WorkflowTransition',NULL,NULL),(589,6,3,5,8,0,0,'WorkflowTransition',NULL,NULL),(590,6,3,4,8,0,0,'WorkflowTransition',NULL,NULL),(591,6,4,5,8,0,0,'WorkflowTransition',NULL,NULL),(594,1,1,2,9,0,0,'WorkflowTransition',NULL,NULL),(595,1,1,3,9,0,0,'WorkflowTransition',NULL,NULL),(596,1,1,4,9,0,0,'WorkflowTransition',NULL,NULL),(597,1,1,5,9,0,0,'WorkflowTransition',NULL,NULL),(598,1,1,6,9,0,0,'WorkflowTransition',NULL,NULL),(599,1,2,1,9,0,0,'WorkflowTransition',NULL,NULL),(600,1,2,3,9,0,0,'WorkflowTransition',NULL,NULL),(601,1,2,4,9,0,0,'WorkflowTransition',NULL,NULL),(602,1,2,5,9,0,0,'WorkflowTransition',NULL,NULL),(603,1,2,6,9,0,0,'WorkflowTransition',NULL,NULL),(604,1,3,1,9,0,0,'WorkflowTransition',NULL,NULL),(605,1,3,2,9,0,0,'WorkflowTransition',NULL,NULL),(606,1,3,4,9,0,0,'WorkflowTransition',NULL,NULL),(607,1,3,5,9,0,0,'WorkflowTransition',NULL,NULL),(608,1,3,6,9,0,0,'WorkflowTransition',NULL,NULL),(609,1,4,1,9,0,0,'WorkflowTransition',NULL,NULL),(610,1,4,2,9,0,0,'WorkflowTransition',NULL,NULL),(611,1,4,3,9,0,0,'WorkflowTransition',NULL,NULL),(612,1,4,5,9,0,0,'WorkflowTransition',NULL,NULL),(613,1,4,6,9,0,0,'WorkflowTransition',NULL,NULL),(614,1,5,1,9,0,0,'WorkflowTransition',NULL,NULL),(615,1,5,2,9,0,0,'WorkflowTransition',NULL,NULL),(616,1,5,3,9,0,0,'WorkflowTransition',NULL,NULL),(617,1,5,4,9,0,0,'WorkflowTransition',NULL,NULL),(618,1,5,6,9,0,0,'WorkflowTransition',NULL,NULL),(619,1,6,1,9,0,0,'WorkflowTransition',NULL,NULL),(620,1,6,2,9,0,0,'WorkflowTransition',NULL,NULL),(621,1,6,3,9,0,0,'WorkflowTransition',NULL,NULL),(622,1,6,4,9,0,0,'WorkflowTransition',NULL,NULL),(623,1,6,5,9,0,0,'WorkflowTransition',NULL,NULL),(625,2,1,2,9,0,0,'WorkflowTransition',NULL,NULL),(626,2,1,3,9,0,0,'WorkflowTransition',NULL,NULL),(627,2,1,4,9,0,0,'WorkflowTransition',NULL,NULL),(628,2,1,5,9,0,0,'WorkflowTransition',NULL,NULL),(629,2,1,6,9,0,0,'WorkflowTransition',NULL,NULL),(630,2,2,1,9,0,0,'WorkflowTransition',NULL,NULL),(631,2,2,3,9,0,0,'WorkflowTransition',NULL,NULL),(632,2,2,4,9,0,0,'WorkflowTransition',NULL,NULL),(633,2,2,5,9,0,0,'WorkflowTransition',NULL,NULL),(634,2,2,6,9,0,0,'WorkflowTransition',NULL,NULL),(635,2,3,1,9,0,0,'WorkflowTransition',NULL,NULL),(636,2,3,2,9,0,0,'WorkflowTransition',NULL,NULL),(637,2,3,4,9,0,0,'WorkflowTransition',NULL,NULL),(638,2,3,5,9,0,0,'WorkflowTransition',NULL,NULL),(639,2,3,6,9,0,0,'WorkflowTransition',NULL,NULL),(640,2,4,1,9,0,0,'WorkflowTransition',NULL,NULL),(641,2,4,2,9,0,0,'WorkflowTransition',NULL,NULL),(642,2,4,3,9,0,0,'WorkflowTransition',NULL,NULL),(643,2,4,5,9,0,0,'WorkflowTransition',NULL,NULL),(644,2,4,6,9,0,0,'WorkflowTransition',NULL,NULL),(645,2,5,1,9,0,0,'WorkflowTransition',NULL,NULL),(646,2,5,2,9,0,0,'WorkflowTransition',NULL,NULL),(647,2,5,3,9,0,0,'WorkflowTransition',NULL,NULL),(648,2,5,4,9,0,0,'WorkflowTransition',NULL,NULL),(649,2,5,6,9,0,0,'WorkflowTransition',NULL,NULL),(650,2,6,1,9,0,0,'WorkflowTransition',NULL,NULL),(651,2,6,2,9,0,0,'WorkflowTransition',NULL,NULL),(652,2,6,3,9,0,0,'WorkflowTransition',NULL,NULL),(653,2,6,4,9,0,0,'WorkflowTransition',NULL,NULL),(654,2,6,5,9,0,0,'WorkflowTransition',NULL,NULL),(656,3,1,2,9,0,0,'WorkflowTransition',NULL,NULL),(657,3,1,3,9,0,0,'WorkflowTransition',NULL,NULL),(658,3,1,4,9,0,0,'WorkflowTransition',NULL,NULL),(659,3,1,5,9,0,0,'WorkflowTransition',NULL,NULL),(660,3,1,6,9,0,0,'WorkflowTransition',NULL,NULL),(661,3,2,1,9,0,0,'WorkflowTransition',NULL,NULL),(662,3,2,3,9,0,0,'WorkflowTransition',NULL,NULL),(663,3,2,4,9,0,0,'WorkflowTransition',NULL,NULL),(664,3,2,5,9,0,0,'WorkflowTransition',NULL,NULL),(665,3,2,6,9,0,0,'WorkflowTransition',NULL,NULL),(666,3,3,1,9,0,0,'WorkflowTransition',NULL,NULL),(667,3,3,2,9,0,0,'WorkflowTransition',NULL,NULL),(668,3,3,4,9,0,0,'WorkflowTransition',NULL,NULL),(669,3,3,5,9,0,0,'WorkflowTransition',NULL,NULL),(670,3,3,6,9,0,0,'WorkflowTransition',NULL,NULL),(671,3,4,1,9,0,0,'WorkflowTransition',NULL,NULL),(672,3,4,2,9,0,0,'WorkflowTransition',NULL,NULL),(673,3,4,3,9,0,0,'WorkflowTransition',NULL,NULL),(674,3,4,5,9,0,0,'WorkflowTransition',NULL,NULL),(675,3,4,6,9,0,0,'WorkflowTransition',NULL,NULL),(676,3,5,1,9,0,0,'WorkflowTransition',NULL,NULL),(677,3,5,2,9,0,0,'WorkflowTransition',NULL,NULL),(678,3,5,3,9,0,0,'WorkflowTransition',NULL,NULL),(679,3,5,4,9,0,0,'WorkflowTransition',NULL,NULL),(680,3,5,6,9,0,0,'WorkflowTransition',NULL,NULL),(681,3,6,1,9,0,0,'WorkflowTransition',NULL,NULL),(682,3,6,2,9,0,0,'WorkflowTransition',NULL,NULL),(683,3,6,3,9,0,0,'WorkflowTransition',NULL,NULL),(684,3,6,4,9,0,0,'WorkflowTransition',NULL,NULL),(685,3,6,5,9,0,0,'WorkflowTransition',NULL,NULL),(687,4,1,2,9,0,0,'WorkflowTransition',NULL,NULL),(688,4,1,3,9,0,0,'WorkflowTransition',NULL,NULL),(689,4,1,4,9,0,0,'WorkflowTransition',NULL,NULL),(690,4,1,5,9,0,0,'WorkflowTransition',NULL,NULL),(691,4,1,6,9,0,0,'WorkflowTransition',NULL,NULL),(692,4,2,1,9,0,0,'WorkflowTransition',NULL,NULL),(693,4,2,3,9,0,0,'WorkflowTransition',NULL,NULL),(694,4,2,4,9,0,0,'WorkflowTransition',NULL,NULL),(695,4,2,5,9,0,0,'WorkflowTransition',NULL,NULL),(696,4,2,6,9,0,0,'WorkflowTransition',NULL,NULL),(697,4,3,1,9,0,0,'WorkflowTransition',NULL,NULL),(698,4,3,2,9,0,0,'WorkflowTransition',NULL,NULL),(699,4,3,4,9,0,0,'WorkflowTransition',NULL,NULL),(700,4,3,5,9,0,0,'WorkflowTransition',NULL,NULL),(701,4,3,6,9,0,0,'WorkflowTransition',NULL,NULL),(702,4,4,1,9,0,0,'WorkflowTransition',NULL,NULL),(703,4,4,2,9,0,0,'WorkflowTransition',NULL,NULL),(704,4,4,3,9,0,0,'WorkflowTransition',NULL,NULL),(705,4,4,5,9,0,0,'WorkflowTransition',NULL,NULL),(706,4,4,6,9,0,0,'WorkflowTransition',NULL,NULL),(707,4,5,1,9,0,0,'WorkflowTransition',NULL,NULL),(708,4,5,2,9,0,0,'WorkflowTransition',NULL,NULL),(709,4,5,3,9,0,0,'WorkflowTransition',NULL,NULL),(710,4,5,4,9,0,0,'WorkflowTransition',NULL,NULL),(711,4,5,6,9,0,0,'WorkflowTransition',NULL,NULL),(712,4,6,1,9,0,0,'WorkflowTransition',NULL,NULL),(713,4,6,2,9,0,0,'WorkflowTransition',NULL,NULL),(714,4,6,3,9,0,0,'WorkflowTransition',NULL,NULL),(715,4,6,4,9,0,0,'WorkflowTransition',NULL,NULL),(716,4,6,5,9,0,0,'WorkflowTransition',NULL,NULL),(718,5,1,2,9,0,0,'WorkflowTransition',NULL,NULL),(719,5,1,3,9,0,0,'WorkflowTransition',NULL,NULL),(720,5,1,4,9,0,0,'WorkflowTransition',NULL,NULL),(721,5,1,5,9,0,0,'WorkflowTransition',NULL,NULL),(722,5,1,6,9,0,0,'WorkflowTransition',NULL,NULL),(723,5,2,1,9,0,0,'WorkflowTransition',NULL,NULL),(724,5,2,3,9,0,0,'WorkflowTransition',NULL,NULL),(725,5,2,4,9,0,0,'WorkflowTransition',NULL,NULL),(726,5,2,5,9,0,0,'WorkflowTransition',NULL,NULL),(727,5,2,6,9,0,0,'WorkflowTransition',NULL,NULL),(728,5,3,1,9,0,0,'WorkflowTransition',NULL,NULL),(729,5,3,2,9,0,0,'WorkflowTransition',NULL,NULL),(730,5,3,4,9,0,0,'WorkflowTransition',NULL,NULL),(731,5,3,5,9,0,0,'WorkflowTransition',NULL,NULL),(732,5,3,6,9,0,0,'WorkflowTransition',NULL,NULL),(733,5,4,1,9,0,0,'WorkflowTransition',NULL,NULL),(734,5,4,2,9,0,0,'WorkflowTransition',NULL,NULL),(735,5,4,3,9,0,0,'WorkflowTransition',NULL,NULL),(736,5,4,5,9,0,0,'WorkflowTransition',NULL,NULL),(737,5,4,6,9,0,0,'WorkflowTransition',NULL,NULL),(738,5,5,1,9,0,0,'WorkflowTransition',NULL,NULL),(739,5,5,2,9,0,0,'WorkflowTransition',NULL,NULL),(740,5,5,3,9,0,0,'WorkflowTransition',NULL,NULL),(741,5,5,4,9,0,0,'WorkflowTransition',NULL,NULL),(742,5,5,6,9,0,0,'WorkflowTransition',NULL,NULL),(743,5,6,1,9,0,0,'WorkflowTransition',NULL,NULL),(744,5,6,2,9,0,0,'WorkflowTransition',NULL,NULL),(745,5,6,3,9,0,0,'WorkflowTransition',NULL,NULL),(746,5,6,4,9,0,0,'WorkflowTransition',NULL,NULL),(747,5,6,5,9,0,0,'WorkflowTransition',NULL,NULL),(749,6,1,2,9,0,0,'WorkflowTransition',NULL,NULL),(750,6,1,3,9,0,0,'WorkflowTransition',NULL,NULL),(751,6,1,4,9,0,0,'WorkflowTransition',NULL,NULL),(752,6,1,5,9,0,0,'WorkflowTransition',NULL,NULL),(753,6,1,6,9,0,0,'WorkflowTransition',NULL,NULL),(754,6,2,1,9,0,0,'WorkflowTransition',NULL,NULL),(755,6,2,3,9,0,0,'WorkflowTransition',NULL,NULL),(756,6,2,4,9,0,0,'WorkflowTransition',NULL,NULL),(757,6,2,5,9,0,0,'WorkflowTransition',NULL,NULL),(758,6,2,6,9,0,0,'WorkflowTransition',NULL,NULL),(759,6,3,1,9,0,0,'WorkflowTransition',NULL,NULL),(760,6,3,2,9,0,0,'WorkflowTransition',NULL,NULL),(761,6,3,4,9,0,0,'WorkflowTransition',NULL,NULL),(762,6,3,5,9,0,0,'WorkflowTransition',NULL,NULL),(763,6,3,6,9,0,0,'WorkflowTransition',NULL,NULL),(764,6,4,1,9,0,0,'WorkflowTransition',NULL,NULL),(765,6,4,2,9,0,0,'WorkflowTransition',NULL,NULL),(766,6,4,3,9,0,0,'WorkflowTransition',NULL,NULL),(767,6,4,5,9,0,0,'WorkflowTransition',NULL,NULL),(768,6,4,6,9,0,0,'WorkflowTransition',NULL,NULL),(769,6,5,1,9,0,0,'WorkflowTransition',NULL,NULL),(770,6,5,2,9,0,0,'WorkflowTransition',NULL,NULL),(771,6,5,3,9,0,0,'WorkflowTransition',NULL,NULL),(772,6,5,4,9,0,0,'WorkflowTransition',NULL,NULL),(773,6,5,6,9,0,0,'WorkflowTransition',NULL,NULL),(774,6,6,1,9,0,0,'WorkflowTransition',NULL,NULL),(775,6,6,2,9,0,0,'WorkflowTransition',NULL,NULL),(776,6,6,3,9,0,0,'WorkflowTransition',NULL,NULL),(777,6,6,4,9,0,0,'WorkflowTransition',NULL,NULL),(778,6,6,5,9,0,0,'WorkflowTransition',NULL,NULL),(780,1,6,2,6,0,0,'WorkflowTransition',NULL,NULL),(783,1,2,9,4,0,0,'WorkflowTransition',NULL,NULL),(784,2,2,9,4,0,0,'WorkflowTransition',NULL,NULL),(785,3,2,9,4,0,0,'WorkflowTransition',NULL,NULL),(786,4,2,9,4,0,0,'WorkflowTransition',NULL,NULL),(787,5,2,9,4,0,0,'WorkflowTransition',NULL,NULL),(788,6,2,9,4,0,0,'WorkflowTransition',NULL,NULL),(789,1,9,4,4,0,0,'WorkflowTransition',NULL,NULL),(790,2,9,4,4,0,0,'WorkflowTransition',NULL,NULL),(791,3,9,4,4,0,0,'WorkflowTransition',NULL,NULL),(792,4,9,4,4,0,0,'WorkflowTransition',NULL,NULL),(793,5,9,4,4,0,0,'WorkflowTransition',NULL,NULL),(794,6,9,4,4,0,0,'WorkflowTransition',NULL,NULL),(795,1,9,10,4,0,0,'WorkflowTransition',NULL,NULL),(796,2,9,10,4,0,0,'WorkflowTransition',NULL,NULL),(797,3,9,10,4,0,0,'WorkflowTransition',NULL,NULL),(798,4,9,10,4,0,0,'WorkflowTransition',NULL,NULL),(799,5,9,10,4,0,0,'WorkflowTransition',NULL,NULL),(800,6,9,10,4,0,0,'WorkflowTransition',NULL,NULL),(801,1,10,2,4,0,0,'WorkflowTransition',NULL,NULL),(802,2,10,2,4,0,0,'WorkflowTransition',NULL,NULL),(803,3,10,2,4,0,0,'WorkflowTransition',NULL,NULL),(804,4,10,2,4,0,0,'WorkflowTransition',NULL,NULL),(805,5,10,2,4,0,0,'WorkflowTransition',NULL,NULL),(806,6,10,2,4,0,0,'WorkflowTransition',NULL,NULL),(807,1,10,3,4,0,0,'WorkflowTransition',NULL,NULL),(808,2,10,3,4,0,0,'WorkflowTransition',NULL,NULL),(809,3,10,3,4,0,0,'WorkflowTransition',NULL,NULL),(810,4,10,3,4,0,0,'WorkflowTransition',NULL,NULL),(811,5,10,3,4,0,0,'WorkflowTransition',NULL,NULL),(812,6,10,3,4,0,0,'WorkflowTransition',NULL,NULL),(813,1,10,4,4,0,0,'WorkflowTransition',NULL,NULL),(814,2,10,4,4,0,0,'WorkflowTransition',NULL,NULL),(815,3,10,4,4,0,0,'WorkflowTransition',NULL,NULL),(816,4,10,4,4,0,0,'WorkflowTransition',NULL,NULL),(817,5,10,4,4,0,0,'WorkflowTransition',NULL,NULL),(818,6,10,4,4,0,0,'WorkflowTransition',NULL,NULL),(819,1,10,5,4,0,0,'WorkflowTransition',NULL,NULL),(820,2,10,5,4,0,0,'WorkflowTransition',NULL,NULL),(821,3,10,5,4,0,0,'WorkflowTransition',NULL,NULL),(822,4,10,5,4,0,0,'WorkflowTransition',NULL,NULL),(823,5,10,5,4,0,0,'WorkflowTransition',NULL,NULL),(824,6,10,5,4,0,0,'WorkflowTransition',NULL,NULL),(825,1,10,7,4,0,0,'WorkflowTransition',NULL,NULL),(826,2,10,7,4,0,0,'WorkflowTransition',NULL,NULL),(827,3,10,7,4,0,0,'WorkflowTransition',NULL,NULL),(828,4,10,7,4,0,0,'WorkflowTransition',NULL,NULL),(829,5,10,7,4,0,0,'WorkflowTransition',NULL,NULL),(830,6,10,7,4,0,0,'WorkflowTransition',NULL,NULL),(831,1,1,2,6,0,0,'WorkflowTransition',NULL,NULL),(832,2,1,2,6,0,0,'WorkflowTransition',NULL,NULL),(833,3,1,2,6,0,0,'WorkflowTransition',NULL,NULL),(834,4,1,2,6,0,0,'WorkflowTransition',NULL,NULL),(835,5,1,2,6,0,0,'WorkflowTransition',NULL,NULL),(836,6,1,2,6,0,0,'WorkflowTransition',NULL,NULL),(852,1,3,2,8,0,0,'WorkflowTransition',NULL,NULL),(853,1,7,2,8,0,0,'WorkflowTransition',NULL,NULL),(854,1,7,4,8,0,0,'WorkflowTransition',NULL,NULL),(855,1,7,5,8,0,0,'WorkflowTransition',NULL,NULL),(856,2,3,2,8,0,0,'WorkflowTransition',NULL,NULL),(857,2,7,2,8,0,0,'WorkflowTransition',NULL,NULL),(858,2,7,3,8,0,0,'WorkflowTransition',NULL,NULL),(859,2,7,4,8,0,0,'WorkflowTransition',NULL,NULL),(860,2,7,5,8,0,0,'WorkflowTransition',NULL,NULL),(861,4,3,2,8,0,0,'WorkflowTransition',NULL,NULL),(862,4,7,2,8,0,0,'WorkflowTransition',NULL,NULL),(863,4,7,3,8,0,0,'WorkflowTransition',NULL,NULL),(864,4,7,4,8,0,0,'WorkflowTransition',NULL,NULL),(865,4,7,5,8,0,0,'WorkflowTransition',NULL,NULL),(866,3,3,2,8,0,0,'WorkflowTransition',NULL,NULL),(867,3,5,2,8,0,0,'WorkflowTransition',NULL,NULL),(868,3,7,2,8,0,0,'WorkflowTransition',NULL,NULL),(869,3,7,3,8,0,0,'WorkflowTransition',NULL,NULL),(870,3,7,4,8,0,0,'WorkflowTransition',NULL,NULL),(871,3,7,5,8,0,0,'WorkflowTransition',NULL,NULL),(872,6,3,2,8,0,0,'WorkflowTransition',NULL,NULL),(873,6,5,2,8,0,0,'WorkflowTransition',NULL,NULL),(874,6,7,2,8,0,0,'WorkflowTransition',NULL,NULL),(875,6,7,3,8,0,0,'WorkflowTransition',NULL,NULL),(876,6,7,4,8,0,0,'WorkflowTransition',NULL,NULL),(877,6,7,5,8,0,0,'WorkflowTransition',NULL,NULL),(878,1,7,8,6,0,0,'WorkflowTransition',NULL,NULL),(879,1,8,2,6,0,0,'WorkflowTransition',NULL,NULL),(880,1,8,3,6,0,0,'WorkflowTransition',NULL,NULL),(881,1,8,4,6,0,0,'WorkflowTransition',NULL,NULL),(882,1,8,5,6,0,0,'WorkflowTransition',NULL,NULL),(883,2,7,8,6,0,0,'WorkflowTransition',NULL,NULL),(884,2,8,2,6,0,0,'WorkflowTransition',NULL,NULL),(885,2,8,3,6,0,0,'WorkflowTransition',NULL,NULL),(886,2,8,4,6,0,0,'WorkflowTransition',NULL,NULL),(887,2,8,5,6,0,0,'WorkflowTransition',NULL,NULL),(888,3,7,8,6,0,0,'WorkflowTransition',NULL,NULL),(889,3,8,2,6,0,0,'WorkflowTransition',NULL,NULL),(890,3,8,3,6,0,0,'WorkflowTransition',NULL,NULL),(891,3,8,4,6,0,0,'WorkflowTransition',NULL,NULL),(892,3,8,5,6,0,0,'WorkflowTransition',NULL,NULL),(893,4,7,8,6,0,0,'WorkflowTransition',NULL,NULL),(894,4,8,2,6,0,0,'WorkflowTransition',NULL,NULL),(895,4,8,3,6,0,0,'WorkflowTransition',NULL,NULL),(896,4,8,4,6,0,0,'WorkflowTransition',NULL,NULL),(897,4,8,5,6,0,0,'WorkflowTransition',NULL,NULL),(898,6,7,8,6,0,0,'WorkflowTransition',NULL,NULL),(899,6,8,2,6,0,0,'WorkflowTransition',NULL,NULL),(900,6,8,3,6,0,0,'WorkflowTransition',NULL,NULL),(901,6,8,4,6,0,0,'WorkflowTransition',NULL,NULL),(902,6,8,5,6,0,0,'WorkflowTransition',NULL,NULL),(903,7,1,2,3,0,0,'WorkflowTransition',NULL,NULL),(904,7,1,3,3,0,0,'WorkflowTransition',NULL,NULL),(905,7,1,4,3,0,0,'WorkflowTransition',NULL,NULL),(906,7,1,5,3,0,0,'WorkflowTransition',NULL,NULL),(907,7,1,6,3,0,0,'WorkflowTransition',NULL,NULL),(908,7,2,1,3,0,0,'WorkflowTransition',NULL,NULL),(909,7,2,3,3,0,0,'WorkflowTransition',NULL,NULL),(910,7,2,4,3,0,0,'WorkflowTransition',NULL,NULL),(911,7,2,5,3,0,0,'WorkflowTransition',NULL,NULL),(912,7,2,6,3,0,0,'WorkflowTransition',NULL,NULL),(913,7,3,1,3,0,0,'WorkflowTransition',NULL,NULL),(914,7,3,2,3,0,0,'WorkflowTransition',NULL,NULL),(915,7,3,4,3,0,0,'WorkflowTransition',NULL,NULL),(916,7,3,5,3,0,0,'WorkflowTransition',NULL,NULL),(917,7,3,6,3,0,0,'WorkflowTransition',NULL,NULL),(918,7,4,1,3,0,0,'WorkflowTransition',NULL,NULL),(919,7,4,2,3,0,0,'WorkflowTransition',NULL,NULL),(920,7,4,3,3,0,0,'WorkflowTransition',NULL,NULL),(921,7,4,5,3,0,0,'WorkflowTransition',NULL,NULL),(922,7,4,6,3,0,0,'WorkflowTransition',NULL,NULL),(923,7,5,1,3,0,0,'WorkflowTransition',NULL,NULL),(924,7,5,2,3,0,0,'WorkflowTransition',NULL,NULL),(925,7,5,3,3,0,0,'WorkflowTransition',NULL,NULL),(926,7,5,4,3,0,0,'WorkflowTransition',NULL,NULL),(927,7,5,6,3,0,0,'WorkflowTransition',NULL,NULL),(928,7,6,1,3,0,0,'WorkflowTransition',NULL,NULL),(929,7,6,2,3,0,0,'WorkflowTransition',NULL,NULL),(930,7,6,3,3,0,0,'WorkflowTransition',NULL,NULL),(931,7,6,4,3,0,0,'WorkflowTransition',NULL,NULL),(932,7,6,5,3,0,0,'WorkflowTransition',NULL,NULL),(934,7,1,2,4,0,0,'WorkflowTransition',NULL,NULL),(935,7,2,3,4,0,0,'WorkflowTransition',NULL,NULL),(936,7,2,4,4,0,0,'WorkflowTransition',NULL,NULL),(937,7,2,6,4,0,0,'WorkflowTransition',NULL,NULL),(938,7,2,7,4,0,0,'WorkflowTransition',NULL,NULL),(939,7,2,9,4,0,0,'WorkflowTransition',NULL,NULL),(940,7,3,2,4,0,0,'WorkflowTransition',NULL,NULL),(941,7,3,4,4,0,0,'WorkflowTransition',NULL,NULL),(942,7,3,7,4,0,0,'WorkflowTransition',NULL,NULL),(943,7,4,2,4,0,0,'WorkflowTransition',NULL,NULL),(944,7,4,3,4,0,0,'WorkflowTransition',NULL,NULL),(945,7,7,2,4,0,0,'WorkflowTransition',NULL,NULL),(946,7,9,4,4,0,0,'WorkflowTransition',NULL,NULL),(947,7,9,10,4,0,0,'WorkflowTransition',NULL,NULL),(948,7,10,2,4,0,0,'WorkflowTransition',NULL,NULL),(949,7,10,3,4,0,0,'WorkflowTransition',NULL,NULL),(950,7,10,4,4,0,0,'WorkflowTransition',NULL,NULL),(951,7,10,5,4,0,0,'WorkflowTransition',NULL,NULL),(952,7,10,7,4,0,0,'WorkflowTransition',NULL,NULL),(965,7,1,5,5,0,0,'WorkflowTransition',NULL,NULL),(966,7,2,5,5,0,0,'WorkflowTransition',NULL,NULL),(967,7,3,5,5,0,0,'WorkflowTransition',NULL,NULL),(968,7,3,4,5,0,0,'WorkflowTransition',NULL,NULL),(969,7,4,5,5,0,0,'WorkflowTransition',NULL,NULL),(972,7,1,2,6,0,0,'WorkflowTransition',NULL,NULL),(973,7,2,5,6,0,0,'WorkflowTransition',NULL,NULL),(974,7,3,5,6,0,0,'WorkflowTransition',NULL,NULL),(975,7,3,4,6,0,0,'WorkflowTransition',NULL,NULL),(976,7,4,5,6,0,0,'WorkflowTransition',NULL,NULL),(977,7,7,8,6,0,0,'WorkflowTransition',NULL,NULL),(978,7,8,2,6,0,0,'WorkflowTransition',NULL,NULL),(979,7,8,3,6,0,0,'WorkflowTransition',NULL,NULL),(980,7,8,4,6,0,0,'WorkflowTransition',NULL,NULL),(981,7,8,5,6,0,0,'WorkflowTransition',NULL,NULL),(987,7,1,2,7,0,0,'WorkflowTransition',NULL,NULL),(988,7,1,3,7,0,0,'WorkflowTransition',NULL,NULL),(989,7,1,4,7,0,0,'WorkflowTransition',NULL,NULL),(990,7,1,5,7,0,0,'WorkflowTransition',NULL,NULL),(991,7,1,6,7,0,0,'WorkflowTransition',NULL,NULL),(992,7,2,1,7,0,0,'WorkflowTransition',NULL,NULL),(993,7,2,3,7,0,0,'WorkflowTransition',NULL,NULL),(994,7,2,4,7,0,0,'WorkflowTransition',NULL,NULL),(995,7,2,5,7,0,0,'WorkflowTransition',NULL,NULL),(996,7,2,6,7,0,0,'WorkflowTransition',NULL,NULL),(997,7,3,1,7,0,0,'WorkflowTransition',NULL,NULL),(998,7,3,2,7,0,0,'WorkflowTransition',NULL,NULL),(999,7,3,4,7,0,0,'WorkflowTransition',NULL,NULL),(1000,7,3,5,7,0,0,'WorkflowTransition',NULL,NULL),(1001,7,3,6,7,0,0,'WorkflowTransition',NULL,NULL),(1002,7,4,1,7,0,0,'WorkflowTransition',NULL,NULL),(1003,7,4,2,7,0,0,'WorkflowTransition',NULL,NULL),(1004,7,4,3,7,0,0,'WorkflowTransition',NULL,NULL),(1005,7,4,5,7,0,0,'WorkflowTransition',NULL,NULL),(1006,7,4,6,7,0,0,'WorkflowTransition',NULL,NULL),(1007,7,5,1,7,0,0,'WorkflowTransition',NULL,NULL),(1008,7,5,2,7,0,0,'WorkflowTransition',NULL,NULL),(1009,7,5,3,7,0,0,'WorkflowTransition',NULL,NULL),(1010,7,5,4,7,0,0,'WorkflowTransition',NULL,NULL),(1011,7,5,6,7,0,0,'WorkflowTransition',NULL,NULL),(1012,7,6,1,7,0,0,'WorkflowTransition',NULL,NULL),(1013,7,6,2,7,0,0,'WorkflowTransition',NULL,NULL),(1014,7,6,3,7,0,0,'WorkflowTransition',NULL,NULL),(1015,7,6,4,7,0,0,'WorkflowTransition',NULL,NULL),(1016,7,6,5,7,0,0,'WorkflowTransition',NULL,NULL),(1018,7,1,5,8,0,0,'WorkflowTransition',NULL,NULL),(1019,7,2,5,8,0,0,'WorkflowTransition',NULL,NULL),(1020,7,3,5,8,0,0,'WorkflowTransition',NULL,NULL),(1021,7,3,4,8,0,0,'WorkflowTransition',NULL,NULL),(1022,7,4,5,8,0,0,'WorkflowTransition',NULL,NULL),(1023,7,3,2,8,0,0,'WorkflowTransition',NULL,NULL),(1024,7,5,2,8,0,0,'WorkflowTransition',NULL,NULL),(1025,7,7,2,8,0,0,'WorkflowTransition',NULL,NULL),(1026,7,7,3,8,0,0,'WorkflowTransition',NULL,NULL),(1027,7,7,4,8,0,0,'WorkflowTransition',NULL,NULL),(1028,7,7,5,8,0,0,'WorkflowTransition',NULL,NULL),(1033,7,1,2,9,0,0,'WorkflowTransition',NULL,NULL),(1034,7,1,3,9,0,0,'WorkflowTransition',NULL,NULL),(1035,7,1,4,9,0,0,'WorkflowTransition',NULL,NULL),(1036,7,1,5,9,0,0,'WorkflowTransition',NULL,NULL),(1037,7,1,6,9,0,0,'WorkflowTransition',NULL,NULL),(1038,7,2,1,9,0,0,'WorkflowTransition',NULL,NULL),(1039,7,2,3,9,0,0,'WorkflowTransition',NULL,NULL),(1040,7,2,4,9,0,0,'WorkflowTransition',NULL,NULL),(1041,7,2,5,9,0,0,'WorkflowTransition',NULL,NULL),(1042,7,2,6,9,0,0,'WorkflowTransition',NULL,NULL),(1043,7,3,1,9,0,0,'WorkflowTransition',NULL,NULL),(1044,7,3,2,9,0,0,'WorkflowTransition',NULL,NULL),(1045,7,3,4,9,0,0,'WorkflowTransition',NULL,NULL),(1046,7,3,5,9,0,0,'WorkflowTransition',NULL,NULL),(1047,7,3,6,9,0,0,'WorkflowTransition',NULL,NULL),(1048,7,4,1,9,0,0,'WorkflowTransition',NULL,NULL),(1049,7,4,2,9,0,0,'WorkflowTransition',NULL,NULL),(1050,7,4,3,9,0,0,'WorkflowTransition',NULL,NULL),(1051,7,4,5,9,0,0,'WorkflowTransition',NULL,NULL),(1052,7,4,6,9,0,0,'WorkflowTransition',NULL,NULL),(1053,7,5,1,9,0,0,'WorkflowTransition',NULL,NULL),(1054,7,5,2,9,0,0,'WorkflowTransition',NULL,NULL),(1055,7,5,3,9,0,0,'WorkflowTransition',NULL,NULL),(1056,7,5,4,9,0,0,'WorkflowTransition',NULL,NULL),(1057,7,5,6,9,0,0,'WorkflowTransition',NULL,NULL),(1058,7,6,1,9,0,0,'WorkflowTransition',NULL,NULL),(1059,7,6,2,9,0,0,'WorkflowTransition',NULL,NULL),(1060,7,6,3,9,0,0,'WorkflowTransition',NULL,NULL),(1061,7,6,4,9,0,0,'WorkflowTransition',NULL,NULL),(1062,7,6,5,9,0,0,'WorkflowTransition',NULL,NULL),(1063,4,3,2,6,0,0,'WorkflowTransition',NULL,NULL),(1064,4,5,2,6,0,0,'WorkflowTransition',NULL,NULL),(1065,1,3,2,6,0,0,'WorkflowTransition',NULL,NULL),(1066,1,5,2,6,0,0,'WorkflowTransition',NULL,NULL);


